[INFO] fetching crate sioctl 0.0.2...
[INFO] documenting sioctl-0.0.2 against beta-2021-08-01 for beta-1.55-rustdoc-1
[INFO] extracting crate sioctl 0.0.2 into /workspace/builds/worker-7/source
[INFO] validating manifest of crates.io crate sioctl 0.0.2 on toolchain beta-2021-08-01
[INFO] running `Command { std: "/workspace/cargo-home/bin/cargo" "+beta-2021-08-01" "metadata" "--manifest-path" "Cargo.toml" "--no-deps", kill_on_drop: false }`
[INFO] started tweaking crates.io crate sioctl 0.0.2
[INFO] finished tweaking crates.io crate sioctl 0.0.2
[INFO] tweaked toml for crates.io crate sioctl 0.0.2 written to /workspace/builds/worker-7/source/Cargo.toml
[INFO] crate crates.io crate sioctl 0.0.2 already has a lockfile, it will not be regenerated
[INFO] running `Command { std: "/workspace/cargo-home/bin/cargo" "+beta-2021-08-01" "fetch" "--manifest-path" "Cargo.toml", kill_on_drop: false }`
[INFO] [stderr]     Blocking waiting for file lock on package cache
[INFO] [stderr]     Blocking waiting for file lock on package cache
[INFO] [stderr]  Downloading crates ...
[INFO] [stderr]   Downloaded sndio-sys v0.0.1
[INFO] running `Command { std: "docker" "create" "-v" "/var/lib/crater-agent-workspace/builds/worker-7/target:/opt/rustwide/target:rw,Z" "-v" "/var/lib/crater-agent-workspace/builds/worker-7/source:/opt/rustwide/workdir:ro,Z" "-v" "/var/lib/crater-agent-workspace/cargo-home:/opt/rustwide/cargo-home:ro,Z" "-v" "/var/lib/crater-agent-workspace/rustup-home:/opt/rustwide/rustup-home:ro,Z" "-e" "SOURCE_DIR=/opt/rustwide/workdir" "-e" "CARGO_TARGET_DIR=/opt/rustwide/target" "-e" "CARGO_HOME=/opt/rustwide/cargo-home" "-e" "RUSTUP_HOME=/opt/rustwide/rustup-home" "-w" "/opt/rustwide/workdir" "-m" "1610612736" "--user" "0:0" "--network" "none" "ghcr.io/rust-lang/crates-build-env/linux@sha256:34b6a614d2c27851fe6cbf88fbd1137609cefab8b10d0615aaeb6fd47975d74e" "/opt/rustwide/cargo-home/bin/cargo" "+beta-2021-08-01" "metadata" "--no-deps" "--format-version=1", kill_on_drop: false }`
[INFO] [stdout] 19bc46b106cf2d2fedd94e014da8224ce3842a0e3644997288c28f584c8b39f9
[INFO] running `Command { std: "docker" "start" "-a" "19bc46b106cf2d2fedd94e014da8224ce3842a0e3644997288c28f584c8b39f9", kill_on_drop: false }`
[INFO] running `Command { std: "docker" "inspect" "19bc46b106cf2d2fedd94e014da8224ce3842a0e3644997288c28f584c8b39f9", kill_on_drop: false }`
[INFO] running `Command { std: "docker" "rm" "-f" "19bc46b106cf2d2fedd94e014da8224ce3842a0e3644997288c28f584c8b39f9", kill_on_drop: false }`
[INFO] [stdout] 19bc46b106cf2d2fedd94e014da8224ce3842a0e3644997288c28f584c8b39f9
[INFO] running `Command { std: "docker" "create" "-v" "/var/lib/crater-agent-workspace/builds/worker-7/target:/opt/rustwide/target:rw,Z" "-v" "/var/lib/crater-agent-workspace/builds/worker-7/source:/opt/rustwide/workdir:ro,Z" "-v" "/var/lib/crater-agent-workspace/cargo-home:/opt/rustwide/cargo-home:ro,Z" "-v" "/var/lib/crater-agent-workspace/rustup-home:/opt/rustwide/rustup-home:ro,Z" "-e" "SOURCE_DIR=/opt/rustwide/workdir" "-e" "CARGO_TARGET_DIR=/opt/rustwide/target" "-e" "CARGO_INCREMENTAL=0" "-e" "RUST_BACKTRACE=full" "-e" "RUSTDOCFLAGS=--cap-lints=warn" "-e" "CARGO_HOME=/opt/rustwide/cargo-home" "-e" "RUSTUP_HOME=/opt/rustwide/rustup-home" "-w" "/opt/rustwide/workdir" "-m" "1610612736" "--user" "0:0" "--network" "none" "ghcr.io/rust-lang/crates-build-env/linux@sha256:34b6a614d2c27851fe6cbf88fbd1137609cefab8b10d0615aaeb6fd47975d74e" "/opt/rustwide/cargo-home/bin/cargo" "+beta-2021-08-01" "doc" "--frozen" "--no-deps" "--document-private-items" "--message-format=json", kill_on_drop: false }`
[INFO] [stdout] 87a24bc277cba0326d9cd4c476ac8e24da627bd0f59a58644b57fc94f9c91d81
[INFO] running `Command { std: "docker" "start" "-a" "87a24bc277cba0326d9cd4c476ac8e24da627bd0f59a58644b57fc94f9c91d81", kill_on_drop: false }`
[INFO] [stderr]    Compiling libc v0.2.69
[INFO] [stderr]    Compiling cc v1.0.50
[INFO] [stderr]    Compiling lazy_static v1.4.0
[INFO] [stderr]    Compiling log v0.4.8
[INFO] [stderr]    Compiling proc-macro2 v1.0.10
[INFO] [stderr]    Compiling regex-syntax v0.6.17
[INFO] [stderr]    Compiling quick-error v1.2.3
[INFO] [stderr]    Compiling unicode-width v0.1.7
[INFO] [stderr]    Compiling ansi_term v0.11.0
[INFO] [stderr]    Compiling strsim v0.8.0
[INFO] [stderr]    Compiling bindgen v0.53.2
[INFO] [stderr]    Compiling vec_map v0.8.1
[INFO] [stderr]    Compiling termcolor v1.1.0
[INFO] [stderr]    Compiling rustc-hash v1.1.0
[INFO] [stderr]    Compiling shlex v0.1.1
[INFO] [stderr]    Compiling lazycell v1.2.1
[INFO] [stderr]    Compiling peeking_take_while v0.1.2
[INFO] [stderr]    Compiling nix v0.17.0
[INFO] [stderr]     Checking void v1.0.2
[INFO] [stderr]    Compiling clang-sys v0.29.3
[INFO] [stderr]    Compiling nom v5.1.1
[INFO] [stderr]    Compiling memchr v2.3.3
[INFO] [stderr]    Compiling humantime v1.3.0
[INFO] [stderr]    Compiling textwrap v0.11.0
[INFO] [stderr]    Compiling thread_local v1.0.1
[INFO] [stderr]    Compiling aho-corasick v0.7.10
[INFO] [stderr]    Compiling quote v1.0.3
[INFO] [stderr]    Compiling libloading v0.5.2
[INFO] [stderr]    Compiling atty v0.2.14
[INFO] [stderr]    Compiling which v3.1.1
[INFO] [stderr]    Compiling regex v1.3.7
[INFO] [stderr]    Compiling clap v2.33.0
[INFO] [stderr]    Compiling cexpr v0.4.0
[INFO] [stderr]    Compiling env_logger v0.7.1
[INFO] [stderr]    Compiling sndio-sys v0.0.1
[INFO] [stderr]  Documenting sioctl v0.0.2 (/opt/rustwide/workdir)
[INFO] [stdout] error[E0412]: cannot find type `sioctl_hdl` in this scope
[INFO] [stdout]   --> src/lib.rs:77:20
[INFO] [stdout]    |
[INFO] [stdout] 77 | struct Handle(*mut sioctl_hdl);
[INFO] [stdout]    |                    ^^^^^^^^^^ help: a struct with a similar name exists: `sio_hdl`
[INFO] [stdout]    | 
[INFO] [stdout]   ::: /opt/rustwide/target/debug/build/sndio-sys-be3844d98110499a/out/bindings.rs:3:39126
[INFO] [stdout]    |
[INFO] [stdout] 3  | ... derive ( Debug , Copy , Clone ) ] pub struct sio_hdl { _unused : [ u8 ; 0 ] , } # [ repr ( C ) ] # [ derive ( Debug , Copy , Clone ) ...
[INFO] [stdout]    |                                       ------------------ similarly named struct `sio_hdl` defined here
[INFO] [stdout] 
[INFO] [stdout] 
[INFO] [stdout] error[E0412]: cannot find type `sioctl_hdl` in this scope
[INFO] [stdout]   --> src/lib.rs:82:30
[INFO] [stdout]    |
[INFO] [stdout] 82 |     fn as_ptr(&self) -> *mut sioctl_hdl {
[INFO] [stdout]    |                              ^^^^^^^^^^ help: a struct with a similar name exists: `sio_hdl`
[INFO] [stdout]    | 
[INFO] [stdout]   ::: /opt/rustwide/target/debug/build/sndio-sys-be3844d98110499a/out/bindings.rs:3:39126
[INFO] [stdout]    |
[INFO] [stdout] 3  | ... derive ( Debug , Copy , Clone ) ] pub struct sio_hdl { _unused : [ u8 ; 0 ] , } # [ repr ( C ) ] # [ derive ( Debug , Copy , Clone ) ...
[INFO] [stdout]    |                                       ------------------ similarly named struct `sio_hdl` defined here
[INFO] [stdout] 
[INFO] [stdout] 
[INFO] [stdout] error[E0412]: cannot find type `sioctl_desc` in this scope
[INFO] [stdout]    --> src/lib.rs:327:51
[INFO] [stdout]     |
[INFO] [stdout] 327 | extern "C" fn ondesc(ptr: *mut c_void, desc: *mut sioctl_desc, value: c_int) {
[INFO] [stdout]     |                                                   ^^^^^^^^^^^ not found in this scope
[INFO] [stdout] 
[INFO] [stdout] 
[INFO] [stdout] error: Compilation failed, aborting rustdoc
[INFO] [stdout] 
[INFO] [stdout] 
[INFO] [stdout] error: aborting due to 4 previous errors
[INFO] [stdout] 
[INFO] [stdout] 
[INFO] [stdout] For more information about this error, try `rustc --explain E0412`.
[INFO] [stdout] 
[INFO] [stderr] error: could not document `sioctl`
[INFO] [stderr] 
[INFO] [stderr] Caused by:
[INFO] [stderr]   process didn't exit successfully: `rustdoc --edition=2018 --crate-type lib --crate-name sioctl src/lib.rs -o /opt/rustwide/target/doc --error-format=json --json=diagnostic-rendered-ansi --document-private-items -L dependency=/opt/rustwide/target/debug/deps --extern libc=/opt/rustwide/target/debug/deps/liblibc-939ac767ee46819f.rmeta --extern nix=/opt/rustwide/target/debug/deps/libnix-61c7df7cb6a47ea2.rmeta --extern sndio_sys=/opt/rustwide/target/debug/deps/libsndio_sys-51bc5ca5d387646a.rmeta --cap-lints=warn --crate-version 0.0.2` (exit status: 1)
[INFO] running `Command { std: "docker" "inspect" "87a24bc277cba0326d9cd4c476ac8e24da627bd0f59a58644b57fc94f9c91d81", kill_on_drop: false }`
[INFO] running `Command { std: "docker" "rm" "-f" "87a24bc277cba0326d9cd4c476ac8e24da627bd0f59a58644b57fc94f9c91d81", kill_on_drop: false }`
[INFO] [stdout] 87a24bc277cba0326d9cd4c476ac8e24da627bd0f59a58644b57fc94f9c91d81
