[INFO] fetching crate sapp-windows 0.2.18...
[INFO] documenting sapp-windows-0.2.18 against 1.54.0 for beta-1.55-rustdoc-1
[INFO] extracting crate sapp-windows 0.2.18 into /workspace/builds/worker-4/source
[INFO] validating manifest of crates.io crate sapp-windows 0.2.18 on toolchain 1.54.0
[INFO] running `Command { std: "/workspace/cargo-home/bin/cargo" "+1.54.0" "metadata" "--manifest-path" "Cargo.toml" "--no-deps", kill_on_drop: false }`
[INFO] started tweaking crates.io crate sapp-windows 0.2.18
[INFO] finished tweaking crates.io crate sapp-windows 0.2.18
[INFO] tweaked toml for crates.io crate sapp-windows 0.2.18 written to /workspace/builds/worker-4/source/Cargo.toml
[INFO] running `Command { std: "/workspace/cargo-home/bin/cargo" "+1.54.0" "generate-lockfile" "--manifest-path" "Cargo.toml" "-Zno-index-update", kill_on_drop: false }`
[INFO] [stderr]     Blocking waiting for file lock on package cache
[INFO] running `Command { std: "/workspace/cargo-home/bin/cargo" "+1.54.0" "fetch" "--manifest-path" "Cargo.toml", kill_on_drop: false }`
[INFO] running `Command { std: "docker" "create" "-v" "/var/lib/crater-agent-workspace/builds/worker-4/target:/opt/rustwide/target:rw,Z" "-v" "/var/lib/crater-agent-workspace/builds/worker-4/source:/opt/rustwide/workdir:ro,Z" "-v" "/var/lib/crater-agent-workspace/cargo-home:/opt/rustwide/cargo-home:ro,Z" "-v" "/var/lib/crater-agent-workspace/rustup-home:/opt/rustwide/rustup-home:ro,Z" "-e" "SOURCE_DIR=/opt/rustwide/workdir" "-e" "CARGO_TARGET_DIR=/opt/rustwide/target" "-e" "CARGO_HOME=/opt/rustwide/cargo-home" "-e" "RUSTUP_HOME=/opt/rustwide/rustup-home" "-w" "/opt/rustwide/workdir" "-m" "1610612736" "--user" "0:0" "--network" "none" "ghcr.io/rust-lang/crates-build-env/linux@sha256:34b6a614d2c27851fe6cbf88fbd1137609cefab8b10d0615aaeb6fd47975d74e" "/opt/rustwide/cargo-home/bin/cargo" "+1.54.0" "metadata" "--no-deps" "--format-version=1", kill_on_drop: false }`
[INFO] [stdout] 4a7aa7432fea43eacf8a6f9e0aaf5ce41a0f5e1cd2cf20ccc8ccfc054fbf4cc9
[INFO] [stderr] WARNING: Your kernel does not support swap limit capabilities or the cgroup is not mounted. Memory limited without swap.
[INFO] running `Command { std: "docker" "start" "-a" "4a7aa7432fea43eacf8a6f9e0aaf5ce41a0f5e1cd2cf20ccc8ccfc054fbf4cc9", kill_on_drop: false }`
[INFO] running `Command { std: "docker" "inspect" "4a7aa7432fea43eacf8a6f9e0aaf5ce41a0f5e1cd2cf20ccc8ccfc054fbf4cc9", kill_on_drop: false }`
[INFO] running `Command { std: "docker" "rm" "-f" "4a7aa7432fea43eacf8a6f9e0aaf5ce41a0f5e1cd2cf20ccc8ccfc054fbf4cc9", kill_on_drop: false }`
[INFO] [stdout] 4a7aa7432fea43eacf8a6f9e0aaf5ce41a0f5e1cd2cf20ccc8ccfc054fbf4cc9
[INFO] running `Command { std: "docker" "create" "-v" "/var/lib/crater-agent-workspace/builds/worker-4/target:/opt/rustwide/target:rw,Z" "-v" "/var/lib/crater-agent-workspace/builds/worker-4/source:/opt/rustwide/workdir:ro,Z" "-v" "/var/lib/crater-agent-workspace/cargo-home:/opt/rustwide/cargo-home:ro,Z" "-v" "/var/lib/crater-agent-workspace/rustup-home:/opt/rustwide/rustup-home:ro,Z" "-e" "SOURCE_DIR=/opt/rustwide/workdir" "-e" "CARGO_TARGET_DIR=/opt/rustwide/target" "-e" "CARGO_INCREMENTAL=0" "-e" "RUST_BACKTRACE=full" "-e" "RUSTDOCFLAGS=--cap-lints=warn" "-e" "CARGO_HOME=/opt/rustwide/cargo-home" "-e" "RUSTUP_HOME=/opt/rustwide/rustup-home" "-w" "/opt/rustwide/workdir" "-m" "1610612736" "--user" "0:0" "--network" "none" "ghcr.io/rust-lang/crates-build-env/linux@sha256:34b6a614d2c27851fe6cbf88fbd1137609cefab8b10d0615aaeb6fd47975d74e" "/opt/rustwide/cargo-home/bin/cargo" "+1.54.0" "doc" "--frozen" "--no-deps" "--document-private-items" "--message-format=json", kill_on_drop: false }`
[INFO] [stdout] 21f5b9db14ba180ff6613dda6e7b041a43a03e34183c5d243c4ad7efdba56470
[INFO] [stderr] WARNING: Your kernel does not support swap limit capabilities or the cgroup is not mounted. Memory limited without swap.
[INFO] running `Command { std: "docker" "start" "-a" "21f5b9db14ba180ff6613dda6e7b041a43a03e34183c5d243c4ad7efdba56470", kill_on_drop: false }`
[INFO] [stderr]    Compiling winapi v0.3.9
[INFO] [stderr]  Documenting sapp-windows v0.2.18 (/opt/rustwide/workdir)
[INFO] [stdout] error[E0433]: failed to resolve: could not find `um` in `winapi`
[INFO] [stdout]  --> src/clipboard.rs:1:13
[INFO] [stdout]   |
[INFO] [stdout] 1 | use winapi::um::winbase::{GlobalAlloc, GlobalLock, GlobalSize, GlobalUnlock, GMEM_MOVEABLE};
[INFO] [stdout]   |             ^^ could not find `um` in `winapi`
[INFO] [stdout] 
[INFO] [stdout] 
[INFO] [stdout] error[E0433]: failed to resolve: could not find `um` in `winapi`
[INFO] [stdout]  --> src/clipboard.rs:2:13
[INFO] [stdout]   |
[INFO] [stdout] 2 | use winapi::um::winuser::CF_UNICODETEXT;
[INFO] [stdout]   |             ^^ could not find `um` in `winapi`
[INFO] [stdout] 
[INFO] [stdout] 
[INFO] [stdout] error[E0433]: failed to resolve: could not find `um` in `winapi`
[INFO] [stdout]  --> src/clipboard.rs:3:13
[INFO] [stdout]   |
[INFO] [stdout] 3 | use winapi::um::winuser::{
[INFO] [stdout]   |             ^^ could not find `um` in `winapi`
[INFO] [stdout] 
[INFO] [stdout] 
[INFO] [stdout] error[E0433]: failed to resolve: could not find `shared` in `winapi`
[INFO] [stdout]   --> src/lib.rs:11:5
[INFO] [stdout]    |
[INFO] [stdout] 11 |     shared::{
[INFO] [stdout]    |     ^^^^^^ could not find `shared` in `winapi`
[INFO] [stdout] 
[INFO] [stdout] 
[INFO] [stdout] error[E0433]: failed to resolve: could not find `um` in `winapi`
[INFO] [stdout]   --> src/lib.rs:18:5
[INFO] [stdout]    |
[INFO] [stdout] 18 |     um::{
[INFO] [stdout]    |     ^^ could not find `um` in `winapi`
[INFO] [stdout] 
[INFO] [stdout] 
[INFO] [stdout] error[E0432]: unresolved import `super::GetProcAddress`
[INFO] [stdout]  --> src/gl.rs:1:13
[INFO] [stdout]   |
[INFO] [stdout] 1 | use super::{GetProcAddress, _sapp_opengl32, _sapp_wglGetProcAddress};
[INFO] [stdout]   |             ^^^^^^^^^^^^^^ no `GetProcAddress` in the root
[INFO] [stdout] 
[INFO] [stdout] 
[INFO] [stdout] error[E0412]: cannot find type `HWND` in this scope
[INFO] [stdout]    --> src/lib.rs:324:30
[INFO] [stdout]     |
[INFO] [stdout] 324 | static mut _sapp_win32_hwnd: HWND = std::ptr::null_mut();
[INFO] [stdout]     |                              ^^^^ not found in this scope
[INFO] [stdout] 
[INFO] [stdout] 
[INFO] [stdout] error[E0412]: cannot find type `HDC` in this scope
[INFO] [stdout]    --> src/lib.rs:325:28
[INFO] [stdout]     |
[INFO] [stdout] 325 | static mut _sapp_win32_dc: HDC = std::ptr::null_mut();
[INFO] [stdout]     |                            ^^^ not found in this scope
[INFO] [stdout] 
[INFO] [stdout] 
[INFO] [stdout] error[E0412]: cannot find type `HINSTANCE` in this scope
[INFO] [stdout]    --> src/lib.rs:327:28
[INFO] [stdout]     |
[INFO] [stdout] 327 | static mut _sapp_opengl32: HINSTANCE = std::ptr::null_mut();
[INFO] [stdout]     |                            ^^^^^^^^^ not found in this scope
[INFO] [stdout] 
[INFO] [stdout] 
[INFO] [stdout] error[E0412]: cannot find type `HGLRC` in this scope
[INFO] [stdout]    --> src/lib.rs:328:26
[INFO] [stdout]     |
[INFO] [stdout] 328 | static mut _sapp_gl_ctx: HGLRC = std::ptr::null_mut();
[INFO] [stdout]     |                          ^^^^^ not found in this scope
[INFO] [stdout] 
[INFO] [stdout] 
[INFO] [stdout] error[E0412]: cannot find type `HWND` in this scope
[INFO] [stdout]    --> src/lib.rs:329:34
[INFO] [stdout]     |
[INFO] [stdout] 329 | static mut _sapp_win32_msg_hwnd: HWND = std::ptr::null_mut();
[INFO] [stdout]     |                                  ^^^^ not found in this scope
[INFO] [stdout] 
[INFO] [stdout] 
[INFO] [stdout] error[E0412]: cannot find type `HDC` in this scope
[INFO] [stdout]    --> src/lib.rs:330:32
[INFO] [stdout]     |
[INFO] [stdout] 330 | static mut _sapp_win32_msg_dc: HDC = std::ptr::null_mut();
[INFO] [stdout]     |                                ^^^ not found in this scope
[INFO] [stdout] 
[INFO] [stdout] 
[INFO] [stdout] error[E0412]: cannot find type `HCURSOR` in this scope
[INFO] [stdout]    --> src/lib.rs:331:26
[INFO] [stdout]     |
[INFO] [stdout] 331 | static mut _sapp_cursor: HCURSOR = std::ptr::null_mut();
[INFO] [stdout]     |                          ^^^^^^^ not found in this scope
[INFO] [stdout] 
[INFO] [stdout] 
[INFO] [stdout] error[E0412]: cannot find type `PROCESS_DPI_AWARENESS` in this scope
[INFO] [stdout]    --> src/lib.rs:340:27
[INFO] [stdout]     |
[INFO] [stdout] 340 |     extern "system" fn(_: PROCESS_DPI_AWARENESS) -> HRESULT,
[INFO] [stdout]     |                           ^^^^^^^^^^^^^^^^^^^^^ not found in this scope
[INFO] [stdout] 
[INFO] [stdout] 
[INFO] [stdout] error[E0412]: cannot find type `HRESULT` in this scope
[INFO] [stdout]    --> src/lib.rs:340:53
[INFO] [stdout]     |
[INFO] [stdout] 340 |     extern "system" fn(_: PROCESS_DPI_AWARENESS) -> HRESULT,
[INFO] [stdout]     |                                                     ^^^^^^^ not found in this scope
[INFO] [stdout] 
[INFO] [stdout] 
[INFO] [stdout] error[E0412]: cannot find type `HMONITOR` in this scope
[INFO] [stdout]    --> src/lib.rs:343:27
[INFO] [stdout]     |
[INFO] [stdout] 343 |     extern "system" fn(_: HMONITOR, _: MONITOR_DPI_TYPE, _: *mut UINT, _: *mut UINT) -> HRESULT,
[INFO] [stdout]     |                           ^^^^^^^^ not found in this scope
[INFO] [stdout] 
[INFO] [stdout] 
[INFO] [stdout] error[E0412]: cannot find type `MONITOR_DPI_TYPE` in this scope
[INFO] [stdout]    --> src/lib.rs:343:40
[INFO] [stdout]     |
[INFO] [stdout] 343 |     extern "system" fn(_: HMONITOR, _: MONITOR_DPI_TYPE, _: *mut UINT, _: *mut UINT) -> HRESULT,
[INFO] [stdout]     |                                        ^^^^^^^^^^^^^^^^ not found in this scope
[INFO] [stdout] 
[INFO] [stdout] 
[INFO] [stdout] error[E0412]: cannot find type `UINT` in this scope
[INFO] [stdout]    --> src/lib.rs:343:66
[INFO] [stdout]     |
[INFO] [stdout] 343 |     extern "system" fn(_: HMONITOR, _: MONITOR_DPI_TYPE, _: *mut UINT, _: *mut UINT) -> HRESULT,
[INFO] [stdout]     |                                                                  ^^^^ not found in this scope
[INFO] [stdout] 
[INFO] [stdout] 
[INFO] [stdout] error[E0412]: cannot find type `UINT` in this scope
[INFO] [stdout]    --> src/lib.rs:343:80
[INFO] [stdout]     |
[INFO] [stdout] 343 |     extern "system" fn(_: HMONITOR, _: MONITOR_DPI_TYPE, _: *mut UINT, _: *mut UINT) -> HRESULT,
[INFO] [stdout]     |                                                                                ^^^^ not found in this scope
[INFO] [stdout] 
[INFO] [stdout] 
[INFO] [stdout] error[E0412]: cannot find type `HRESULT` in this scope
[INFO] [stdout]    --> src/lib.rs:343:89
[INFO] [stdout]     |
[INFO] [stdout] 343 |     extern "system" fn(_: HMONITOR, _: MONITOR_DPI_TYPE, _: *mut UINT, _: *mut UINT) -> HRESULT,
[INFO] [stdout]     |                                                                                         ^^^^^^^ not found in this scope
[INFO] [stdout] 
[INFO] [stdout] 
[INFO] [stdout] error[E0412]: cannot find type `HDC` in this scope
[INFO] [stdout]    --> src/lib.rs:345:65
[INFO] [stdout]     |
[INFO] [stdout] 345 | static mut _sapp_wglCreateContext: Option<extern "system" fn(_: HDC) -> HGLRC> = None;
[INFO] [stdout]     |                                                                 ^^^ not found in this scope
[INFO] [stdout] 
[INFO] [stdout] 
[INFO] [stdout] error[E0412]: cannot find type `HGLRC` in this scope
[INFO] [stdout]    --> src/lib.rs:345:73
[INFO] [stdout]     |
[INFO] [stdout] 345 | static mut _sapp_wglCreateContext: Option<extern "system" fn(_: HDC) -> HGLRC> = None;
[INFO] [stdout]     |                                                                         ^^^^^ not found in this scope
[INFO] [stdout] 
[INFO] [stdout] 
[INFO] [stdout] error[E0412]: cannot find type `HGLRC` in this scope
[INFO] [stdout]    --> src/lib.rs:346:65
[INFO] [stdout]     |
[INFO] [stdout] 346 | static mut _sapp_wglDeleteContext: Option<extern "system" fn(_: HGLRC) -> bool> = None;
[INFO] [stdout]     |                                                                 ^^^^^ not found in this scope
[INFO] [stdout] 
[INFO] [stdout] 
[INFO] [stdout] error[E0412]: cannot find type `LPCSTR` in this scope
[INFO] [stdout]    --> src/lib.rs:347:66
[INFO] [stdout]     |
[INFO] [stdout] 347 | static mut _sapp_wglGetProcAddress: Option<extern "system" fn(_: LPCSTR) -> PROC> = None;
[INFO] [stdout]     |                                                                  ^^^^^^ not found in this scope
[INFO] [stdout] 
[INFO] [stdout] 
[INFO] [stdout] error[E0412]: cannot find type `PROC` in this scope
[INFO] [stdout]    --> src/lib.rs:347:77
[INFO] [stdout]     |
[INFO] [stdout] 347 | static mut _sapp_wglGetProcAddress: Option<extern "system" fn(_: LPCSTR) -> PROC> = None;
[INFO] [stdout]     |                                                                             ^^^^ not found in this scope
[INFO] [stdout] 
[INFO] [stdout] 
[INFO] [stdout] error[E0412]: cannot find type `HDC` in this scope
[INFO] [stdout]    --> src/lib.rs:348:66
[INFO] [stdout]     |
[INFO] [stdout] 348 | static mut _sapp_wglGetCurrentDC: Option<extern "system" fn() -> HDC> = None;
[INFO] [stdout]     |                                                                  ^^^ not found in this scope
[INFO] [stdout] 
[INFO] [stdout] 
[INFO] [stdout] error[E0412]: cannot find type `HDC` in this scope
[INFO] [stdout]    --> src/lib.rs:349:63
[INFO] [stdout]     |
[INFO] [stdout] 349 | static mut _sapp_wglMakeCurrent: Option<extern "system" fn(_: HDC, _: HGLRC) -> bool> = None;
[INFO] [stdout]     |                                                               ^^^ not found in this scope
[INFO] [stdout] 
[INFO] [stdout] 
[INFO] [stdout] error[E0412]: cannot find type `HGLRC` in this scope
[INFO] [stdout]    --> src/lib.rs:349:71
[INFO] [stdout]     |
[INFO] [stdout] 349 | static mut _sapp_wglMakeCurrent: Option<extern "system" fn(_: HDC, _: HGLRC) -> bool> = None;
[INFO] [stdout]     |                                                                       ^^^^^ not found in this scope
[INFO] [stdout] 
[INFO] [stdout] 
[INFO] [stdout] error[E0412]: cannot find type `HDC` in this scope
[INFO] [stdout]    --> src/lib.rs:352:27
[INFO] [stdout]     |
[INFO] [stdout] 352 |     extern "system" fn(_: HDC, _: INT, _: INT, _: UINT, _: *const INT, _: *mut INT) -> bool,
[INFO] [stdout]     |                           ^^^ not found in this scope
[INFO] [stdout] 
[INFO] [stdout] 
[INFO] [stdout] error[E0412]: cannot find type `INT` in this scope
[INFO] [stdout]    --> src/lib.rs:352:35
[INFO] [stdout]     |
[INFO] [stdout] 352 |     extern "system" fn(_: HDC, _: INT, _: INT, _: UINT, _: *const INT, _: *mut INT) -> bool,
[INFO] [stdout]     |                                   ^^^ not found in this scope
[INFO] [stdout] 
[INFO] [stdout] 
[INFO] [stdout] error[E0412]: cannot find type `INT` in this scope
[INFO] [stdout]    --> src/lib.rs:352:43
[INFO] [stdout]     |
[INFO] [stdout] 352 |     extern "system" fn(_: HDC, _: INT, _: INT, _: UINT, _: *const INT, _: *mut INT) -> bool,
[INFO] [stdout]     |                                           ^^^ not found in this scope
[INFO] [stdout] 
[INFO] [stdout] 
[INFO] [stdout] error[E0412]: cannot find type `UINT` in this scope
[INFO] [stdout]    --> src/lib.rs:352:51
[INFO] [stdout]     |
[INFO] [stdout] 352 |     extern "system" fn(_: HDC, _: INT, _: INT, _: UINT, _: *const INT, _: *mut INT) -> bool,
[INFO] [stdout]     |                                                   ^^^^ not found in this scope
[INFO] [stdout] 
[INFO] [stdout] 
[INFO] [stdout] error[E0412]: cannot find type `INT` in this scope
[INFO] [stdout]    --> src/lib.rs:352:67
[INFO] [stdout]     |
[INFO] [stdout] 352 |     extern "system" fn(_: HDC, _: INT, _: INT, _: UINT, _: *const INT, _: *mut INT) -> bool,
[INFO] [stdout]     |                                                                   ^^^ not found in this scope
[INFO] [stdout] 
[INFO] [stdout] 
[INFO] [stdout] error[E0412]: cannot find type `INT` in this scope
[INFO] [stdout]    --> src/lib.rs:352:80
[INFO] [stdout]     |
[INFO] [stdout] 352 |     extern "system" fn(_: HDC, _: INT, _: INT, _: UINT, _: *const INT, _: *mut INT) -> bool,
[INFO] [stdout]     |                                                                                ^^^ not found in this scope
[INFO] [stdout] 
[INFO] [stdout] 
[INFO] [stdout] error[E0412]: cannot find type `HDC` in this scope
[INFO] [stdout]    --> src/lib.rs:355:71
[INFO] [stdout]     |
[INFO] [stdout] 355 | static mut _sapp_GetExtensionsStringARB: Option<extern "system" fn(_: HDC) -> *const i8> = None;
[INFO] [stdout]     |                                                                       ^^^ not found in this scope
[INFO] [stdout] 
[INFO] [stdout] 
[INFO] [stdout] error[E0412]: cannot find type `HDC` in this scope
[INFO] [stdout]    --> src/lib.rs:357:27
[INFO] [stdout]     |
[INFO] [stdout] 357 |     extern "system" fn(_: HDC, _: HGLRC, _: *const INT) -> HGLRC,
[INFO] [stdout]     |                           ^^^ not found in this scope
[INFO] [stdout] 
[INFO] [stdout] 
[INFO] [stdout] error[E0412]: cannot find type `HGLRC` in this scope
[INFO] [stdout]    --> src/lib.rs:357:35
[INFO] [stdout]     |
[INFO] [stdout] 357 |     extern "system" fn(_: HDC, _: HGLRC, _: *const INT) -> HGLRC,
[INFO] [stdout]     |                                   ^^^^^ not found in this scope
[INFO] [stdout] 
[INFO] [stdout] 
[INFO] [stdout] error[E0412]: cannot find type `INT` in this scope
[INFO] [stdout]    --> src/lib.rs:357:52
[INFO] [stdout]     |
[INFO] [stdout] 357 |     extern "system" fn(_: HDC, _: HGLRC, _: *const INT) -> HGLRC,
[INFO] [stdout]     |                                                    ^^^ not found in this scope
[INFO] [stdout] 
[INFO] [stdout] 
[INFO] [stdout] error[E0412]: cannot find type `HGLRC` in this scope
[INFO] [stdout]    --> src/lib.rs:357:60
[INFO] [stdout]     |
[INFO] [stdout] 357 |     extern "system" fn(_: HDC, _: HGLRC, _: *const INT) -> HGLRC,
[INFO] [stdout]     |                                                            ^^^^^ not found in this scope
[INFO] [stdout] 
[INFO] [stdout] 
[INFO] [stdout] error[E0412]: cannot find type `INT` in this scope
[INFO] [stdout]    --> src/lib.rs:359:64
[INFO] [stdout]     |
[INFO] [stdout] 359 | static mut _sapp_SwapIntervalEXT: Option<extern "system" fn(_: INT) -> bool> = None;
[INFO] [stdout]     |                                                                ^^^ not found in this scope
[INFO] [stdout] 
[INFO] [stdout] 
[INFO] [stdout] error[E0412]: cannot find type `HWND` in this scope
[INFO] [stdout]    --> src/lib.rs:718:34
[INFO] [stdout]     |
[INFO] [stdout] 718 | unsafe fn update_clip_rect(hWnd: HWND) {
[INFO] [stdout]     |                                  ^^^^ not found in this scope
[INFO] [stdout] 
[INFO] [stdout] 
[INFO] [stdout] error[E0412]: cannot find type `HWND` in this scope
[INFO] [stdout]    --> src/lib.rs:747:11
[INFO] [stdout]     |
[INFO] [stdout] 747 |     hWnd: HWND,
[INFO] [stdout]     |           ^^^^ not found in this scope
[INFO] [stdout] 
[INFO] [stdout] 
[INFO] [stdout] error[E0412]: cannot find type `UINT` in this scope
[INFO] [stdout]    --> src/lib.rs:748:11
[INFO] [stdout]     |
[INFO] [stdout] 748 |     uMsg: UINT,
[INFO] [stdout]     |           ^^^^ not found in this scope
[INFO] [stdout] 
[INFO] [stdout] 
[INFO] [stdout] error[E0412]: cannot find type `WPARAM` in this scope
[INFO] [stdout]    --> src/lib.rs:749:13
[INFO] [stdout]     |
[INFO] [stdout] 749 |     wParam: WPARAM,
[INFO] [stdout]     |             ^^^^^^ not found in this scope
[INFO] [stdout] 
[INFO] [stdout] 
[INFO] [stdout] error[E0412]: cannot find type `LPARAM` in this scope
[INFO] [stdout]    --> src/lib.rs:750:13
[INFO] [stdout]     |
[INFO] [stdout] 750 |     lParam: LPARAM,
[INFO] [stdout]     |             ^^^^^^ not found in this scope
[INFO] [stdout] 
[INFO] [stdout] 
[INFO] [stdout] error[E0412]: cannot find type `LRESULT` in this scope
[INFO] [stdout]    --> src/lib.rs:751:6
[INFO] [stdout]     |
[INFO] [stdout] 751 | ) -> LRESULT {
[INFO] [stdout]     |      ^^^^^^^ not found in this scope
[INFO] [stdout] 
[INFO] [stdout] 
[INFO] [stdout] error[E0412]: cannot find type `HINSTANCE` in this scope
[INFO] [stdout]     --> src/lib.rs:1305:36
[INFO] [stdout]      |
[INFO] [stdout] 1305 | unsafe fn get_proc_address<T>(lib: HINSTANCE, proc: &[u8]) -> Option<T> {
[INFO] [stdout]      |                                    ^^^^^^^^^ not found in this scope
[INFO] [stdout] 
[INFO] [stdout] 
[INFO] [stdout] error: Compilation failed, aborting rustdoc
[INFO] [stdout] 
[INFO] [stdout] 
[INFO] [stdout] error: aborting due to 48 previous errors
[INFO] [stdout] 
[INFO] [stdout] 
[INFO] [stdout] Some errors have detailed explanations: E0412, E0432, E0433.
[INFO] [stdout] 
[INFO] [stdout] For more information about an error, try `rustc --explain E0412`.
[INFO] [stdout] 
[INFO] [stderr] error: could not document `sapp-windows`
[INFO] [stderr] 
[INFO] [stderr] Caused by:
[INFO] [stderr]   process didn't exit successfully: `rustdoc --edition=2018 --crate-type lib --crate-name sapp_windows src/lib.rs -o /opt/rustwide/target/doc --error-format=json --json=diagnostic-rendered-ansi --document-private-items -L dependency=/opt/rustwide/target/debug/deps --extern winapi=/opt/rustwide/target/debug/deps/libwinapi-94765435ce2ee1de.rmeta --cap-lints=warn --crate-version 0.2.18` (exit status: 1)
[INFO] running `Command { std: "docker" "inspect" "21f5b9db14ba180ff6613dda6e7b041a43a03e34183c5d243c4ad7efdba56470", kill_on_drop: false }`
[INFO] running `Command { std: "docker" "rm" "-f" "21f5b9db14ba180ff6613dda6e7b041a43a03e34183c5d243c4ad7efdba56470", kill_on_drop: false }`
[INFO] [stdout] 21f5b9db14ba180ff6613dda6e7b041a43a03e34183c5d243c4ad7efdba56470
