[INFO] fetching crate samd-timer 0.2.0...
[INFO] documenting samd-timer-0.2.0 against beta-2021-08-01 for beta-1.55-rustdoc-1
[INFO] extracting crate samd-timer 0.2.0 into /workspace/builds/worker-4/source
[INFO] validating manifest of crates.io crate samd-timer 0.2.0 on toolchain beta-2021-08-01
[INFO] running `Command { std: "/workspace/cargo-home/bin/cargo" "+beta-2021-08-01" "metadata" "--manifest-path" "Cargo.toml" "--no-deps", kill_on_drop: false }`
[INFO] started tweaking crates.io crate samd-timer 0.2.0
[INFO] finished tweaking crates.io crate samd-timer 0.2.0
[INFO] tweaked toml for crates.io crate samd-timer 0.2.0 written to /workspace/builds/worker-4/source/Cargo.toml
[INFO] running `Command { std: "/workspace/cargo-home/bin/cargo" "+beta-2021-08-01" "generate-lockfile" "--manifest-path" "Cargo.toml" "-Zno-index-update", kill_on_drop: false }`
[INFO] running `Command { std: "/workspace/cargo-home/bin/cargo" "+beta-2021-08-01" "fetch" "--manifest-path" "Cargo.toml", kill_on_drop: false }`
[INFO] [stderr]  Downloading crates ...
[INFO] [stderr]   Downloaded atsamd21e18a v0.6.0
[INFO] [stderr]   Downloaded atsamd21g18a v0.6.0
[INFO] [stderr]   Downloaded atsamd51g19a v0.6.0
[INFO] [stderr]   Downloaded atsamd-hal v0.8.2
[INFO] [stderr]   Downloaded atsamd21j18a v0.6.0
[INFO] [stderr]   Downloaded atsamd51j20a v0.6.0
[INFO] [stderr]   Downloaded atsamd51j19a v0.6.0
[INFO] running `Command { std: "docker" "create" "-v" "/var/lib/crater-agent-workspace/builds/worker-4/target:/opt/rustwide/target:rw,Z" "-v" "/var/lib/crater-agent-workspace/builds/worker-4/source:/opt/rustwide/workdir:ro,Z" "-v" "/var/lib/crater-agent-workspace/cargo-home:/opt/rustwide/cargo-home:ro,Z" "-v" "/var/lib/crater-agent-workspace/rustup-home:/opt/rustwide/rustup-home:ro,Z" "-e" "SOURCE_DIR=/opt/rustwide/workdir" "-e" "CARGO_TARGET_DIR=/opt/rustwide/target" "-e" "CARGO_HOME=/opt/rustwide/cargo-home" "-e" "RUSTUP_HOME=/opt/rustwide/rustup-home" "-w" "/opt/rustwide/workdir" "-m" "1610612736" "--user" "0:0" "--network" "none" "ghcr.io/rust-lang/crates-build-env/linux@sha256:34b6a614d2c27851fe6cbf88fbd1137609cefab8b10d0615aaeb6fd47975d74e" "/opt/rustwide/cargo-home/bin/cargo" "+beta-2021-08-01" "metadata" "--no-deps" "--format-version=1", kill_on_drop: false }`
[INFO] [stderr] WARNING: Your kernel does not support swap limit capabilities or the cgroup is not mounted. Memory limited without swap.
[INFO] [stdout] 3bbba40b56b3e1c313c484aa1cd9d6aae8e3f34f72ba2d521ce8fec86269321a
[INFO] running `Command { std: "docker" "start" "-a" "3bbba40b56b3e1c313c484aa1cd9d6aae8e3f34f72ba2d521ce8fec86269321a", kill_on_drop: false }`
[INFO] running `Command { std: "docker" "inspect" "3bbba40b56b3e1c313c484aa1cd9d6aae8e3f34f72ba2d521ce8fec86269321a", kill_on_drop: false }`
[INFO] running `Command { std: "docker" "rm" "-f" "3bbba40b56b3e1c313c484aa1cd9d6aae8e3f34f72ba2d521ce8fec86269321a", kill_on_drop: false }`
[INFO] [stdout] 3bbba40b56b3e1c313c484aa1cd9d6aae8e3f34f72ba2d521ce8fec86269321a
[INFO] running `Command { std: "docker" "create" "-v" "/var/lib/crater-agent-workspace/builds/worker-4/target:/opt/rustwide/target:rw,Z" "-v" "/var/lib/crater-agent-workspace/builds/worker-4/source:/opt/rustwide/workdir:ro,Z" "-v" "/var/lib/crater-agent-workspace/cargo-home:/opt/rustwide/cargo-home:ro,Z" "-v" "/var/lib/crater-agent-workspace/rustup-home:/opt/rustwide/rustup-home:ro,Z" "-e" "SOURCE_DIR=/opt/rustwide/workdir" "-e" "CARGO_TARGET_DIR=/opt/rustwide/target" "-e" "CARGO_INCREMENTAL=0" "-e" "RUST_BACKTRACE=full" "-e" "RUSTDOCFLAGS=--cap-lints=warn" "-e" "CARGO_HOME=/opt/rustwide/cargo-home" "-e" "RUSTUP_HOME=/opt/rustwide/rustup-home" "-w" "/opt/rustwide/workdir" "-m" "1610612736" "--user" "0:0" "--network" "none" "ghcr.io/rust-lang/crates-build-env/linux@sha256:34b6a614d2c27851fe6cbf88fbd1137609cefab8b10d0615aaeb6fd47975d74e" "/opt/rustwide/cargo-home/bin/cargo" "+beta-2021-08-01" "doc" "--frozen" "--no-deps" "--document-private-items" "--message-format=json", kill_on_drop: false }`
[INFO] [stdout] 90c659f94c06aed081ca0d5b08c4652595df1b255499a76556ef6ecf3d325b37
[INFO] [stderr] WARNING: Your kernel does not support swap limit capabilities or the cgroup is not mounted. Memory limited without swap.
[INFO] running `Command { std: "docker" "start" "-a" "90c659f94c06aed081ca0d5b08c4652595df1b255499a76556ef6ecf3d325b37", kill_on_drop: false }`
[INFO] [stderr]     Checking rand_core v0.5.1
[INFO] [stderr]    Compiling smart-default v0.6.0
[INFO] [stderr]     Checking atsamd-hal v0.8.2
[INFO] [stdout] error[E0433]: failed to resolve: could not find `target_device` in the crate root
[INFO] [stdout]   --> /opt/rustwide/cargo-home/registry/src/github.com-1ecc6299db9ec823/atsamd-hal-0.8.2/src/common/gpio.rs:10:12
[INFO] [stdout]    |
[INFO] [stdout] 10 | use crate::target_device::port::{DIRCLR, DIRSET, OUTCLR, OUTSET, PINCFG0_, PMUX0_};
[INFO] [stdout]    |            ^^^^^^^^^^^^^ could not find `target_device` in the crate root
[INFO] [stdout] 
[INFO] [stdout] 
[INFO] [stdout] error[E0432]: unresolved import `crate::clock`
[INFO] [stdout]  --> /opt/rustwide/cargo-home/registry/src/github.com-1ecc6299db9ec823/atsamd-hal-0.8.2/src/common/delay.rs:6:12
[INFO] [stdout]   |
[INFO] [stdout] 6 | use crate::clock::GenericClockController;
[INFO] [stdout]   |            ^^^^^ could not find `clock` in the crate root
[INFO] [stdout] 
[INFO] [stdout] 
[INFO] [stdout] error[E0432]: unresolved import `crate::target_device`
[INFO] [stdout]   --> /opt/rustwide/cargo-home/registry/src/github.com-1ecc6299db9ec823/atsamd-hal-0.8.2/src/common/gpio.rs:18:12
[INFO] [stdout]    |
[INFO] [stdout] 18 | use crate::target_device::PORT;
[INFO] [stdout]    |            ^^^^^^^^^^^^^ could not find `target_device` in the crate root
[INFO] [stdout] 
[INFO] [stdout] 
[INFO] [stdout] error[E0412]: cannot find type `DIRSET` in this scope
[INFO] [stdout]    --> /opt/rustwide/cargo-home/registry/src/github.com-1ecc6299db9ec823/atsamd-hal-0.8.2/src/common/gpio.rs:403:31
[INFO] [stdout]     |
[INFO] [stdout] 403 |     fn dirset0(&mut self) -> &DIRSET {
[INFO] [stdout]     |                               ^^^^^^ not found in this scope
[INFO] [stdout] 
[INFO] [stdout] 
[INFO] [stdout] error[E0412]: cannot find type `DIRCLR` in this scope
[INFO] [stdout]    --> /opt/rustwide/cargo-home/registry/src/github.com-1ecc6299db9ec823/atsamd-hal-0.8.2/src/common/gpio.rs:406:31
[INFO] [stdout]     |
[INFO] [stdout] 406 |     fn dirclr0(&mut self) -> &DIRCLR {
[INFO] [stdout]     |                               ^^^^^^ not found in this scope
[INFO] [stdout] 
[INFO] [stdout] 
[INFO] [stdout] error[E0412]: cannot find type `PINCFG0_` in this scope
[INFO] [stdout]    --> /opt/rustwide/cargo-home/registry/src/github.com-1ecc6299db9ec823/atsamd-hal-0.8.2/src/common/gpio.rs:409:32
[INFO] [stdout]     |
[INFO] [stdout] 409 |     fn pincfg0(&mut self) -> &[PINCFG0_; 32] {
[INFO] [stdout]     |                                ^^^^^^^^ not found in this scope
[INFO] [stdout] 
[INFO] [stdout] 
[INFO] [stdout] error[E0412]: cannot find type `OUTSET` in this scope
[INFO] [stdout]    --> /opt/rustwide/cargo-home/registry/src/github.com-1ecc6299db9ec823/atsamd-hal-0.8.2/src/common/gpio.rs:412:31
[INFO] [stdout]     |
[INFO] [stdout] 412 |     fn outset0(&mut self) -> &OUTSET {
[INFO] [stdout]     |                               ^^^^^^ not found in this scope
[INFO] [stdout] 
[INFO] [stdout] 
[INFO] [stdout] error[E0412]: cannot find type `OUTCLR` in this scope
[INFO] [stdout]    --> /opt/rustwide/cargo-home/registry/src/github.com-1ecc6299db9ec823/atsamd-hal-0.8.2/src/common/gpio.rs:415:31
[INFO] [stdout]     |
[INFO] [stdout] 415 |     fn outclr0(&mut self) -> &OUTCLR {
[INFO] [stdout]     |                               ^^^^^^ not found in this scope
[INFO] [stdout] 
[INFO] [stdout] 
[INFO] [stdout] error[E0412]: cannot find type `PMUX0_` in this scope
[INFO] [stdout]    --> /opt/rustwide/cargo-home/registry/src/github.com-1ecc6299db9ec823/atsamd-hal-0.8.2/src/common/gpio.rs:418:30
[INFO] [stdout]     |
[INFO] [stdout] 418 |     fn pmux0(&mut self) -> &[PMUX0_; 16] {
[INFO] [stdout]     |                              ^^^^^^ not found in this scope
[INFO] [stdout] 
[INFO] [stdout] 
[INFO] [stdout] error: aborting due to 9 previous errors
[INFO] [stdout] 
[INFO] [stdout] 
[INFO] [stdout] Some errors have detailed explanations: E0412, E0432, E0433.
[INFO] [stdout] 
[INFO] [stdout] For more information about an error, try `rustc --explain E0412`.
[INFO] [stdout] 
[INFO] [stderr] error: could not compile `atsamd-hal` due to 10 previous errors
[INFO] [stderr] warning: build failed, waiting for other jobs to finish...
[INFO] [stderr] error: build failed
[INFO] running `Command { std: "docker" "inspect" "90c659f94c06aed081ca0d5b08c4652595df1b255499a76556ef6ecf3d325b37", kill_on_drop: false }`
[INFO] running `Command { std: "docker" "rm" "-f" "90c659f94c06aed081ca0d5b08c4652595df1b255499a76556ef6ecf3d325b37", kill_on_drop: false }`
[INFO] [stdout] 90c659f94c06aed081ca0d5b08c4652595df1b255499a76556ef6ecf3d325b37
