[INFO] fetching crate safe_nfs 0.6.0...
[INFO] documenting safe_nfs-0.6.0 against beta-2021-08-01 for beta-1.55-rustdoc-1
[INFO] extracting crate safe_nfs 0.6.0 into /workspace/builds/worker-1/source
[INFO] validating manifest of crates.io crate safe_nfs 0.6.0 on toolchain beta-2021-08-01
[INFO] running `Command { std: "/workspace/cargo-home/bin/cargo" "+beta-2021-08-01" "metadata" "--manifest-path" "Cargo.toml" "--no-deps", kill_on_drop: false }`
[INFO] started tweaking crates.io crate safe_nfs 0.6.0
[INFO] finished tweaking crates.io crate safe_nfs 0.6.0
[INFO] tweaked toml for crates.io crate safe_nfs 0.6.0 written to /workspace/builds/worker-1/source/Cargo.toml
[INFO] running `Command { std: "/workspace/cargo-home/bin/cargo" "+beta-2021-08-01" "generate-lockfile" "--manifest-path" "Cargo.toml" "-Zno-index-update", kill_on_drop: false }`
[INFO] running `Command { std: "/workspace/cargo-home/bin/cargo" "+beta-2021-08-01" "fetch" "--manifest-path" "Cargo.toml", kill_on_drop: false }`
[INFO] [stderr]  Downloading crates ...
[INFO] [stderr]   Downloaded igd v0.4.2
[INFO] [stderr]   Downloaded lru_time_cache v0.2.7
[INFO] [stderr]   Downloaded asynchronous v0.4.5
[INFO] [stderr]   Downloaded c_linked_list v0.1.0
[INFO] [stderr]   Downloaded w_result v0.1.2
[INFO] [stderr]   Downloaded service_discovery v0.2.1
[INFO] [stderr]   Downloaded mpid_messaging v0.1.0
[INFO] [stderr]   Downloaded config_file_handler v0.0.1
[INFO] [stderr]   Downloaded kademlia_routing_table v0.3.3
[INFO] [stderr]   Downloaded get_if_addrs v0.3.1
[INFO] [stderr]   Downloaded maidsafe_utilities v0.3.0
[INFO] [stderr]   Downloaded nat_traversal v0.1.0
[INFO] [stderr]   Downloaded accumulator v0.1.4
[INFO] [stderr]   Downloaded secure_serialisation v0.1.0
[INFO] [stderr]   Downloaded socket_addr v0.0.2
[INFO] [stderr]   Downloaded temp_utp v0.8.1
[INFO] [stderr]   Downloaded message_filter v0.3.1
[INFO] [stderr]   Downloaded safe_core v0.6.1
[INFO] [stderr]   Downloaded routing v0.7.1
[INFO] [stderr]   Downloaded self_encryption v0.2.6
[INFO] [stderr]   Downloaded crust v0.8.5
[INFO] running `Command { std: "docker" "create" "-v" "/var/lib/crater-agent-workspace/builds/worker-1/target:/opt/rustwide/target:rw,Z" "-v" "/var/lib/crater-agent-workspace/builds/worker-1/source:/opt/rustwide/workdir:ro,Z" "-v" "/var/lib/crater-agent-workspace/cargo-home:/opt/rustwide/cargo-home:ro,Z" "-v" "/var/lib/crater-agent-workspace/rustup-home:/opt/rustwide/rustup-home:ro,Z" "-e" "SOURCE_DIR=/opt/rustwide/workdir" "-e" "CARGO_TARGET_DIR=/opt/rustwide/target" "-e" "CARGO_HOME=/opt/rustwide/cargo-home" "-e" "RUSTUP_HOME=/opt/rustwide/rustup-home" "-w" "/opt/rustwide/workdir" "-m" "1610612736" "--user" "0:0" "--network" "none" "ghcr.io/rust-lang/crates-build-env/linux@sha256:34b6a614d2c27851fe6cbf88fbd1137609cefab8b10d0615aaeb6fd47975d74e" "/opt/rustwide/cargo-home/bin/cargo" "+beta-2021-08-01" "metadata" "--no-deps" "--format-version=1", kill_on_drop: false }`
[INFO] [stdout] 8fc908b626185007cfeb20e0343c1fe3b23cb08f9e4b6775cb23c315335b07cd
[INFO] [stderr] WARNING: Your kernel does not support swap limit capabilities or the cgroup is not mounted. Memory limited without swap.
[INFO] running `Command { std: "docker" "start" "-a" "8fc908b626185007cfeb20e0343c1fe3b23cb08f9e4b6775cb23c315335b07cd", kill_on_drop: false }`
[INFO] running `Command { std: "docker" "inspect" "8fc908b626185007cfeb20e0343c1fe3b23cb08f9e4b6775cb23c315335b07cd", kill_on_drop: false }`
[INFO] running `Command { std: "docker" "rm" "-f" "8fc908b626185007cfeb20e0343c1fe3b23cb08f9e4b6775cb23c315335b07cd", kill_on_drop: false }`
[INFO] [stdout] 8fc908b626185007cfeb20e0343c1fe3b23cb08f9e4b6775cb23c315335b07cd
[INFO] running `Command { std: "docker" "create" "-v" "/var/lib/crater-agent-workspace/builds/worker-1/target:/opt/rustwide/target:rw,Z" "-v" "/var/lib/crater-agent-workspace/builds/worker-1/source:/opt/rustwide/workdir:ro,Z" "-v" "/var/lib/crater-agent-workspace/cargo-home:/opt/rustwide/cargo-home:ro,Z" "-v" "/var/lib/crater-agent-workspace/rustup-home:/opt/rustwide/rustup-home:ro,Z" "-e" "SOURCE_DIR=/opt/rustwide/workdir" "-e" "CARGO_TARGET_DIR=/opt/rustwide/target" "-e" "CARGO_INCREMENTAL=0" "-e" "RUST_BACKTRACE=full" "-e" "RUSTDOCFLAGS=--cap-lints=warn" "-e" "CARGO_HOME=/opt/rustwide/cargo-home" "-e" "RUSTUP_HOME=/opt/rustwide/rustup-home" "-w" "/opt/rustwide/workdir" "-m" "1610612736" "--user" "0:0" "--network" "none" "ghcr.io/rust-lang/crates-build-env/linux@sha256:34b6a614d2c27851fe6cbf88fbd1137609cefab8b10d0615aaeb6fd47975d74e" "/opt/rustwide/cargo-home/bin/cargo" "+beta-2021-08-01" "doc" "--frozen" "--no-deps" "--document-private-items" "--message-format=json", kill_on_drop: false }`
[INFO] [stderr] WARNING: Your kernel does not support swap limit capabilities or the cgroup is not mounted. Memory limited without swap.
[INFO] [stdout] 240c43e4e6a97634d492930711052a9dbe0224a44251a0db3ffe8518cdef1c73
[INFO] running `Command { std: "docker" "start" "-a" "240c43e4e6a97634d492930711052a9dbe0224a44251a0db3ffe8518cdef1c73", kill_on_drop: false }`
[INFO] [stderr]     Checking byteorder v0.3.13
[INFO] [stderr]     Checking quick-error v0.2.2
[INFO] [stderr]     Checking ip v1.1.1
[INFO] [stderr]     Checking language-tags v0.0.7
[INFO] [stderr]     Checking c_linked_list v0.1.0
[INFO] [stderr]     Checking void v0.0.5
[INFO] [stderr]     Checking crossbeam v0.1.6
[INFO] [stderr]    Compiling libsodium-sys v0.0.16
[INFO] [stderr]     Checking xml-rs v0.3.6
[INFO] [stderr]     Checking num_cpus v0.2.13
[INFO] [stderr]     Checking lru_time_cache v0.2.7
[INFO] [stderr]     Checking message_filter v0.3.1
[INFO] [stderr]     Checking xml-rs v0.1.26
[INFO] [stderr]     Checking w_result v0.1.2
[INFO] [stderr]     Checking uuid v0.1.18
[INFO] [stderr]     Checking miow v0.1.5
[INFO] [stdout] error: no rules expected the token `flags`
[INFO] [stdout]    --> /opt/rustwide/cargo-home/registry/src/github.com-1ecc6299db9ec823/xml-rs-0.1.26/src/writer/emitter.rs:115:5
[INFO] [stdout]     |
[INFO] [stdout] 115 |     flags IndentFlags: u8 {
[INFO] [stdout]     |     ^^^^^ no rules expected this token in macro call
[INFO] [stdout] 
[INFO] [stdout] 
[INFO] [stderr]     Checking memmap v0.2.3
[INFO] [stdout] error[E0433]: failed to resolve: use of undeclared type `IndentFlags`
[INFO] [stdout]   --> /opt/rustwide/cargo-home/registry/src/github.com-1ecc6299db9ec823/xml-rs-0.1.26/src/writer/emitter.rs:77:32
[INFO] [stdout]    |
[INFO] [stdout] 77 |             indent_stack: vec!(IndentFlags::empty()),
[INFO] [stdout]    |                                ^^^^^^^^^^^ use of undeclared type `IndentFlags`
[INFO] [stdout] 
[INFO] [stdout] 
[INFO] [stdout] error[E0412]: cannot find type `IndentFlags` in this scope
[INFO] [stdout]   --> /opt/rustwide/cargo-home/registry/src/github.com-1ecc6299db9ec823/xml-rs-0.1.26/src/writer/emitter.rs:64:23
[INFO] [stdout]    |
[INFO] [stdout] 58 | pub struct Emitter {
[INFO] [stdout]    |                   - help: you might be missing a type parameter: `<IndentFlags>`
[INFO] [stdout] ...
[INFO] [stdout] 64 |     indent_stack: Vec<IndentFlags>,
[INFO] [stdout]    |                       ^^^^^^^^^^^ not found in this scope
[INFO] [stdout] 
[INFO] [stdout] 
[INFO] [stdout] error[E0425]: cannot find value `WROTE_TEXT` in this scope
[INFO] [stdout]    --> /opt/rustwide/cargo-home/registry/src/github.com-1ecc6299db9ec823/xml-rs-0.1.26/src/writer/emitter.rs:131:52
[INFO] [stdout]     |
[INFO] [stdout] 131 |         self.indent_stack.last().unwrap().contains(WROTE_TEXT)
[INFO] [stdout]     |                                                    ^^^^^^^^^^ not found in this scope
[INFO] [stdout] 
[INFO] [stdout] 
[INFO] [stdout] error[E0425]: cannot find value `WROTE_MARKUP` in this scope
[INFO] [stdout]    --> /opt/rustwide/cargo-home/registry/src/github.com-1ecc6299db9ec823/xml-rs-0.1.26/src/writer/emitter.rs:136:52
[INFO] [stdout]     |
[INFO] [stdout] 136 |         self.indent_stack.last().unwrap().contains(WROTE_MARKUP)
[INFO] [stdout]     |                                                    ^^^^^^^^^^^^ not found in this scope
[INFO] [stdout] 
[INFO] [stdout] 
[INFO] [stdout] error[E0425]: cannot find value `WROTE_TEXT` in this scope
[INFO] [stdout]    --> /opt/rustwide/cargo-home/registry/src/github.com-1ecc6299db9ec823/xml-rs-0.1.26/src/writer/emitter.rs:141:50
[INFO] [stdout]     |
[INFO] [stdout] 141 |         *self.indent_stack.last_mut().unwrap() = WROTE_TEXT;
[INFO] [stdout]     |                                                  ^^^^^^^^^^ not found in this scope
[INFO] [stdout] 
[INFO] [stdout] 
[INFO] [stdout] error[E0425]: cannot find value `WROTE_MARKUP` in this scope
[INFO] [stdout]    --> /opt/rustwide/cargo-home/registry/src/github.com-1ecc6299db9ec823/xml-rs-0.1.26/src/writer/emitter.rs:146:50
[INFO] [stdout]     |
[INFO] [stdout] 146 |         *self.indent_stack.last_mut().unwrap() = WROTE_MARKUP;
[INFO] [stdout]     |                                                  ^^^^^^^^^^^^ not found in this scope
[INFO] [stdout] 
[INFO] [stdout] 
[INFO] [stdout] error[E0425]: cannot find value `WROTE_NOTHING` in this scope
[INFO] [stdout]    --> /opt/rustwide/cargo-home/registry/src/github.com-1ecc6299db9ec823/xml-rs-0.1.26/src/writer/emitter.rs:151:50
[INFO] [stdout]     |
[INFO] [stdout] 151 |         *self.indent_stack.last_mut().unwrap() = WROTE_NOTHING;
[INFO] [stdout]     |                                                  ^^^^^^^^^^^^^ not found in this scope
[INFO] [stdout] 
[INFO] [stdout] 
[INFO] [stdout] error[E0425]: cannot find value `WROTE_NOTHING` in this scope
[INFO] [stdout]    --> /opt/rustwide/cargo-home/registry/src/github.com-1ecc6299db9ec823/xml-rs-0.1.26/src/writer/emitter.rs:179:32
[INFO] [stdout]     |
[INFO] [stdout] 179 |         self.indent_stack.push(WROTE_NOTHING);
[INFO] [stdout]     |                                ^^^^^^^^^^^^^ not found in this scope
[INFO] [stdout] 
[INFO] [stdout] 
[INFO] [stderr]     Checking asynchronous v0.4.5
[INFO] [stderr]     Checking serde v0.6.15
[INFO] [stderr]     Checking temp_utp v0.8.1
[INFO] [stderr]     Checking cbor v0.3.16
[INFO] [stderr]     Checking accumulator v0.1.4
[INFO] [stderr]     Checking mio v0.5.1
[INFO] [stderr]     Checking get_if_addrs v0.3.1
[INFO] [stderr]     Checking socket_addr v0.0.2
[INFO] [stdout] error[E0512]: cannot transmute between types of different sizes, or dependently-sized types
[INFO] [stdout]   --> /opt/rustwide/cargo-home/registry/src/github.com-1ecc6299db9ec823/crossbeam-0.1.6/src/sync/seg_queue.rs:34:29
[INFO] [stdout]    |
[INFO] [stdout] 34 |             ready: unsafe { mem::transmute([0usize; SEG_SIZE]) },
[INFO] [stdout]    |                             ^^^^^^^^^^^^^^
[INFO] [stdout]    |
[INFO] [stdout]    = note: source type: `[usize; 32]` (2048 bits)
[INFO] [stdout]    = note: target type: `[AtomicBool; 32]` (256 bits)
[INFO] [stdout] 
[INFO] [stdout] 
[INFO] [stderr]     Checking url v0.2.38
[INFO] [stdout] error: aborting due to previous error
[INFO] [stdout] 
[INFO] [stdout] 
[INFO] [stdout] For more information about this error, try `rustc --explain E0512`.
[INFO] [stdout] 
[INFO] [stderr] error: could not compile `crossbeam` due to 2 previous errors
[INFO] [stderr] warning: build failed, waiting for other jobs to finish...
[INFO] [stdout] error: aborting due to 9 previous errors
[INFO] [stdout] 
[INFO] [stdout] 
[INFO] [stdout] Some errors have detailed explanations: E0412, E0425, E0433.
[INFO] [stdout] 
[INFO] [stdout] For more information about an error, try `rustc --explain E0412`.
[INFO] [stdout] 
[INFO] [stdout] error[E0512]: cannot transmute between types of different sizes, or dependently-sized types
[INFO] [stdout]    --> /opt/rustwide/cargo-home/registry/src/github.com-1ecc6299db9ec823/temp_utp-0.8.1/src/packet.rs:383:30
[INFO] [stdout]     |
[INFO] [stdout] 383 |                 ty: unsafe { transmute(kind) },
[INFO] [stdout]     |                              ^^^^^^^^^
[INFO] [stdout]     |
[INFO] [stdout]     = note: source type: `u8` (8 bits)
[INFO] [stdout]     = note: target type: `ExtensionType` (0 bits)
[INFO] [stdout] 
[INFO] [stdout] 
[INFO] [stdout] error: aborting due to previous error
[INFO] [stdout] 
[INFO] [stdout] 
[INFO] [stdout] For more information about this error, try `rustc --explain E0512`.
[INFO] [stdout] 
[INFO] [stderr] error: build failed
[INFO] running `Command { std: "docker" "inspect" "240c43e4e6a97634d492930711052a9dbe0224a44251a0db3ffe8518cdef1c73", kill_on_drop: false }`
[INFO] running `Command { std: "docker" "rm" "-f" "240c43e4e6a97634d492930711052a9dbe0224a44251a0db3ffe8518cdef1c73", kill_on_drop: false }`
[INFO] [stdout] 240c43e4e6a97634d492930711052a9dbe0224a44251a0db3ffe8518cdef1c73
