[INFO] fetching crate safe-transfers 0.1.0...
[INFO] documenting safe-transfers-0.1.0 against 1.54.0 for beta-1.55-rustdoc-1
[INFO] extracting crate safe-transfers 0.1.0 into /workspace/builds/worker-7/source
[INFO] validating manifest of crates.io crate safe-transfers 0.1.0 on toolchain 1.54.0
[INFO] running `Command { std: "/workspace/cargo-home/bin/cargo" "+1.54.0" "metadata" "--manifest-path" "Cargo.toml" "--no-deps", kill_on_drop: false }`
[INFO] started tweaking crates.io crate safe-transfers 0.1.0
[INFO] finished tweaking crates.io crate safe-transfers 0.1.0
[INFO] tweaked toml for crates.io crate safe-transfers 0.1.0 written to /workspace/builds/worker-7/source/Cargo.toml
[INFO] running `Command { std: "/workspace/cargo-home/bin/cargo" "+1.54.0" "generate-lockfile" "--manifest-path" "Cargo.toml" "-Zno-index-update", kill_on_drop: false }`
[INFO] running `Command { std: "/workspace/cargo-home/bin/cargo" "+1.54.0" "fetch" "--manifest-path" "Cargo.toml", kill_on_drop: false }`
[INFO] running `Command { std: "docker" "create" "-v" "/var/lib/crater-agent-workspace/builds/worker-7/target:/opt/rustwide/target:rw,Z" "-v" "/var/lib/crater-agent-workspace/builds/worker-7/source:/opt/rustwide/workdir:ro,Z" "-v" "/var/lib/crater-agent-workspace/cargo-home:/opt/rustwide/cargo-home:ro,Z" "-v" "/var/lib/crater-agent-workspace/rustup-home:/opt/rustwide/rustup-home:ro,Z" "-e" "SOURCE_DIR=/opt/rustwide/workdir" "-e" "CARGO_TARGET_DIR=/opt/rustwide/target" "-e" "CARGO_HOME=/opt/rustwide/cargo-home" "-e" "RUSTUP_HOME=/opt/rustwide/rustup-home" "-w" "/opt/rustwide/workdir" "-m" "1610612736" "--user" "0:0" "--network" "none" "ghcr.io/rust-lang/crates-build-env/linux@sha256:34b6a614d2c27851fe6cbf88fbd1137609cefab8b10d0615aaeb6fd47975d74e" "/opt/rustwide/cargo-home/bin/cargo" "+1.54.0" "metadata" "--no-deps" "--format-version=1", kill_on_drop: false }`
[INFO] [stdout] 0d4d7aa9ff2c01486dcd969d4f2f4074c17811d95b7d7d51dca7be590e14b7a3
[INFO] [stderr] WARNING: Your kernel does not support swap limit capabilities or the cgroup is not mounted. Memory limited without swap.
[INFO] running `Command { std: "docker" "start" "-a" "0d4d7aa9ff2c01486dcd969d4f2f4074c17811d95b7d7d51dca7be590e14b7a3", kill_on_drop: false }`
[INFO] running `Command { std: "docker" "inspect" "0d4d7aa9ff2c01486dcd969d4f2f4074c17811d95b7d7d51dca7be590e14b7a3", kill_on_drop: false }`
[INFO] running `Command { std: "docker" "rm" "-f" "0d4d7aa9ff2c01486dcd969d4f2f4074c17811d95b7d7d51dca7be590e14b7a3", kill_on_drop: false }`
[INFO] [stdout] 0d4d7aa9ff2c01486dcd969d4f2f4074c17811d95b7d7d51dca7be590e14b7a3
[INFO] running `Command { std: "docker" "create" "-v" "/var/lib/crater-agent-workspace/builds/worker-7/target:/opt/rustwide/target:rw,Z" "-v" "/var/lib/crater-agent-workspace/builds/worker-7/source:/opt/rustwide/workdir:ro,Z" "-v" "/var/lib/crater-agent-workspace/cargo-home:/opt/rustwide/cargo-home:ro,Z" "-v" "/var/lib/crater-agent-workspace/rustup-home:/opt/rustwide/rustup-home:ro,Z" "-e" "SOURCE_DIR=/opt/rustwide/workdir" "-e" "CARGO_TARGET_DIR=/opt/rustwide/target" "-e" "CARGO_INCREMENTAL=0" "-e" "RUST_BACKTRACE=full" "-e" "RUSTDOCFLAGS=--cap-lints=warn" "-e" "CARGO_HOME=/opt/rustwide/cargo-home" "-e" "RUSTUP_HOME=/opt/rustwide/rustup-home" "-w" "/opt/rustwide/workdir" "-m" "1610612736" "--user" "0:0" "--network" "none" "ghcr.io/rust-lang/crates-build-env/linux@sha256:34b6a614d2c27851fe6cbf88fbd1137609cefab8b10d0615aaeb6fd47975d74e" "/opt/rustwide/cargo-home/bin/cargo" "+1.54.0" "doc" "--frozen" "--no-deps" "--document-private-items" "--message-format=json", kill_on_drop: false }`
[INFO] [stdout] e1bae64339ed0b65e2642cfd09ff7dae1f8cd9e8598c55c8131315960b188bb2
[INFO] [stderr] WARNING: Your kernel does not support swap limit capabilities or the cgroup is not mounted. Memory limited without swap.
[INFO] running `Command { std: "docker" "start" "-a" "e1bae64339ed0b65e2642cfd09ff7dae1f8cd9e8598c55c8131315960b188bb2", kill_on_drop: false }`
[INFO] [stderr]    Compiling byteorder v1.4.3
[INFO] [stderr]    Compiling memsec v0.5.7
[INFO] [stderr]    Compiling bincode v1.1.4
[INFO] [stderr]     Checking multibase v0.6.0
[INFO] [stderr]    Compiling clear_on_drop v0.2.4
[INFO] [stderr]    Compiling rand v0.6.5
[INFO] [stderr]     Checking rand04 v0.1.1
[INFO] [stderr]     Checking pairing v0.14.2
[INFO] [stderr]     Checking sha3 v0.8.2
[INFO] [stderr]     Checking hashbrown v0.1.8
[INFO] [stderr]    Compiling curve25519-dalek v1.2.6
[INFO] [stderr]     Checking crdts v2.0.0
[INFO] [stderr]     Checking rand04_compat v0.1.1
[INFO] [stderr]     Checking threshold_crypto v0.3.2
[INFO] [stderr]     Checking ed25519-dalek v0.9.1
[INFO] [stderr]     Checking safe-nd v0.9.0
[INFO] [stderr]  Documenting safe-transfers v0.1.0 (/opt/rustwide/workdir)
[INFO] [stdout] error[E0432]: unresolved imports `safe_nd::Money`, `safe_nd::ProofOfAgreement`, `safe_nd::RegisterTransfer`, `safe_nd::Transfer`, `safe_nd::TransferValidated`, `safe_nd::ValidateTransfer`
[INFO] [stdout]   --> src/actor.rs:17:26
[INFO] [stdout]    |
[INFO] [stdout] 17 |     ClientFullId, Error, Money, ProofOfAgreement, RegisterTransfer, Result, Signature, Transfer,
[INFO] [stdout]    |                          ^^^^^  ^^^^^^^^^^^^^^^^  ^^^^^^^^^^^^^^^^                     ^^^^^^^^ no `Transfer` in the root
[INFO] [stdout]    |                          |      |                 |
[INFO] [stdout]    |                          |      |                 no `RegisterTransfer` in the root
[INFO] [stdout]    |                          |      no `ProofOfAgreement` in the root
[INFO] [stdout]    |                          no `Money` in the root
[INFO] [stdout] 18 |     TransferValidated, ValidateTransfer,
[INFO] [stdout]    |     ^^^^^^^^^^^^^^^^^  ^^^^^^^^^^^^^^^^ no `ValidateTransfer` in the root
[INFO] [stdout]    |     |
[INFO] [stdout]    |     no `TransferValidated` in the root
[INFO] [stdout] 
[INFO] [stdout] 
[INFO] [stdout] error[E0432]: unresolved imports `safe_nd::Money`, `safe_nd::Transfer`, `safe_nd::TransferId`
[INFO] [stdout]   --> src/history.rs:10:22
[INFO] [stdout]    |
[INFO] [stdout] 10 | use safe_nd::{Error, Money, Result, Transfer, TransferId};
[INFO] [stdout]    |                      ^^^^^          ^^^^^^^^  ^^^^^^^^^^ no `TransferId` in the root
[INFO] [stdout]    |                      |              |
[INFO] [stdout]    |                      |              no `Transfer` in the root
[INFO] [stdout]    |                      no `Money` in the root
[INFO] [stdout] 
[INFO] [stdout] 
[INFO] [stdout] error[E0432]: unresolved imports `safe_nd::Money`, `safe_nd::ProofOfAgreement`, `safe_nd::Transfer`, `safe_nd::TransferRegistered`, `safe_nd::TransferValidated`, `safe_nd::ValidateTransfer`
[INFO] [stdout]   --> src/replica.rs:14:12
[INFO] [stdout]    |
[INFO] [stdout] 14 |     Error, Money, ProofOfAgreement, Result, Signature, Transfer, TransferRegistered,
[INFO] [stdout]    |            ^^^^^  ^^^^^^^^^^^^^^^^                     ^^^^^^^^  ^^^^^^^^^^^^^^^^^^ no `TransferRegistered` in the root
[INFO] [stdout]    |            |      |                                    |
[INFO] [stdout]    |            |      |                                    no `Transfer` in the root
[INFO] [stdout]    |            |      no `ProofOfAgreement` in the root
[INFO] [stdout]    |            no `Money` in the root
[INFO] [stdout] 15 |     TransferValidated, ValidateTransfer,
[INFO] [stdout]    |     ^^^^^^^^^^^^^^^^^  ^^^^^^^^^^^^^^^^ no `ValidateTransfer` in the root
[INFO] [stdout]    |     |
[INFO] [stdout]    |     no `TransferValidated` in the root
[INFO] [stdout] 
[INFO] [stdout] 
[INFO] [stdout] error[E0432]: unresolved imports `safe_nd::ProofOfAgreement`, `safe_nd::RegisterTransfer`, `safe_nd::Transfer`, `safe_nd::TransferRegistered`, `safe_nd::TransferValidated`, `safe_nd::ValidateTransfer`
[INFO] [stdout]   --> src/lib.rs:38:5
[INFO] [stdout]    |
[INFO] [stdout] 38 |     ProofOfAgreement, PublicKey, RegisterTransfer, Transfer, TransferRegistered, TransferValidated,
[INFO] [stdout]    |     ^^^^^^^^^^^^^^^^             ^^^^^^^^^^^^^^^^  ^^^^^^^^  ^^^^^^^^^^^^^^^^^^  ^^^^^^^^^^^^^^^^^ no `TransferValidated` in the root
[INFO] [stdout]    |     |                            |                 |         |
[INFO] [stdout]    |     |                            |                 |         no `TransferRegistered` in the root
[INFO] [stdout]    |     |                            |                 no `Transfer` in the root
[INFO] [stdout]    |     |                            no `RegisterTransfer` in the root
[INFO] [stdout]    |     no `ProofOfAgreement` in the root
[INFO] [stdout] 39 |     ValidateTransfer,
[INFO] [stdout]    |     ^^^^^^^^^^^^^^^^ no `ValidateTransfer` in the root
[INFO] [stdout] 
[INFO] [stdout] 
[INFO] [stdout] error: Compilation failed, aborting rustdoc
[INFO] [stdout] 
[INFO] [stdout] 
[INFO] [stdout] error: aborting due to 5 previous errors
[INFO] [stdout] 
[INFO] [stdout] 
[INFO] [stdout] For more information about this error, try `rustc --explain E0432`.
[INFO] [stdout] 
[INFO] [stderr] error: could not document `safe-transfers`
[INFO] [stderr] 
[INFO] [stderr] Caused by:
[INFO] [stderr]   process didn't exit successfully: `rustdoc --edition=2018 --crate-type lib --crate-name safe_transfers src/lib.rs -o /opt/rustwide/target/doc --error-format=json --json=diagnostic-rendered-ansi --document-private-items -L dependency=/opt/rustwide/target/debug/deps --extern bincode=/opt/rustwide/target/debug/deps/libbincode-b122df0bd8b3ac0e.rmeta --extern crdts=/opt/rustwide/target/debug/deps/libcrdts-a98c1ae4661328fa.rmeta --extern safe_nd=/opt/rustwide/target/debug/deps/libsafe_nd-fa0adebb6b8df76d.rmeta --extern serde=/opt/rustwide/target/debug/deps/libserde-f34436159fac0af7.rmeta --extern threshold_crypto=/opt/rustwide/target/debug/deps/libthreshold_crypto-24f7025659a96935.rmeta --cap-lints=warn --crate-version 0.1.0` (exit status: 1)
[INFO] running `Command { std: "docker" "inspect" "e1bae64339ed0b65e2642cfd09ff7dae1f8cd9e8598c55c8131315960b188bb2", kill_on_drop: false }`
[INFO] running `Command { std: "docker" "rm" "-f" "e1bae64339ed0b65e2642cfd09ff7dae1f8cd9e8598c55c8131315960b188bb2", kill_on_drop: false }`
[INFO] [stdout] e1bae64339ed0b65e2642cfd09ff7dae1f8cd9e8598c55c8131315960b188bb2
