[INFO] fetching crate rustyConsoleGameEngine 0.1.0...
[INFO] documenting rustyConsoleGameEngine-0.1.0 against 1.54.0 for beta-1.55-rustdoc-1
[INFO] extracting crate rustyConsoleGameEngine 0.1.0 into /workspace/builds/worker-5/source
[INFO] validating manifest of crates.io crate rustyConsoleGameEngine 0.1.0 on toolchain 1.54.0
[INFO] running `Command { std: "/workspace/cargo-home/bin/cargo" "+1.54.0" "metadata" "--manifest-path" "Cargo.toml" "--no-deps", kill_on_drop: false }`
[INFO] started tweaking crates.io crate rustyConsoleGameEngine 0.1.0
[INFO] finished tweaking crates.io crate rustyConsoleGameEngine 0.1.0
[INFO] tweaked toml for crates.io crate rustyConsoleGameEngine 0.1.0 written to /workspace/builds/worker-5/source/Cargo.toml
[INFO] crate crates.io crate rustyConsoleGameEngine 0.1.0 already has a lockfile, it will not be regenerated
[INFO] running `Command { std: "/workspace/cargo-home/bin/cargo" "+1.54.0" "fetch" "--manifest-path" "Cargo.toml", kill_on_drop: false }`
[INFO] running `Command { std: "docker" "create" "-v" "/var/lib/crater-agent-workspace/builds/worker-5/target:/opt/rustwide/target:rw,Z" "-v" "/var/lib/crater-agent-workspace/builds/worker-5/source:/opt/rustwide/workdir:ro,Z" "-v" "/var/lib/crater-agent-workspace/cargo-home:/opt/rustwide/cargo-home:ro,Z" "-v" "/var/lib/crater-agent-workspace/rustup-home:/opt/rustwide/rustup-home:ro,Z" "-e" "SOURCE_DIR=/opt/rustwide/workdir" "-e" "CARGO_TARGET_DIR=/opt/rustwide/target" "-e" "CARGO_HOME=/opt/rustwide/cargo-home" "-e" "RUSTUP_HOME=/opt/rustwide/rustup-home" "-w" "/opt/rustwide/workdir" "-m" "1610612736" "--user" "0:0" "--network" "none" "ghcr.io/rust-lang/crates-build-env/linux@sha256:34b6a614d2c27851fe6cbf88fbd1137609cefab8b10d0615aaeb6fd47975d74e" "/opt/rustwide/cargo-home/bin/cargo" "+1.54.0" "metadata" "--no-deps" "--format-version=1", kill_on_drop: false }`
[INFO] [stderr] WARNING: Your kernel does not support swap limit capabilities or the cgroup is not mounted. Memory limited without swap.
[INFO] [stdout] 766529b8c520e573a72f7f4d71ca660d568ed6bf5312460b6312a2396bcbdc78
[INFO] running `Command { std: "docker" "start" "-a" "766529b8c520e573a72f7f4d71ca660d568ed6bf5312460b6312a2396bcbdc78", kill_on_drop: false }`
[INFO] running `Command { std: "docker" "inspect" "766529b8c520e573a72f7f4d71ca660d568ed6bf5312460b6312a2396bcbdc78", kill_on_drop: false }`
[INFO] running `Command { std: "docker" "rm" "-f" "766529b8c520e573a72f7f4d71ca660d568ed6bf5312460b6312a2396bcbdc78", kill_on_drop: false }`
[INFO] [stdout] 766529b8c520e573a72f7f4d71ca660d568ed6bf5312460b6312a2396bcbdc78
[INFO] running `Command { std: "docker" "create" "-v" "/var/lib/crater-agent-workspace/builds/worker-5/target:/opt/rustwide/target:rw,Z" "-v" "/var/lib/crater-agent-workspace/builds/worker-5/source:/opt/rustwide/workdir:ro,Z" "-v" "/var/lib/crater-agent-workspace/cargo-home:/opt/rustwide/cargo-home:ro,Z" "-v" "/var/lib/crater-agent-workspace/rustup-home:/opt/rustwide/rustup-home:ro,Z" "-e" "SOURCE_DIR=/opt/rustwide/workdir" "-e" "CARGO_TARGET_DIR=/opt/rustwide/target" "-e" "CARGO_INCREMENTAL=0" "-e" "RUST_BACKTRACE=full" "-e" "RUSTDOCFLAGS=--cap-lints=warn" "-e" "CARGO_HOME=/opt/rustwide/cargo-home" "-e" "RUSTUP_HOME=/opt/rustwide/rustup-home" "-w" "/opt/rustwide/workdir" "-m" "1610612736" "--user" "0:0" "--network" "none" "ghcr.io/rust-lang/crates-build-env/linux@sha256:34b6a614d2c27851fe6cbf88fbd1137609cefab8b10d0615aaeb6fd47975d74e" "/opt/rustwide/cargo-home/bin/cargo" "+1.54.0" "doc" "--frozen" "--no-deps" "--document-private-items" "--message-format=json", kill_on_drop: false }`
[INFO] [stdout] a4de96a380a465649d76e7bdcf5949e567cd8e323032b2b110164442646af028
[INFO] [stderr] WARNING: Your kernel does not support swap limit capabilities or the cgroup is not mounted. Memory limited without swap.
[INFO] running `Command { std: "docker" "start" "-a" "a4de96a380a465649d76e7bdcf5949e567cd8e323032b2b110164442646af028", kill_on_drop: false }`
[INFO] [stderr]    Compiling getrandom v0.1.13
[INFO] [stderr]     Checking widestring v0.4.0
[INFO] [stderr]     Checking rand_core v0.5.1
[INFO] [stderr]     Checking rand_chacha v0.2.1
[INFO] [stderr]     Checking rand v0.7.2
[INFO] [stderr]  Documenting rustyConsoleGameEngine v0.1.0 (/opt/rustwide/workdir)
[INFO] [stdout] error[E0433]: failed to resolve: use of undeclared crate or module `winapi`
[INFO] [stdout]  --> src/lib.rs:6:5
[INFO] [stdout]   |
[INFO] [stdout] 6 | use winapi::ctypes:: { wchar_t };
[INFO] [stdout]   |     ^^^^^^ use of undeclared crate or module `winapi`
[INFO] [stdout] 
[INFO] [stdout] 
[INFO] [stdout] error[E0433]: failed to resolve: use of undeclared crate or module `winapi`
[INFO] [stdout]  --> src/lib.rs:7:5
[INFO] [stdout]   |
[INFO] [stdout] 7 | use winapi::shared::minwindef::{ BOOL, TRUE, FALSE };
[INFO] [stdout]   |     ^^^^^^ use of undeclared crate or module `winapi`
[INFO] [stdout] 
[INFO] [stdout] 
[INFO] [stdout] error[E0433]: failed to resolve: use of undeclared crate or module `winapi`
[INFO] [stdout]  --> src/lib.rs:8:5
[INFO] [stdout]   |
[INFO] [stdout] 8 | use winapi::um::handleapi::INVALID_HANDLE_VALUE;
[INFO] [stdout]   |     ^^^^^^ use of undeclared crate or module `winapi`
[INFO] [stdout] 
[INFO] [stdout] 
[INFO] [stdout] error[E0433]: failed to resolve: use of undeclared crate or module `winapi`
[INFO] [stdout]  --> src/lib.rs:9:5
[INFO] [stdout]   |
[INFO] [stdout] 9 | use winapi::um::processenv::GetStdHandle;
[INFO] [stdout]   |     ^^^^^^ use of undeclared crate or module `winapi`
[INFO] [stdout] 
[INFO] [stdout] 
[INFO] [stdout] error[E0433]: failed to resolve: use of undeclared crate or module `winapi`
[INFO] [stdout]   --> src/lib.rs:10:5
[INFO] [stdout]    |
[INFO] [stdout] 10 | use winapi::um::winbase::{ lstrcpyW, STD_OUTPUT_HANDLE, STD_INPUT_HANDLE };
[INFO] [stdout]    |     ^^^^^^ use of undeclared crate or module `winapi`
[INFO] [stdout] 
[INFO] [stdout] 
[INFO] [stdout] error[E0433]: failed to resolve: use of undeclared crate or module `winapi`
[INFO] [stdout]   --> src/lib.rs:11:5
[INFO] [stdout]    |
[INFO] [stdout] 11 | use winapi::um::wincon::{ GetConsoleScreenBufferInfo, SetCurrentConsoleFontEx, SetConsoleWindowInfo, SetConsoleScreenBufferSize, SetConso...
[INFO] [stdout]    |     ^^^^^^ use of undeclared crate or module `winapi`
[INFO] [stdout] 
[INFO] [stdout] 
[INFO] [stdout] error[E0433]: failed to resolve: use of undeclared crate or module `winapi`
[INFO] [stdout]   --> src/lib.rs:12:5
[INFO] [stdout]    |
[INFO] [stdout] 12 | use winapi::um::wincontypes::{ CHAR_INFO, CHAR_INFO_Char, COORD, PSMALL_RECT, SMALL_RECT };
[INFO] [stdout]    |     ^^^^^^ use of undeclared crate or module `winapi`
[INFO] [stdout] 
[INFO] [stdout] 
[INFO] [stdout] error[E0433]: failed to resolve: use of undeclared crate or module `winapi`
[INFO] [stdout]   --> src/lib.rs:13:5
[INFO] [stdout]    |
[INFO] [stdout] 13 | use winapi::um::wingdi::{ FF_DONTCARE, FW_NORMAL };
[INFO] [stdout]    |     ^^^^^^ use of undeclared crate or module `winapi`
[INFO] [stdout] 
[INFO] [stdout] 
[INFO] [stdout] error[E0433]: failed to resolve: use of undeclared crate or module `winapi`
[INFO] [stdout]   --> src/lib.rs:14:5
[INFO] [stdout]    |
[INFO] [stdout] 14 | use winapi::um::winnt::{ HANDLE, WCHAR, SHORT, LPCWSTR, LPWSTR };
[INFO] [stdout]    |     ^^^^^^ use of undeclared crate or module `winapi`
[INFO] [stdout] 
[INFO] [stdout] 
[INFO] [stdout] error[E0433]: failed to resolve: use of undeclared crate or module `winapi`
[INFO] [stdout]   --> src/lib.rs:15:5
[INFO] [stdout]    |
[INFO] [stdout] 15 | use winapi::um::winuser::wsprintfW;
[INFO] [stdout]    |     ^^^^^^ use of undeclared crate or module `winapi`
[INFO] [stdout] 
[INFO] [stdout] 
[INFO] [stdout] error[E0412]: cannot find type `CHAR_INFO` in this scope
[INFO] [stdout]   --> src/lib.rs:24:16
[INFO] [stdout]    |
[INFO] [stdout] 24 | impl Empty for CHAR_INFO {
[INFO] [stdout]    |                ^^^^^^^^^ not found in this scope
[INFO] [stdout] 
[INFO] [stdout] 
[INFO] [stdout] error[E0412]: cannot find type `CHAR_INFO` in this scope
[INFO] [stdout]   --> src/lib.rs:25:19
[INFO] [stdout]    |
[INFO] [stdout] 25 |     fn empty() -> CHAR_INFO {
[INFO] [stdout]    |                   ^^^^^^^^^ not found in this scope
[INFO] [stdout] 
[INFO] [stdout] 
[INFO] [stdout] error[E0412]: cannot find type `CHAR_INFO_Char` in this scope
[INFO] [stdout]   --> src/lib.rs:33:16
[INFO] [stdout]    |
[INFO] [stdout] 33 | impl Empty for CHAR_INFO_Char {
[INFO] [stdout]    |                ^^^^^^^^^^^^^^ not found in this scope
[INFO] [stdout] 
[INFO] [stdout] 
[INFO] [stdout] error[E0412]: cannot find type `CHAR_INFO_Char` in this scope
[INFO] [stdout]   --> src/lib.rs:34:19
[INFO] [stdout]    |
[INFO] [stdout] 34 |     fn empty() -> CHAR_INFO_Char {
[INFO] [stdout]    |                   ^^^^^^^^^^^^^^ not found in this scope
[INFO] [stdout] 
[INFO] [stdout] 
[INFO] [stdout] error[E0412]: cannot find type `COORD` in this scope
[INFO] [stdout]   --> src/lib.rs:41:16
[INFO] [stdout]    |
[INFO] [stdout] 41 | impl Empty for COORD {
[INFO] [stdout]    |                ^^^^^ not found in this scope
[INFO] [stdout] 
[INFO] [stdout] 
[INFO] [stdout] error[E0412]: cannot find type `COORD` in this scope
[INFO] [stdout]   --> src/lib.rs:42:19
[INFO] [stdout]    |
[INFO] [stdout] 42 |     fn empty() -> COORD {
[INFO] [stdout]    |                   ^^^^^ not found in this scope
[INFO] [stdout] 
[INFO] [stdout] 
[INFO] [stdout] error[E0412]: cannot find type `CONSOLE_FONT_INFOEX` in this scope
[INFO] [stdout]   --> src/lib.rs:47:16
[INFO] [stdout]    |
[INFO] [stdout] 47 | impl Empty for CONSOLE_FONT_INFOEX {
[INFO] [stdout]    |                ^^^^^^^^^^^^^^^^^^^ not found in this scope
[INFO] [stdout] 
[INFO] [stdout] 
[INFO] [stdout] error[E0412]: cannot find type `CONSOLE_FONT_INFOEX` in this scope
[INFO] [stdout]   --> src/lib.rs:48:19
[INFO] [stdout]    |
[INFO] [stdout] 48 |     fn empty() -> CONSOLE_FONT_INFOEX {
[INFO] [stdout]    |                   ^^^^^^^^^^^^^^^^^^^ not found in this scope
[INFO] [stdout] 
[INFO] [stdout] 
[INFO] [stdout] error[E0412]: cannot find type `CONSOLE_SCREEN_BUFFER_INFO` in this scope
[INFO] [stdout]   --> src/lib.rs:60:16
[INFO] [stdout]    |
[INFO] [stdout] 60 | impl Empty for CONSOLE_SCREEN_BUFFER_INFO {
[INFO] [stdout]    |                ^^^^^^^^^^^^^^^^^^^^^^^^^^ not found in this scope
[INFO] [stdout] 
[INFO] [stdout] 
[INFO] [stdout] error[E0412]: cannot find type `CONSOLE_SCREEN_BUFFER_INFO` in this scope
[INFO] [stdout]   --> src/lib.rs:61:19
[INFO] [stdout]    |
[INFO] [stdout] 61 |     fn empty() -> CONSOLE_SCREEN_BUFFER_INFO {
[INFO] [stdout]    |                   ^^^^^^^^^^^^^^^^^^^^^^^^^^ not found in this scope
[INFO] [stdout] 
[INFO] [stdout] 
[INFO] [stdout] error[E0412]: cannot find type `SMALL_RECT` in this scope
[INFO] [stdout]   --> src/lib.rs:72:16
[INFO] [stdout]    |
[INFO] [stdout] 72 | impl Empty for SMALL_RECT {
[INFO] [stdout]    |                ^^^^^^^^^^ not found in this scope
[INFO] [stdout] 
[INFO] [stdout] 
[INFO] [stdout] error[E0412]: cannot find type `SMALL_RECT` in this scope
[INFO] [stdout]   --> src/lib.rs:73:19
[INFO] [stdout]    |
[INFO] [stdout] 73 |     fn empty() -> SMALL_RECT {
[INFO] [stdout]    |                   ^^^^^^^^^^ not found in this scope
[INFO] [stdout] 
[INFO] [stdout] 
[INFO] [stdout] error[E0412]: cannot find type `HANDLE` in this scope
[INFO] [stdout]   --> src/lib.rs:86:21
[INFO] [stdout]    |
[INFO] [stdout] 86 |     console_handle: HANDLE,
[INFO] [stdout]    |                     ^^^^^^ not found in this scope
[INFO] [stdout] 
[INFO] [stdout] 
[INFO] [stdout] error[E0412]: cannot find type `HANDLE` in this scope
[INFO] [stdout]   --> src/lib.rs:87:24
[INFO] [stdout]    |
[INFO] [stdout] 87 |     console_handle_in: HANDLE,
[INFO] [stdout]    |                        ^^^^^^ not found in this scope
[INFO] [stdout] 
[INFO] [stdout] 
[INFO] [stdout] error[E0412]: cannot find type `SMALL_RECT` in this scope
[INFO] [stdout]   --> src/lib.rs:96:18
[INFO] [stdout]    |
[INFO] [stdout] 96 |     rect_window: SMALL_RECT,
[INFO] [stdout]    |                  ^^^^^^^^^^ not found in this scope
[INFO] [stdout] 
[INFO] [stdout] 
[INFO] [stdout] error[E0412]: cannot find type `CHAR_INFO` in this scope
[INFO] [stdout]    --> src/lib.rs:101:26
[INFO] [stdout]     |
[INFO] [stdout] 83  | pub struct OlcConsoleGameEngine {
[INFO] [stdout]     |                                - help: you might be missing a type parameter: `<CHAR_INFO>`
[INFO] [stdout] ...
[INFO] [stdout] 101 |     pub text_buffer: Vec<CHAR_INFO>,
[INFO] [stdout]     |                          ^^^^^^^^^ not found in this scope
[INFO] [stdout] 
[INFO] [stdout] 
[INFO] [stdout] error[E0412]: cannot find type `HANDLE` in this scope
[INFO] [stdout]    --> src/lib.rs:219:62
[INFO] [stdout]     |
[INFO] [stdout] 219 |     fn get_console_screen_buffer_info(&self, console_handle: HANDLE, buffer_struct: PCONSOLE_SCREEN_BUFFER_INFO) -> Result<i32, &'static ...
[INFO] [stdout]     |                                                              ^^^^^^ not found in this scope
[INFO] [stdout] 
[INFO] [stdout] 
[INFO] [stdout] error[E0412]: cannot find type `PCONSOLE_SCREEN_BUFFER_INFO` in this scope
[INFO] [stdout]    --> src/lib.rs:219:85
[INFO] [stdout]     |
[INFO] [stdout] 219 | ..., console_handle: HANDLE, buffer_struct: PCONSOLE_SCREEN_BUFFER_INFO) -> Result<i32, &'static str> {
[INFO] [stdout]     |                                             ^^^^^^^^^^^^^^^^^^^^^^^^^^^ not found in this scope
[INFO] [stdout] 
[INFO] [stdout] 
[INFO] [stdout] error[E0412]: cannot find type `HANDLE` in this scope
[INFO] [stdout]    --> src/lib.rs:229:64
[INFO] [stdout]     |
[INFO] [stdout] 229 |     fn set_console_active_screen_buffer(&self, console_handle: HANDLE) -> Result<i32, &'static str> {
[INFO] [stdout]     |                                                                ^^^^^^ not found in this scope
[INFO] [stdout] 
[INFO] [stdout] 
[INFO] [stdout] error[E0412]: cannot find type `HANDLE` in this scope
[INFO] [stdout]    --> src/lib.rs:239:62
[INFO] [stdout]     |
[INFO] [stdout] 239 |     fn set_console_screen_buffer_size(&self, console_handle: HANDLE, size: COORD) -> Result<i32, &'static str> {
[INFO] [stdout]     |                                                              ^^^^^^ not found in this scope
[INFO] [stdout] 
[INFO] [stdout] 
[INFO] [stdout] error[E0412]: cannot find type `COORD` in this scope
[INFO] [stdout]    --> src/lib.rs:239:76
[INFO] [stdout]     |
[INFO] [stdout] 239 |     fn set_console_screen_buffer_size(&self, console_handle: HANDLE, size: COORD) -> Result<i32, &'static str> {
[INFO] [stdout]     |                                                                            ^^^^^ not found in this scope
[INFO] [stdout] 
[INFO] [stdout] 
[INFO] [stdout] error[E0412]: cannot find type `LPCWSTR` in this scope
[INFO] [stdout]    --> src/lib.rs:249:48
[INFO] [stdout]     |
[INFO] [stdout] 249 |     fn set_console_title(&self, console_title: LPCWSTR) -> Result<i32, &'static str> {
[INFO] [stdout]     |                                                ^^^^^^^ not found in this scope
[INFO] [stdout] 
[INFO] [stdout] 
[INFO] [stdout] error[E0412]: cannot find type `HANDLE` in this scope
[INFO] [stdout]    --> src/lib.rs:259:55
[INFO] [stdout]     |
[INFO] [stdout] 259 |     fn set_console_window_info(&self, console_handle: HANDLE, absolute: BOOL, rect_struct: *const SMALL_RECT) -> Result<i32, &'static str> {
[INFO] [stdout]     |                                                       ^^^^^^ not found in this scope
[INFO] [stdout] 
[INFO] [stdout] 
[INFO] [stdout] error[E0412]: cannot find type `BOOL` in this scope
[INFO] [stdout]    --> src/lib.rs:259:73
[INFO] [stdout]     |
[INFO] [stdout] 259 |     fn set_console_window_info(&self, console_handle: HANDLE, absolute: BOOL, rect_struct: *const SMALL_RECT) -> Result<i32, &'static str> {
[INFO] [stdout]     |                                                                         ^^^^ not found in this scope
[INFO] [stdout] 
[INFO] [stdout] 
[INFO] [stdout] error[E0412]: cannot find type `SMALL_RECT` in this scope
[INFO] [stdout]    --> src/lib.rs:259:99
[INFO] [stdout]     |
[INFO] [stdout] 259 |     fn set_console_window_info(&self, console_handle: HANDLE, absolute: BOOL, rect_struct: *const SMALL_RECT) -> Result<i32, &'static str> {
[INFO] [stdout]     |                                                                                                   ^^^^^^^^^^ not found in this scope
[INFO] [stdout] 
[INFO] [stdout] 
[INFO] [stdout] error[E0412]: cannot find type `HANDLE` in this scope
[INFO] [stdout]    --> src/lib.rs:269:59
[INFO] [stdout]     |
[INFO] [stdout] 269 |     fn set_current_console_font_ex(&self, console_handle: HANDLE, max_window: BOOL, font_struct: PCONSOLE_FONT_INFOEX) -> Result<i32, &'s...
[INFO] [stdout]     |                                                           ^^^^^^ not found in this scope
[INFO] [stdout] 
[INFO] [stdout] 
[INFO] [stdout] error[E0412]: cannot find type `BOOL` in this scope
[INFO] [stdout]    --> src/lib.rs:269:79
[INFO] [stdout]     |
[INFO] [stdout] 269 |     fn set_current_console_font_ex(&self, console_handle: HANDLE, max_window: BOOL, font_struct: PCONSOLE_FONT_INFOEX) -> Result<i32, &'s...
[INFO] [stdout]     |                                                                               ^^^^ not found in this scope
[INFO] [stdout] 
[INFO] [stdout] 
[INFO] [stdout] error[E0412]: cannot find type `PCONSOLE_FONT_INFOEX` in this scope
[INFO] [stdout]    --> src/lib.rs:269:98
[INFO] [stdout]     |
[INFO] [stdout] 269 | ...ndle: HANDLE, max_window: BOOL, font_struct: PCONSOLE_FONT_INFOEX) -> Result<i32, &'static str> {
[INFO] [stdout]     |                                                 ^^^^^^^^^^^^^^^^^^^^ not found in this scope
[INFO] [stdout] 
[INFO] [stdout] 
[INFO] [stdout] error[E0412]: cannot find type `LPWSTR` in this scope
[INFO] [stdout]    --> src/lib.rs:280:39
[INFO] [stdout]     |
[INFO] [stdout] 280 |     fn set_face_name(&self, string_1: LPWSTR, string_2: LPCWSTR) {
[INFO] [stdout]     |                                       ^^^^^^ not found in this scope
[INFO] [stdout] 
[INFO] [stdout] 
[INFO] [stdout] error[E0412]: cannot find type `LPCWSTR` in this scope
[INFO] [stdout]    --> src/lib.rs:280:57
[INFO] [stdout]     |
[INFO] [stdout] 280 |     fn set_face_name(&self, string_1: LPWSTR, string_2: LPCWSTR) {
[INFO] [stdout]     |                                                         ^^^^^^^ not found in this scope
[INFO] [stdout] 
[INFO] [stdout] 
[INFO] [stdout] error[E0412]: cannot find type `CONSOLE_SCREEN_BUFFER_INFO` in this scope
[INFO] [stdout]    --> src/lib.rs:284:52
[INFO] [stdout]     |
[INFO] [stdout] 284 |     fn validate_window_size(&self, buffer_struct: &CONSOLE_SCREEN_BUFFER_INFO) -> Result<&'static str, &'static str> {
[INFO] [stdout]     |                                                    ^^^^^^^^^^^^^^^^^^^^^^^^^^ not found in this scope
[INFO] [stdout] 
[INFO] [stdout] 
[INFO] [stdout] error[E0412]: cannot find type `HANDLE` in this scope
[INFO] [stdout]    --> src/lib.rs:294:52
[INFO] [stdout]     |
[INFO] [stdout] 294 |     fn write_console_output(&self, console_handle: HANDLE, buffer: *const CHAR_INFO, buffer_size: COORD, buffer_coord: COORD, write_regio...
[INFO] [stdout]     |                                                    ^^^^^^ not found in this scope
[INFO] [stdout] 
[INFO] [stdout] 
[INFO] [stdout] error[E0412]: cannot find type `CHAR_INFO` in this scope
[INFO] [stdout]    --> src/lib.rs:294:75
[INFO] [stdout]     |
[INFO] [stdout] 294 |     fn write_console_output(&self, console_handle: HANDLE, buffer: *const CHAR_INFO, buffer_size: COORD, buffer_coord: COORD, write_regio...
[INFO] [stdout]     |                                                                           ^^^^^^^^^ not found in this scope
[INFO] [stdout] 
[INFO] [stdout] 
[INFO] [stdout] error[E0412]: cannot find type `COORD` in this scope
[INFO] [stdout]    --> src/lib.rs:294:99
[INFO] [stdout]     |
[INFO] [stdout] 294 |     fn write_console_output(&self, console_handle: HANDLE, buffer: *const CHAR_INFO, buffer_size: COORD, buffer_coord: COORD, write_regio...
[INFO] [stdout]     |                                                                                                   ^^^^^ not found in this scope
[INFO] [stdout] 
[INFO] [stdout] 
[INFO] [stdout] error[E0412]: cannot find type `COORD` in this scope
[INFO] [stdout]    --> src/lib.rs:294:120
[INFO] [stdout]     |
[INFO] [stdout] 294 | ...*const CHAR_INFO, buffer_size: COORD, buffer_coord: COORD, write_region: PSMALL_RECT) -> Result<i32, &'static str> {
[INFO] [stdout]     |                                                        ^^^^^ not found in this scope
[INFO] [stdout] 
[INFO] [stdout] 
[INFO] [stdout] error[E0412]: cannot find type `PSMALL_RECT` in this scope
[INFO] [stdout]    --> src/lib.rs:294:141
[INFO] [stdout]     |
[INFO] [stdout] 294 | ..._size: COORD, buffer_coord: COORD, write_region: PSMALL_RECT) -> Result<i32, &'static str> {
[INFO] [stdout]     |                                                     ^^^^^^^^^^^ not found in this scope
[INFO] [stdout] 
[INFO] [stdout] 
[INFO] [stdout] error[E0412]: cannot find type `SHORT` in this scope
[INFO] [stdout]    --> src/lib.rs:312:51
[INFO] [stdout]     |
[INFO] [stdout] 312 |     pub fn draw(&mut self, x: usize, y: usize, c: SHORT, col: SHORT) {
[INFO] [stdout]     |                                                   ^^^^^ not found in this scope
[INFO] [stdout] 
[INFO] [stdout] 
[INFO] [stdout] error[E0412]: cannot find type `SHORT` in this scope
[INFO] [stdout]    --> src/lib.rs:312:63
[INFO] [stdout]     |
[INFO] [stdout] 312 |     pub fn draw(&mut self, x: usize, y: usize, c: SHORT, col: SHORT) {
[INFO] [stdout]     |                                                               ^^^^^ not found in this scope
[INFO] [stdout] 
[INFO] [stdout] 
[INFO] [stdout] error[E0412]: cannot find type `SHORT` in this scope
[INFO] [stdout]    --> src/lib.rs:325:66
[INFO] [stdout]     |
[INFO] [stdout] 325 |     fn draw_circle(&mut self, xc: usize, yc: usize, r: usize, c: SHORT, col: SHORT) {
[INFO] [stdout]     |                                                                  ^^^^^ not found in this scope
[INFO] [stdout] 
[INFO] [stdout] 
[INFO] [stdout] error[E0412]: cannot find type `SHORT` in this scope
[INFO] [stdout]    --> src/lib.rs:325:78
[INFO] [stdout]     |
[INFO] [stdout] 325 |     fn draw_circle(&mut self, xc: usize, yc: usize, r: usize, c: SHORT, col: SHORT) {
[INFO] [stdout]     |                                                                              ^^^^^ not found in this scope
[INFO] [stdout] 
[INFO] [stdout] 
[INFO] [stdout] error[E0412]: cannot find type `SHORT` in this scope
[INFO] [stdout]    --> src/lib.rs:354:72
[INFO] [stdout]     |
[INFO] [stdout] 354 |     fn draw_line(&mut self, x_1: i16, y_1: i16, x_2: i16, y_2: i16, c: SHORT, col: SHORT) {
[INFO] [stdout]     |                                                                        ^^^^^ not found in this scope
[INFO] [stdout] 
[INFO] [stdout] 
[INFO] [stdout] error[E0412]: cannot find type `SHORT` in this scope
[INFO] [stdout]    --> src/lib.rs:354:84
[INFO] [stdout]     |
[INFO] [stdout] 354 |     fn draw_line(&mut self, x_1: i16, y_1: i16, x_2: i16, y_2: i16, c: SHORT, col: SHORT) {
[INFO] [stdout]     |                                                                                    ^^^^^ not found in this scope
[INFO] [stdout] 
[INFO] [stdout] 
[INFO] [stdout] error[E0412]: cannot find type `SHORT` in this scope
[INFO] [stdout]    --> src/lib.rs:452:79
[INFO] [stdout]     |
[INFO] [stdout] 452 |     pub fn fill(&mut self, x_1: usize, y_1: usize, x_2: usize, y_2: usize, c: SHORT, col: SHORT) {
[INFO] [stdout]     |                                                                               ^^^^^ not found in this scope
[INFO] [stdout] 
[INFO] [stdout] 
[INFO] [stdout] error[E0412]: cannot find type `SHORT` in this scope
[INFO] [stdout]    --> src/lib.rs:452:91
[INFO] [stdout]     |
[INFO] [stdout] 452 |     pub fn fill(&mut self, x_1: usize, y_1: usize, x_2: usize, y_2: usize, c: SHORT, col: SHORT) {
[INFO] [stdout]     |                                                                                           ^^^^^ not found in this scope
[INFO] [stdout] 
[INFO] [stdout] 
[INFO] [stdout] error: Compilation failed, aborting rustdoc
[INFO] [stdout] 
[INFO] [stdout] 
[INFO] [stdout] error: aborting due to 55 previous errors
[INFO] [stdout] 
[INFO] [stdout] 
[INFO] [stdout] Some errors have detailed explanations: E0412, E0433.
[INFO] [stdout] 
[INFO] [stdout] For more information about an error, try `rustc --explain E0412`.
[INFO] [stdout] 
[INFO] [stderr] error: could not document `rustyConsoleGameEngine`
[INFO] [stderr] 
[INFO] [stderr] Caused by:
[INFO] [stderr]   process didn't exit successfully: `rustdoc --edition=2018 --crate-type lib --crate-name rustyConsoleGameEngine src/lib.rs -o /opt/rustwide/target/doc --error-format=json --json=diagnostic-rendered-ansi --document-private-items -L dependency=/opt/rustwide/target/debug/deps --extern rand=/opt/rustwide/target/debug/deps/librand-e0528d8c2c2f6722.rmeta --extern widestring=/opt/rustwide/target/debug/deps/libwidestring-f57f74aa89152717.rmeta --cap-lints=warn --crate-version 0.1.0` (exit status: 1)
[INFO] running `Command { std: "docker" "inspect" "a4de96a380a465649d76e7bdcf5949e567cd8e323032b2b110164442646af028", kill_on_drop: false }`
[INFO] running `Command { std: "docker" "rm" "-f" "a4de96a380a465649d76e7bdcf5949e567cd8e323032b2b110164442646af028", kill_on_drop: false }`
[INFO] [stdout] a4de96a380a465649d76e7bdcf5949e567cd8e323032b2b110164442646af028
