[INFO] fetching crate rustfmt_fn 0.1.0...
[INFO] documenting rustfmt_fn-0.1.0 against 1.54.0 for beta-1.55-rustdoc-1
[INFO] extracting crate rustfmt_fn 0.1.0 into /workspace/builds/worker-9/source
[INFO] validating manifest of crates.io crate rustfmt_fn 0.1.0 on toolchain 1.54.0
[INFO] running `Command { std: "/workspace/cargo-home/bin/cargo" "+1.54.0" "metadata" "--manifest-path" "Cargo.toml" "--no-deps", kill_on_drop: false }`
[INFO] started tweaking crates.io crate rustfmt_fn 0.1.0
[INFO] finished tweaking crates.io crate rustfmt_fn 0.1.0
[INFO] tweaked toml for crates.io crate rustfmt_fn 0.1.0 written to /workspace/builds/worker-9/source/Cargo.toml
[INFO] running `Command { std: "/workspace/cargo-home/bin/cargo" "+1.54.0" "generate-lockfile" "--manifest-path" "Cargo.toml" "-Zno-index-update", kill_on_drop: false }`
[INFO] [stderr]     Blocking waiting for file lock on package cache
[INFO] running `Command { std: "/workspace/cargo-home/bin/cargo" "+1.54.0" "fetch" "--manifest-path" "Cargo.toml", kill_on_drop: false }`
[INFO] [stderr]     Blocking waiting for file lock on package cache
[INFO] [stderr]  Downloading crates ...
[INFO] [stderr]   Downloaded rustfmt-config_proc_macro v0.2.0
[INFO] [stderr]   Downloaded rustc-ap-rustc_macros v677.0.0
[INFO] [stderr]   Downloaded rustc-ap-rustc_arena v677.0.0
[INFO] [stderr]   Downloaded rustc-ap-rustc_fs_util v677.0.0
[INFO] [stderr]   Downloaded rustc-ap-rustc_feature v677.0.0
[INFO] [stderr]   Downloaded rustc-ap-rustc_errors v677.0.0
[INFO] [stderr]   Downloaded rustc-ap-rustc_lexer v677.0.0
[INFO] [stderr]   Downloaded rustc-ap-rustc_ast_passes v677.0.0
[INFO] [stderr]   Downloaded rustc-ap-rustc_ast v677.0.0
[INFO] [stderr]   Downloaded rustc-ap-rustc_attr v677.0.0
[INFO] [stderr]   Downloaded rustc-ap-rustc_ast_pretty v677.0.0
[INFO] [stderr]   Downloaded rustc-ap-rustc_target v677.0.0
[INFO] [stderr]   Downloaded rustc-ap-rustc_serialize v677.0.0
[INFO] [stderr]   Downloaded rustc-ap-rustc_session v677.0.0
[INFO] [stderr]   Downloaded rustc-ap-rustc_expand v677.0.0
[INFO] [stderr]   Downloaded rustc-ap-rustc_parse v677.0.0
[INFO] [stderr]   Downloaded rustfmt-nightly v1.4.21
[INFO] [stderr]   Downloaded rustc-ap-rustc_data_structures v677.0.0
[INFO] [stderr]   Downloaded rustc-ap-rustc_graphviz v677.0.0
[INFO] [stderr]   Downloaded rustc-ap-rustc_index v677.0.0
[INFO] [stderr]   Downloaded rustc-ap-rustc_span v677.0.0
[INFO] running `Command { std: "docker" "create" "-v" "/var/lib/crater-agent-workspace/builds/worker-9/target:/opt/rustwide/target:rw,Z" "-v" "/var/lib/crater-agent-workspace/builds/worker-9/source:/opt/rustwide/workdir:ro,Z" "-v" "/var/lib/crater-agent-workspace/cargo-home:/opt/rustwide/cargo-home:ro,Z" "-v" "/var/lib/crater-agent-workspace/rustup-home:/opt/rustwide/rustup-home:ro,Z" "-e" "SOURCE_DIR=/opt/rustwide/workdir" "-e" "CARGO_TARGET_DIR=/opt/rustwide/target" "-e" "CARGO_HOME=/opt/rustwide/cargo-home" "-e" "RUSTUP_HOME=/opt/rustwide/rustup-home" "-w" "/opt/rustwide/workdir" "-m" "1610612736" "--user" "0:0" "--network" "none" "ghcr.io/rust-lang/crates-build-env/linux@sha256:34b6a614d2c27851fe6cbf88fbd1137609cefab8b10d0615aaeb6fd47975d74e" "/opt/rustwide/cargo-home/bin/cargo" "+1.54.0" "metadata" "--no-deps" "--format-version=1", kill_on_drop: false }`
[INFO] [stdout] a7c54542338c17cb513195a93671caf73748f39842f7788413fab105261aa5a6
[INFO] [stderr] WARNING: Your kernel does not support swap limit capabilities or the cgroup is not mounted. Memory limited without swap.
[INFO] running `Command { std: "docker" "start" "-a" "a7c54542338c17cb513195a93671caf73748f39842f7788413fab105261aa5a6", kill_on_drop: false }`
[INFO] running `Command { std: "docker" "inspect" "a7c54542338c17cb513195a93671caf73748f39842f7788413fab105261aa5a6", kill_on_drop: false }`
[INFO] running `Command { std: "docker" "rm" "-f" "a7c54542338c17cb513195a93671caf73748f39842f7788413fab105261aa5a6", kill_on_drop: false }`
[INFO] [stdout] a7c54542338c17cb513195a93671caf73748f39842f7788413fab105261aa5a6
[INFO] running `Command { std: "docker" "create" "-v" "/var/lib/crater-agent-workspace/builds/worker-9/target:/opt/rustwide/target:rw,Z" "-v" "/var/lib/crater-agent-workspace/builds/worker-9/source:/opt/rustwide/workdir:ro,Z" "-v" "/var/lib/crater-agent-workspace/cargo-home:/opt/rustwide/cargo-home:ro,Z" "-v" "/var/lib/crater-agent-workspace/rustup-home:/opt/rustwide/rustup-home:ro,Z" "-e" "SOURCE_DIR=/opt/rustwide/workdir" "-e" "CARGO_TARGET_DIR=/opt/rustwide/target" "-e" "CARGO_INCREMENTAL=0" "-e" "RUST_BACKTRACE=full" "-e" "RUSTDOCFLAGS=--cap-lints=warn" "-e" "CARGO_HOME=/opt/rustwide/cargo-home" "-e" "RUSTUP_HOME=/opt/rustwide/rustup-home" "-w" "/opt/rustwide/workdir" "-m" "1610612736" "--user" "0:0" "--network" "none" "ghcr.io/rust-lang/crates-build-env/linux@sha256:34b6a614d2c27851fe6cbf88fbd1137609cefab8b10d0615aaeb6fd47975d74e" "/opt/rustwide/cargo-home/bin/cargo" "+1.54.0" "doc" "--frozen" "--no-deps" "--document-private-items" "--message-format=json", kill_on_drop: false }`
[INFO] [stdout] 8ce05041a23141bd966081015bf99a2f6cde776a4e51705e166ada0462e26bbc
[INFO] [stderr] WARNING: Your kernel does not support swap limit capabilities or the cgroup is not mounted. Memory limited without swap.
[INFO] running `Command { std: "docker" "start" "-a" "8ce05041a23141bd966081015bf99a2f6cde776a4e51705e166ada0462e26bbc", kill_on_drop: false }`
[INFO] [stderr]     Checking smallvec v1.6.1
[INFO] [stderr]    Compiling rustc-rayon-core v0.3.1
[INFO] [stderr]     Checking rustc-ap-rustc_graphviz v677.0.0
[INFO] [stderr]     Checking annotate-snippets v0.8.0
[INFO] [stderr]     Checking rustc-ap-rustc_fs_util v677.0.0
[INFO] [stderr]     Checking version_check v0.9.3
[INFO] [stderr]    Compiling rustfmt-nightly v1.4.21
[INFO] [stderr]     Checking rustc-workspace-hack v1.0.0
[INFO] [stderr]     Checking bytecount v0.6.2
[INFO] [stderr]     Checking diff v0.1.12
[INFO] [stderr]    Compiling crossbeam-utils v0.7.2
[INFO] [stderr]     Checking lock_api v0.3.4
[INFO] [stderr]    Compiling psm v0.1.14
[INFO] [stderr]    Compiling stacker v0.1.14
[INFO] [stderr]     Checking rustc-ap-rustc_lexer v677.0.0
[INFO] [stderr]     Checking annotate-snippets v0.6.1
[INFO] [stdout] error[E0554]: `#![feature]` may not be used on the stable release channel
[INFO] [stdout]   --> /opt/rustwide/cargo-home/registry/src/github.com-1ecc6299db9ec823/smallvec-1.6.1/src/lib.rs:76:37
[INFO] [stdout]    |
[INFO] [stdout] 76 | #![cfg_attr(feature = "may_dangle", feature(dropck_eyepatch))]
[INFO] [stdout]    |                                     ^^^^^^^^^^^^^^^^^^^^^^^^
[INFO] [stdout] 
[INFO] [stdout] 
[INFO] [stdout] error[E0557]: feature has been removed
[INFO] [stdout]   --> /opt/rustwide/cargo-home/registry/src/github.com-1ecc6299db9ec823/lock_api-0.3.4/src/lib.rs:91:42
[INFO] [stdout]    |
[INFO] [stdout] 91 | #![cfg_attr(feature = "nightly", feature(const_fn))]
[INFO] [stdout]    |                                          ^^^^^^^^ feature has been removed
[INFO] [stdout]    |
[INFO] [stdout]    = note: split into finer-grained feature gates
[INFO] [stdout] 
[INFO] [stdout] 
[INFO] [stdout] error[E0554]: `#![feature]` may not be used on the stable release channel
[INFO] [stdout]   --> /opt/rustwide/cargo-home/registry/src/github.com-1ecc6299db9ec823/lock_api-0.3.4/src/lib.rs:91:34
[INFO] [stdout]    |
[INFO] [stdout] 91 | #![cfg_attr(feature = "nightly", feature(const_fn))]
[INFO] [stdout]    |                                  ^^^^^^^^^^^^^^^^^
[INFO] [stdout] 
[INFO] [stdout] 
[INFO] [stdout] error[E0554]: `#![feature]` may not be used on the stable release channel
[INFO] [stdout]    --> /opt/rustwide/cargo-home/registry/src/github.com-1ecc6299db9ec823/rustc-ap-rustc_graphviz-677.0.0/src/lib.rs:278:1
[INFO] [stdout]     |
[INFO] [stdout] 278 | #![feature(nll)]
[INFO] [stdout]     | ^^^^^^^^^^^^^^^^
[INFO] [stdout] 
[INFO] [stdout] 
[INFO] [stderr]     Checking jobserver v0.1.23
[INFO] [stdout] error: aborting due to 2 previous errors
[INFO] [stdout] 
[INFO] [stdout] 
[INFO] [stdout] Some errors have detailed explanations: E0554, E0557.
[INFO] [stdout] 
[INFO] [stdout] For more information about an error, try `rustc --explain E0554`.
[INFO] [stdout] 
[INFO] [stderr]     Checking termize v0.1.1
[INFO] [stderr] error: could not compile `lock_api`
[INFO] [stderr] 
[INFO] [stderr] To learn more, run the command again with --verbose.
[INFO] [stderr] warning: build failed, waiting for other jobs to finish...
[INFO] [stdout] error: aborting due to previous error
[INFO] [stdout] 
[INFO] [stdout] 
[INFO] [stdout] For more information about this error, try `rustc --explain E0554`.
[INFO] [stdout] 
[INFO] [stdout] error: aborting due to previous error
[INFO] [stdout] 
[INFO] [stdout] 
[INFO] [stdout] For more information about this error, try `rustc --explain E0554`.
[INFO] [stdout] 
[INFO] [stderr] error: build failed
[INFO] running `Command { std: "docker" "inspect" "8ce05041a23141bd966081015bf99a2f6cde776a4e51705e166ada0462e26bbc", kill_on_drop: false }`
[INFO] running `Command { std: "docker" "rm" "-f" "8ce05041a23141bd966081015bf99a2f6cde776a4e51705e166ada0462e26bbc", kill_on_drop: false }`
[INFO] [stdout] 8ce05041a23141bd966081015bf99a2f6cde776a4e51705e166ada0462e26bbc
