[INFO] fetching crate rustc-ap-rustc_ast_passes 727.0.0...
[INFO] documenting rustc-ap-rustc_ast_passes-727.0.0 against 1.54.0 for beta-1.55-rustdoc-1
[INFO] extracting crate rustc-ap-rustc_ast_passes 727.0.0 into /workspace/builds/worker-2/source
[INFO] validating manifest of crates.io crate rustc-ap-rustc_ast_passes 727.0.0 on toolchain 1.54.0
[INFO] running `Command { std: "/workspace/cargo-home/bin/cargo" "+1.54.0" "metadata" "--manifest-path" "Cargo.toml" "--no-deps", kill_on_drop: false }`
[INFO] started tweaking crates.io crate rustc-ap-rustc_ast_passes 727.0.0
[INFO] finished tweaking crates.io crate rustc-ap-rustc_ast_passes 727.0.0
[INFO] tweaked toml for crates.io crate rustc-ap-rustc_ast_passes 727.0.0 written to /workspace/builds/worker-2/source/Cargo.toml
[INFO] running `Command { std: "/workspace/cargo-home/bin/cargo" "+1.54.0" "generate-lockfile" "--manifest-path" "Cargo.toml" "-Zno-index-update", kill_on_drop: false }`
[INFO] running `Command { std: "/workspace/cargo-home/bin/cargo" "+1.54.0" "fetch" "--manifest-path" "Cargo.toml", kill_on_drop: false }`
[INFO] running `Command { std: "docker" "create" "-v" "/var/lib/crater-agent-workspace/builds/worker-2/target:/opt/rustwide/target:rw,Z" "-v" "/var/lib/crater-agent-workspace/builds/worker-2/source:/opt/rustwide/workdir:ro,Z" "-v" "/var/lib/crater-agent-workspace/cargo-home:/opt/rustwide/cargo-home:ro,Z" "-v" "/var/lib/crater-agent-workspace/rustup-home:/opt/rustwide/rustup-home:ro,Z" "-e" "SOURCE_DIR=/opt/rustwide/workdir" "-e" "CARGO_TARGET_DIR=/opt/rustwide/target" "-e" "CARGO_HOME=/opt/rustwide/cargo-home" "-e" "RUSTUP_HOME=/opt/rustwide/rustup-home" "-w" "/opt/rustwide/workdir" "-m" "1610612736" "--user" "0:0" "--network" "none" "ghcr.io/rust-lang/crates-build-env/linux@sha256:34b6a614d2c27851fe6cbf88fbd1137609cefab8b10d0615aaeb6fd47975d74e" "/opt/rustwide/cargo-home/bin/cargo" "+1.54.0" "metadata" "--no-deps" "--format-version=1", kill_on_drop: false }`
[INFO] [stderr] WARNING: Your kernel does not support swap limit capabilities or the cgroup is not mounted. Memory limited without swap.
[INFO] [stdout] 7461e33a1fcc3a7f3e486524046625b88af3f1ee695e515a2ada824159e1c531
[INFO] running `Command { std: "docker" "start" "-a" "7461e33a1fcc3a7f3e486524046625b88af3f1ee695e515a2ada824159e1c531", kill_on_drop: false }`
[INFO] running `Command { std: "docker" "inspect" "7461e33a1fcc3a7f3e486524046625b88af3f1ee695e515a2ada824159e1c531", kill_on_drop: false }`
[INFO] running `Command { std: "docker" "rm" "-f" "7461e33a1fcc3a7f3e486524046625b88af3f1ee695e515a2ada824159e1c531", kill_on_drop: false }`
[INFO] [stdout] 7461e33a1fcc3a7f3e486524046625b88af3f1ee695e515a2ada824159e1c531
[INFO] running `Command { std: "docker" "create" "-v" "/var/lib/crater-agent-workspace/builds/worker-2/target:/opt/rustwide/target:rw,Z" "-v" "/var/lib/crater-agent-workspace/builds/worker-2/source:/opt/rustwide/workdir:ro,Z" "-v" "/var/lib/crater-agent-workspace/cargo-home:/opt/rustwide/cargo-home:ro,Z" "-v" "/var/lib/crater-agent-workspace/rustup-home:/opt/rustwide/rustup-home:ro,Z" "-e" "SOURCE_DIR=/opt/rustwide/workdir" "-e" "CARGO_TARGET_DIR=/opt/rustwide/target" "-e" "CARGO_INCREMENTAL=0" "-e" "RUST_BACKTRACE=full" "-e" "RUSTDOCFLAGS=--cap-lints=warn" "-e" "CARGO_HOME=/opt/rustwide/cargo-home" "-e" "RUSTUP_HOME=/opt/rustwide/rustup-home" "-w" "/opt/rustwide/workdir" "-m" "1610612736" "--user" "0:0" "--network" "none" "ghcr.io/rust-lang/crates-build-env/linux@sha256:34b6a614d2c27851fe6cbf88fbd1137609cefab8b10d0615aaeb6fd47975d74e" "/opt/rustwide/cargo-home/bin/cargo" "+1.54.0" "doc" "--frozen" "--no-deps" "--document-private-items" "--message-format=json", kill_on_drop: false }`
[INFO] [stderr] WARNING: Your kernel does not support swap limit capabilities or the cgroup is not mounted. Memory limited without swap.
[INFO] [stdout] 89318ad648cf90465d53114c41268c64740241c0ac73d7cc65755a90f3055354
[INFO] running `Command { std: "docker" "start" "-a" "89318ad648cf90465d53114c41268c64740241c0ac73d7cc65755a90f3055354", kill_on_drop: false }`
[INFO] [stderr]     Checking smallvec v1.6.1
[INFO] [stderr]    Compiling rustc-rayon-core v0.3.1
[INFO] [stderr]     Checking rustc-ap-rustc_graphviz v727.0.0
[INFO] [stderr]     Checking annotate-snippets v0.8.0
[INFO] [stderr]     Checking rustc-ap-rustc_fs_util v727.0.0
[INFO] [stderr]    Compiling psm v0.1.14
[INFO] [stderr]    Compiling stacker v0.1.14
[INFO] [stderr]     Checking rustc-ap-rustc_lexer v727.0.0
[INFO] [stderr]     Checking getopts v0.2.21
[INFO] [stderr]     Checking perf-event-open-sys v1.0.1
[INFO] [stderr]     Checking memmap2 v0.2.3
[INFO] [stderr]     Checking jobserver v0.1.23
[INFO] [stderr]     Checking termize v0.1.1
[INFO] [stderr]     Checking ena v0.14.0
[INFO] [stderr]    Compiling rustc-ap-rustc_macros v727.0.0
[INFO] [stderr]     Checking tracing v0.1.26
[INFO] [stdout] error[E0554]: `#![feature]` may not be used on the stable release channel
[INFO] [stdout]   --> /opt/rustwide/cargo-home/registry/src/github.com-1ecc6299db9ec823/smallvec-1.6.1/src/lib.rs:76:37
[INFO] [stdout]    |
[INFO] [stdout] 76 | #![cfg_attr(feature = "may_dangle", feature(dropck_eyepatch))]
[INFO] [stdout]    |                                     ^^^^^^^^^^^^^^^^^^^^^^^^
[INFO] [stdout] 
[INFO] [stdout] 
[INFO] [stderr]     Checking md-5 v0.9.1
[INFO] [stdout] error[E0554]: `#![feature]` may not be used on the stable release channel
[INFO] [stdout]    --> /opt/rustwide/cargo-home/registry/src/github.com-1ecc6299db9ec823/rustc-ap-rustc_graphviz-727.0.0/src/lib.rs:278:1
[INFO] [stdout]     |
[INFO] [stdout] 278 | #![feature(nll)]
[INFO] [stdout]     | ^^^^^^^^^^^^^^^^
[INFO] [stdout] 
[INFO] [stdout] 
[INFO] [stdout] error: aborting due to previous error
[INFO] [stdout] 
[INFO] [stdout] 
[INFO] [stdout] For more information about this error, try `rustc --explain E0554`.
[INFO] [stdout] 
[INFO] [stderr] error: could not compile `rustc-ap-rustc_graphviz`
[INFO] [stderr] 
[INFO] [stderr] To learn more, run the command again with --verbose.
[INFO] [stderr] warning: build failed, waiting for other jobs to finish...
[INFO] [stdout] error: aborting due to previous error
[INFO] [stdout] 
[INFO] [stdout] 
[INFO] [stdout] For more information about this error, try `rustc --explain E0554`.
[INFO] [stdout] 
[INFO] [stdout] error[E0554]: `#![feature]` may not be used on the stable release channel
[INFO] [stdout]  --> /opt/rustwide/cargo-home/registry/src/github.com-1ecc6299db9ec823/rustc-ap-rustc_macros-727.0.0/src/lib.rs:1:1
[INFO] [stdout]   |
[INFO] [stdout] 1 | #![feature(proc_macro_diagnostic)]
[INFO] [stdout]   | ^^^^^^^^^^^^^^^^^^^^^^^^^^^^^^^^^^
[INFO] [stdout] 
[INFO] [stdout] 
[INFO] [stdout] error: aborting due to previous error
[INFO] [stdout] 
[INFO] [stdout] 
[INFO] [stdout] For more information about this error, try `rustc --explain E0554`.
[INFO] [stdout] 
[INFO] [stderr] error: build failed
[INFO] running `Command { std: "docker" "inspect" "89318ad648cf90465d53114c41268c64740241c0ac73d7cc65755a90f3055354", kill_on_drop: false }`
[INFO] running `Command { std: "docker" "rm" "-f" "89318ad648cf90465d53114c41268c64740241c0ac73d7cc65755a90f3055354", kill_on_drop: false }`
[INFO] [stdout] 89318ad648cf90465d53114c41268c64740241c0ac73d7cc65755a90f3055354
