[INFO] fetching crate rubric 0.16.0...
[INFO] documenting rubric-0.16.0 against 1.54.0 for beta-1.55-rustdoc-1
[INFO] extracting crate rubric 0.16.0 into /workspace/builds/worker-1/source
[INFO] validating manifest of crates.io crate rubric 0.16.0 on toolchain 1.54.0
[INFO] running `Command { std: "/workspace/cargo-home/bin/cargo" "+1.54.0" "metadata" "--manifest-path" "Cargo.toml" "--no-deps", kill_on_drop: false }`
[INFO] started tweaking crates.io crate rubric 0.16.0
[INFO] finished tweaking crates.io crate rubric 0.16.0
[INFO] tweaked toml for crates.io crate rubric 0.16.0 written to /workspace/builds/worker-1/source/Cargo.toml
[INFO] crate crates.io crate rubric 0.16.0 already has a lockfile, it will not be regenerated
[INFO] running `Command { std: "/workspace/cargo-home/bin/cargo" "+1.54.0" "fetch" "--manifest-path" "Cargo.toml", kill_on_drop: false }`
[INFO] [stderr]     Blocking waiting for file lock on package cache
[INFO] running `Command { std: "docker" "create" "-v" "/var/lib/crater-agent-workspace/builds/worker-1/target:/opt/rustwide/target:rw,Z" "-v" "/var/lib/crater-agent-workspace/builds/worker-1/source:/opt/rustwide/workdir:ro,Z" "-v" "/var/lib/crater-agent-workspace/cargo-home:/opt/rustwide/cargo-home:ro,Z" "-v" "/var/lib/crater-agent-workspace/rustup-home:/opt/rustwide/rustup-home:ro,Z" "-e" "SOURCE_DIR=/opt/rustwide/workdir" "-e" "CARGO_TARGET_DIR=/opt/rustwide/target" "-e" "CARGO_HOME=/opt/rustwide/cargo-home" "-e" "RUSTUP_HOME=/opt/rustwide/rustup-home" "-w" "/opt/rustwide/workdir" "-m" "1610612736" "--user" "0:0" "--network" "none" "ghcr.io/rust-lang/crates-build-env/linux@sha256:34b6a614d2c27851fe6cbf88fbd1137609cefab8b10d0615aaeb6fd47975d74e" "/opt/rustwide/cargo-home/bin/cargo" "+1.54.0" "metadata" "--no-deps" "--format-version=1", kill_on_drop: false }`
[INFO] [stdout] 4de94999d56747c1605dc801886eb3455094efba9bb5c3cc177cdb4f55cfd4c6
[INFO] running `Command { std: "docker" "start" "-a" "4de94999d56747c1605dc801886eb3455094efba9bb5c3cc177cdb4f55cfd4c6", kill_on_drop: false }`
[INFO] running `Command { std: "docker" "inspect" "4de94999d56747c1605dc801886eb3455094efba9bb5c3cc177cdb4f55cfd4c6", kill_on_drop: false }`
[INFO] running `Command { std: "docker" "rm" "-f" "4de94999d56747c1605dc801886eb3455094efba9bb5c3cc177cdb4f55cfd4c6", kill_on_drop: false }`
[INFO] [stdout] 4de94999d56747c1605dc801886eb3455094efba9bb5c3cc177cdb4f55cfd4c6
[INFO] running `Command { std: "docker" "create" "-v" "/var/lib/crater-agent-workspace/builds/worker-1/target:/opt/rustwide/target:rw,Z" "-v" "/var/lib/crater-agent-workspace/builds/worker-1/source:/opt/rustwide/workdir:ro,Z" "-v" "/var/lib/crater-agent-workspace/cargo-home:/opt/rustwide/cargo-home:ro,Z" "-v" "/var/lib/crater-agent-workspace/rustup-home:/opt/rustwide/rustup-home:ro,Z" "-e" "SOURCE_DIR=/opt/rustwide/workdir" "-e" "CARGO_TARGET_DIR=/opt/rustwide/target" "-e" "CARGO_INCREMENTAL=0" "-e" "RUST_BACKTRACE=full" "-e" "RUSTDOCFLAGS=--cap-lints=warn" "-e" "CARGO_HOME=/opt/rustwide/cargo-home" "-e" "RUSTUP_HOME=/opt/rustwide/rustup-home" "-w" "/opt/rustwide/workdir" "-m" "1610612736" "--user" "0:0" "--network" "none" "ghcr.io/rust-lang/crates-build-env/linux@sha256:34b6a614d2c27851fe6cbf88fbd1137609cefab8b10d0615aaeb6fd47975d74e" "/opt/rustwide/cargo-home/bin/cargo" "+1.54.0" "doc" "--frozen" "--no-deps" "--document-private-items" "--message-format=json", kill_on_drop: false }`
[INFO] [stdout] 13cd3908b73e8f03db5ed09272d4c7e7993ab52104d61e0f7b52fbe71504e030
[INFO] running `Command { std: "docker" "start" "-a" "13cd3908b73e8f03db5ed09272d4c7e7993ab52104d61e0f7b52fbe71504e030", kill_on_drop: false }`
[INFO] [stderr]     Blocking waiting for file lock on package cache
[INFO] [stderr]    Compiling proc-macro2 v1.0.19
[INFO] [stderr]    Compiling syn v1.0.38
[INFO] [stderr]    Compiling serde_derive v1.0.115
[INFO] [stderr]    Compiling pkg-config v0.3.18
[INFO] [stderr]    Compiling cc v1.0.58
[INFO] [stderr]    Compiling serde v1.0.115
[INFO] [stderr]     Checking itoa v0.4.6
[INFO] [stderr]     Checking bytes v0.5.6
[INFO] [stderr]     Checking futures-core v0.3.5
[INFO] [stderr]    Compiling pin-project-internal v0.4.23
[INFO] [stderr]     Checking pin-project-lite v0.1.7
[INFO] [stderr]     Checking once_cell v1.4.0
[INFO] [stderr]    Compiling openssl v0.10.30
[INFO] [stderr]     Checking futures-io v0.3.5
[INFO] [stderr]     Checking futures-sink v0.3.5
[INFO] [stderr]    Compiling smallvec v1.4.2
[INFO] [stderr]    Compiling serde_json v1.0.57
[INFO] [stderr]     Checking tower-service v0.3.0
[INFO] [stderr]     Checking lazycell v1.3.0
[INFO] [stderr]    Compiling anyhow v1.0.32
[INFO] [stderr]     Checking ipnet v2.3.0
[INFO] [stderr]     Checking paris v1.5.7
[INFO] [stderr]    Compiling libc v0.2.74
[INFO] [stderr]    Compiling typenum v1.12.0
[INFO] [stderr]    Compiling log v0.4.11
[INFO] [stderr]    Compiling hashbrown v0.8.2
[INFO] [stderr]    Compiling indexmap v1.5.1
[INFO] [stderr]    Compiling httparse v1.3.4
[INFO] [stderr]    Compiling pear_codegen v0.1.4
[INFO] [stderr]    Compiling unicase v2.6.0
[INFO] [stderr]     Checking tracing-core v0.1.14
[INFO] [stderr]    Compiling rocket_codegen v0.4.5
[INFO] [stderr]    Compiling rocket v0.4.5
[INFO] [stderr]    Compiling idna v0.1.5
[INFO] [stderr]    Compiling base64 v0.9.3
[INFO] [stderr]     Checking url v1.7.2
[INFO] [stderr]    Compiling devise_core v0.2.0
[INFO] [stderr]     Checking http v0.2.1
[INFO] [stderr]    Compiling log v0.3.9
[INFO] [stdout] error[E0554]: `#![feature]` may not be used on the stable release channel
[INFO] [stdout]  --> /opt/rustwide/cargo-home/registry/src/github.com-1ecc6299db9ec823/devise_core-0.2.0/src/lib.rs:1:1
[INFO] [stdout]   |
[INFO] [stdout] 1 | #![feature(proc_macro_diagnostic, proc_macro_span)]
[INFO] [stdout]   | ^^^^^^^^^^^^^^^^^^^^^^^^^^^^^^^^^^^^^^^^^^^^^^^^^^^
[INFO] [stdout] 
[INFO] [stdout] 
[INFO] [stdout] error[E0554]: `#![feature]` may not be used on the stable release channel
[INFO] [stdout]  --> /opt/rustwide/cargo-home/registry/src/github.com-1ecc6299db9ec823/devise_core-0.2.0/src/lib.rs:2:1
[INFO] [stdout]   |
[INFO] [stdout] 2 | #![feature(crate_visibility_modifier)]
[INFO] [stdout]   | ^^^^^^^^^^^^^^^^^^^^^^^^^^^^^^^^^^^^^^
[INFO] [stdout] 
[INFO] [stdout] 
[INFO] [stdout] error[E0554]: `#![feature]` may not be used on the stable release channel
[INFO] [stdout]  --> /opt/rustwide/cargo-home/registry/src/github.com-1ecc6299db9ec823/devise_core-0.2.0/src/lib.rs:3:1
[INFO] [stdout]   |
[INFO] [stdout] 3 | #![feature(concat_idents)]
[INFO] [stdout]   | ^^^^^^^^^^^^^^^^^^^^^^^^^^
[INFO] [stdout] 
[INFO] [stdout] 
[INFO] [stderr]     Checking futures-task v0.3.5
[INFO] [stderr]     Checking futures-channel v0.3.5
[INFO] [stderr]     Checking tracing v0.1.19
[INFO] [stderr]     Checking want v0.3.0
[INFO] [stdout] error: aborting due to 3 previous errors
[INFO] [stdout] 
[INFO] [stdout] 
[INFO] [stdout] For more information about this error, try `rustc --explain E0554`.
[INFO] [stdout] 
[INFO] [stderr] error: could not compile `devise_core`
[INFO] [stderr] 
[INFO] [stderr] To learn more, run the command again with --verbose.
[INFO] [stderr] warning: build failed, waiting for other jobs to finish...
[INFO] [stderr] error: build failed
[INFO] running `Command { std: "docker" "inspect" "13cd3908b73e8f03db5ed09272d4c7e7993ab52104d61e0f7b52fbe71504e030", kill_on_drop: false }`
[INFO] running `Command { std: "docker" "rm" "-f" "13cd3908b73e8f03db5ed09272d4c7e7993ab52104d61e0f7b52fbe71504e030", kill_on_drop: false }`
[INFO] [stdout] 13cd3908b73e8f03db5ed09272d4c7e7993ab52104d61e0f7b52fbe71504e030
