[INFO] fetching crate rocket-accept-language 0.7.3...
[INFO] documenting rocket-accept-language-0.7.3 against beta-2021-08-01 for beta-1.55-rustdoc-1
[INFO] extracting crate rocket-accept-language 0.7.3 into /workspace/builds/worker-12/source
[INFO] validating manifest of crates.io crate rocket-accept-language 0.7.3 on toolchain beta-2021-08-01
[INFO] running `Command { std: "/workspace/cargo-home/bin/cargo" "+beta-2021-08-01" "metadata" "--manifest-path" "Cargo.toml" "--no-deps", kill_on_drop: false }`
[INFO] started tweaking crates.io crate rocket-accept-language 0.7.3
[INFO] finished tweaking crates.io crate rocket-accept-language 0.7.3
[INFO] tweaked toml for crates.io crate rocket-accept-language 0.7.3 written to /workspace/builds/worker-12/source/Cargo.toml
[INFO] crate crates.io crate rocket-accept-language 0.7.3 already has a lockfile, it will not be regenerated
[INFO] running `Command { std: "/workspace/cargo-home/bin/cargo" "+beta-2021-08-01" "fetch" "--manifest-path" "Cargo.toml", kill_on_drop: false }`
[INFO] [stderr]     Blocking waiting for file lock on package cache
[INFO] [stderr]     Blocking waiting for file lock on package cache
[INFO] [stderr]  Downloading crates ...
[INFO] [stderr]   Downloaded accept-language v2.0.0
[INFO] [stderr]   Downloaded unic-langid-macros-impl v0.9.0
[INFO] [stderr]   Downloaded unic-langid-macros v0.9.0
[INFO] running `Command { std: "docker" "create" "-v" "/var/lib/crater-agent-workspace/builds/worker-12/target:/opt/rustwide/target:rw,Z" "-v" "/var/lib/crater-agent-workspace/builds/worker-12/source:/opt/rustwide/workdir:ro,Z" "-v" "/var/lib/crater-agent-workspace/cargo-home:/opt/rustwide/cargo-home:ro,Z" "-v" "/var/lib/crater-agent-workspace/rustup-home:/opt/rustwide/rustup-home:ro,Z" "-e" "SOURCE_DIR=/opt/rustwide/workdir" "-e" "CARGO_TARGET_DIR=/opt/rustwide/target" "-e" "CARGO_HOME=/opt/rustwide/cargo-home" "-e" "RUSTUP_HOME=/opt/rustwide/rustup-home" "-w" "/opt/rustwide/workdir" "-m" "1610612736" "--user" "0:0" "--network" "none" "ghcr.io/rust-lang/crates-build-env/linux@sha256:34b6a614d2c27851fe6cbf88fbd1137609cefab8b10d0615aaeb6fd47975d74e" "/opt/rustwide/cargo-home/bin/cargo" "+beta-2021-08-01" "metadata" "--no-deps" "--format-version=1", kill_on_drop: false }`
[INFO] [stdout] 7c0f0e5c16cd563aaceb34eb009117b1688c6a2e8a66430055df311ec2a2868f
[INFO] running `Command { std: "docker" "start" "-a" "7c0f0e5c16cd563aaceb34eb009117b1688c6a2e8a66430055df311ec2a2868f", kill_on_drop: false }`
[INFO] running `Command { std: "docker" "inspect" "7c0f0e5c16cd563aaceb34eb009117b1688c6a2e8a66430055df311ec2a2868f", kill_on_drop: false }`
[INFO] running `Command { std: "docker" "rm" "-f" "7c0f0e5c16cd563aaceb34eb009117b1688c6a2e8a66430055df311ec2a2868f", kill_on_drop: false }`
[INFO] [stdout] 7c0f0e5c16cd563aaceb34eb009117b1688c6a2e8a66430055df311ec2a2868f
[INFO] running `Command { std: "docker" "create" "-v" "/var/lib/crater-agent-workspace/builds/worker-12/target:/opt/rustwide/target:rw,Z" "-v" "/var/lib/crater-agent-workspace/builds/worker-12/source:/opt/rustwide/workdir:ro,Z" "-v" "/var/lib/crater-agent-workspace/cargo-home:/opt/rustwide/cargo-home:ro,Z" "-v" "/var/lib/crater-agent-workspace/rustup-home:/opt/rustwide/rustup-home:ro,Z" "-e" "SOURCE_DIR=/opt/rustwide/workdir" "-e" "CARGO_TARGET_DIR=/opt/rustwide/target" "-e" "CARGO_INCREMENTAL=0" "-e" "RUST_BACKTRACE=full" "-e" "RUSTDOCFLAGS=--cap-lints=warn" "-e" "CARGO_HOME=/opt/rustwide/cargo-home" "-e" "RUSTUP_HOME=/opt/rustwide/rustup-home" "-w" "/opt/rustwide/workdir" "-m" "1610612736" "--user" "0:0" "--network" "none" "ghcr.io/rust-lang/crates-build-env/linux@sha256:34b6a614d2c27851fe6cbf88fbd1137609cefab8b10d0615aaeb6fd47975d74e" "/opt/rustwide/cargo-home/bin/cargo" "+beta-2021-08-01" "doc" "--frozen" "--no-deps" "--document-private-items" "--message-format=json", kill_on_drop: false }`
[INFO] [stdout] a9a8ea434c0f9801554d4711c9d45768c85f8543e4e35252ce516e1d6abaadcb
[INFO] running `Command { std: "docker" "start" "-a" "a9a8ea434c0f9801554d4711c9d45768c85f8543e4e35252ce516e1d6abaadcb", kill_on_drop: false }`
[INFO] [stderr]    Compiling version_check v0.9.2
[INFO] [stderr]    Compiling typenum v1.12.0
[INFO] [stderr]    Compiling libc v0.2.88
[INFO] [stderr]    Compiling getrandom v0.2.2
[INFO] [stderr]    Compiling subtle v2.4.0
[INFO] [stderr]    Compiling httparse v1.3.5
[INFO] [stderr]    Compiling proc-macro2 v1.0.24
[INFO] [stderr]    Compiling syn v1.0.63
[INFO] [stderr]    Compiling proc-macro-hack v0.5.19
[INFO] [stderr]    Compiling cpuid-bool v0.1.2
[INFO] [stderr]    Compiling tinystr v0.3.4
[INFO] [stderr]    Compiling serde v1.0.124
[INFO] [stderr]    Compiling hashbrown v0.9.1
[INFO] [stderr]    Compiling memchr v2.3.4
[INFO] [stderr]     Checking base64 v0.12.3
[INFO] [stderr]     Checking accept-language v2.0.0
[INFO] [stderr]    Compiling tinyvec v1.1.1
[INFO] [stderr]    Compiling indexmap v1.6.2
[INFO] [stderr]    Compiling unicode-bidi v0.3.4
[INFO] [stderr]    Compiling devise_core v0.2.0
[INFO] [stdout] error[E0554]: `#![feature]` may not be used on the beta release channel
[INFO] [stdout]  --> /opt/rustwide/cargo-home/registry/src/github.com-1ecc6299db9ec823/devise_core-0.2.0/src/lib.rs:1:1
[INFO] [stdout]   |
[INFO] [stdout] 1 | #![feature(proc_macro_diagnostic, proc_macro_span)]
[INFO] [stdout]   | ^^^^^^^^^^^^^^^^^^^^^^^^^^^^^^^^^^^^^^^^^^^^^^^^^^^
[INFO] [stdout] 
[INFO] [stdout] 
[INFO] [stdout] error[E0554]: `#![feature]` may not be used on the beta release channel
[INFO] [stdout]  --> /opt/rustwide/cargo-home/registry/src/github.com-1ecc6299db9ec823/devise_core-0.2.0/src/lib.rs:2:1
[INFO] [stdout]   |
[INFO] [stdout] 2 | #![feature(crate_visibility_modifier)]
[INFO] [stdout]   | ^^^^^^^^^^^^^^^^^^^^^^^^^^^^^^^^^^^^^^
[INFO] [stdout] 
[INFO] [stdout] 
[INFO] [stdout] error[E0554]: `#![feature]` may not be used on the beta release channel
[INFO] [stdout]  --> /opt/rustwide/cargo-home/registry/src/github.com-1ecc6299db9ec823/devise_core-0.2.0/src/lib.rs:3:1
[INFO] [stdout]   |
[INFO] [stdout] 3 | #![feature(concat_idents)]
[INFO] [stdout]   | ^^^^^^^^^^^^^^^^^^^^^^^^^^
[INFO] [stdout] 
[INFO] [stdout] 
[INFO] [stderr]    Compiling unic-langid-impl v0.9.0
[INFO] [stdout] error: aborting due to 3 previous errors
[INFO] [stdout] 
[INFO] [stdout] 
[INFO] [stdout] For more information about this error, try `rustc --explain E0554`.
[INFO] [stdout] 
[INFO] [stderr] error: could not compile `devise_core` due to 4 previous errors
[INFO] [stderr] warning: build failed, waiting for other jobs to finish...
[INFO] [stderr] error: build failed
[INFO] running `Command { std: "docker" "inspect" "a9a8ea434c0f9801554d4711c9d45768c85f8543e4e35252ce516e1d6abaadcb", kill_on_drop: false }`
[INFO] running `Command { std: "docker" "rm" "-f" "a9a8ea434c0f9801554d4711c9d45768c85f8543e4e35252ce516e1d6abaadcb", kill_on_drop: false }`
[INFO] [stdout] a9a8ea434c0f9801554d4711c9d45768c85f8543e4e35252ce516e1d6abaadcb
