[INFO] fetching crate rlpx 0.4.1...
[INFO] documenting rlpx-0.4.1 against 1.54.0 for beta-1.55-rustdoc-1
[INFO] extracting crate rlpx 0.4.1 into /workspace/builds/worker-14/source
[INFO] validating manifest of crates.io crate rlpx 0.4.1 on toolchain 1.54.0
[INFO] running `Command { std: "/workspace/cargo-home/bin/cargo" "+1.54.0" "metadata" "--manifest-path" "Cargo.toml" "--no-deps", kill_on_drop: false }`
[INFO] started tweaking crates.io crate rlpx 0.4.1
[INFO] finished tweaking crates.io crate rlpx 0.4.1
[INFO] tweaked toml for crates.io crate rlpx 0.4.1 written to /workspace/builds/worker-14/source/Cargo.toml
[INFO] running `Command { std: "/workspace/cargo-home/bin/cargo" "+1.54.0" "generate-lockfile" "--manifest-path" "Cargo.toml" "-Zno-index-update", kill_on_drop: false }`
[INFO] [stderr]     Blocking waiting for file lock on package cache
[INFO] running `Command { std: "/workspace/cargo-home/bin/cargo" "+1.54.0" "fetch" "--manifest-path" "Cargo.toml", kill_on_drop: false }`
[INFO] [stderr]     Blocking waiting for file lock on package cache
[INFO] running `Command { std: "docker" "create" "-v" "/var/lib/crater-agent-workspace/builds/worker-14/target:/opt/rustwide/target:rw,Z" "-v" "/var/lib/crater-agent-workspace/builds/worker-14/source:/opt/rustwide/workdir:ro,Z" "-v" "/var/lib/crater-agent-workspace/cargo-home:/opt/rustwide/cargo-home:ro,Z" "-v" "/var/lib/crater-agent-workspace/rustup-home:/opt/rustwide/rustup-home:ro,Z" "-e" "SOURCE_DIR=/opt/rustwide/workdir" "-e" "CARGO_TARGET_DIR=/opt/rustwide/target" "-e" "CARGO_HOME=/opt/rustwide/cargo-home" "-e" "RUSTUP_HOME=/opt/rustwide/rustup-home" "-w" "/opt/rustwide/workdir" "-m" "1610612736" "--user" "0:0" "--network" "none" "ghcr.io/rust-lang/crates-build-env/linux@sha256:34b6a614d2c27851fe6cbf88fbd1137609cefab8b10d0615aaeb6fd47975d74e" "/opt/rustwide/cargo-home/bin/cargo" "+1.54.0" "metadata" "--no-deps" "--format-version=1", kill_on_drop: false }`
[INFO] [stdout] a7778acd3f819ce43bba14736e9942dc94bfd62c5deec87429262211a04da2b9
[INFO] running `Command { std: "docker" "start" "-a" "a7778acd3f819ce43bba14736e9942dc94bfd62c5deec87429262211a04da2b9", kill_on_drop: false }`
[INFO] running `Command { std: "docker" "inspect" "a7778acd3f819ce43bba14736e9942dc94bfd62c5deec87429262211a04da2b9", kill_on_drop: false }`
[INFO] running `Command { std: "docker" "rm" "-f" "a7778acd3f819ce43bba14736e9942dc94bfd62c5deec87429262211a04da2b9", kill_on_drop: false }`
[INFO] [stdout] a7778acd3f819ce43bba14736e9942dc94bfd62c5deec87429262211a04da2b9
[INFO] running `Command { std: "docker" "create" "-v" "/var/lib/crater-agent-workspace/builds/worker-14/target:/opt/rustwide/target:rw,Z" "-v" "/var/lib/crater-agent-workspace/builds/worker-14/source:/opt/rustwide/workdir:ro,Z" "-v" "/var/lib/crater-agent-workspace/cargo-home:/opt/rustwide/cargo-home:ro,Z" "-v" "/var/lib/crater-agent-workspace/rustup-home:/opt/rustwide/rustup-home:ro,Z" "-e" "SOURCE_DIR=/opt/rustwide/workdir" "-e" "CARGO_TARGET_DIR=/opt/rustwide/target" "-e" "CARGO_INCREMENTAL=0" "-e" "RUST_BACKTRACE=full" "-e" "RUSTDOCFLAGS=--cap-lints=warn" "-e" "CARGO_HOME=/opt/rustwide/cargo-home" "-e" "RUSTUP_HOME=/opt/rustwide/rustup-home" "-w" "/opt/rustwide/workdir" "-m" "1610612736" "--user" "0:0" "--network" "none" "ghcr.io/rust-lang/crates-build-env/linux@sha256:34b6a614d2c27851fe6cbf88fbd1137609cefab8b10d0615aaeb6fd47975d74e" "/opt/rustwide/cargo-home/bin/cargo" "+1.54.0" "doc" "--frozen" "--no-deps" "--document-private-items" "--message-format=json", kill_on_drop: false }`
[INFO] [stdout] ddcc6c1300cc6a5e092918173c592b62d22245a7f6406e8ae3f6de866b8d3f6f
[INFO] running `Command { std: "docker" "start" "-a" "ddcc6c1300cc6a5e092918173c592b62d22245a7f6406e8ae3f6de866b8d3f6f", kill_on_drop: false }`
[INFO] [stderr]     Blocking waiting for file lock on package cache
[INFO] [stderr]     Blocking waiting for file lock on package cache
[INFO] [stderr]    Compiling typenum v1.13.0
[INFO] [stderr]     Checking nodrop v0.1.14
[INFO] [stderr]     Checking byte-tools v0.2.0
[INFO] [stderr]    Compiling gcc v0.3.55
[INFO] [stderr]     Checking ethereum-hexutil v0.2.3
[INFO] [stderr]     Checking lazy_static v0.2.11
[INFO] [stderr]     Checking elastic-array-plus v0.9.1
[INFO] [stderr]     Checking scoped-tls v0.1.2
[INFO] [stderr]     Checking fake-simd v0.1.2
[INFO] [stderr]     Checking rustc-serialize v0.3.24
[INFO] [stderr]     Checking libsecp256k1 v0.1.3
[INFO] [stderr]     Checking rand v0.4.6
[INFO] [stderr]     Checking time v0.1.44
[INFO] [stderr]     Checking log v0.3.9
[INFO] [stderr]     Checking tokio-core v0.1.18
[INFO] [stderr]     Checking ethereum-rlp v0.2.3
[INFO] [stderr]     Checking rand v0.3.23
[INFO] [stderr]     Checking ethereum-bigint v0.2.9
[INFO] [stderr]    Compiling rust-crypto v0.2.36
[INFO] [stderr]     Checking generic-array v0.8.4
[INFO] [stderr]     Checking digest v0.6.2
[INFO] [stderr]     Checking block-buffer v0.2.0
[INFO] [stderr]     Checking sha2 v0.6.0
[INFO] [stderr]     Checking sha3 v0.6.0
[INFO] [stderr]  Documenting rlpx v0.4.1 (/opt/rustwide/workdir)
[INFO] [stdout] error[E0432]: unresolved import `secp256k1::SharedSecret`
[INFO] [stdout]  --> src/ecies/algorithm.rs:3:55
[INFO] [stdout]   |
[INFO] [stdout] 3 | use secp256k1::{self, Message, Signature, RecoveryId, SharedSecret, PublicKey, SecretKey};
[INFO] [stdout]   |                                                       ^^^^^^^^^^^^ no `SharedSecret` in the root
[INFO] [stdout] 
[INFO] [stdout] 
[INFO] [stdout] error[E0412]: cannot find type `Error` in crate `secp256k1`
[INFO] [stdout]   --> src/util.rs:42:56
[INFO] [stdout]    |
[INFO] [stdout] 42 | pub fn id2pk(id: H512) -> Result<PublicKey, secp256k1::Error> {
[INFO] [stdout]    |                                                        ^^^^^ not found in `secp256k1`
[INFO] [stdout]    |
[INFO] [stdout] help: consider importing one of these items
[INFO] [stdout]    |
[INFO] [stdout] 1  | use io::Error;
[INFO] [stdout]    |
[INFO] [stdout] 1  | use std::error::Error;
[INFO] [stdout]    |
[INFO] [stdout] 1  | use std::fmt::Error;
[INFO] [stdout]    |
[INFO] [stdout] 
[INFO] [stdout] 
[INFO] [stdout] error[E0412]: cannot find type `Error` in crate `secp256k1`
[INFO] [stdout]  --> src/errors.rs:7:26
[INFO] [stdout]   |
[INFO] [stdout] 7 |     SECP256K1(secp256k1::Error),
[INFO] [stdout]   |                          ^^^^^ not found in `secp256k1`
[INFO] [stdout]   |
[INFO] [stdout] help: consider importing one of these items
[INFO] [stdout]   |
[INFO] [stdout] 1 | use io::Error;
[INFO] [stdout]   |
[INFO] [stdout] 1 | use std::error::Error;
[INFO] [stdout]   |
[INFO] [stdout] 1 | use std::fmt::Error;
[INFO] [stdout]   |
[INFO] [stdout] 
[INFO] [stdout] 
[INFO] [stdout] error[E0412]: cannot find type `Error` in crate `secp256k1`
[INFO] [stdout]   --> src/errors.rs:33:22
[INFO] [stdout]    |
[INFO] [stdout] 33 | impl From<secp256k1::Error> for ECIESError {
[INFO] [stdout]    |                      ^^^^^ not found in `secp256k1`
[INFO] [stdout]    |
[INFO] [stdout] help: consider importing one of these items
[INFO] [stdout]    |
[INFO] [stdout] 1  | use io::Error;
[INFO] [stdout]    |
[INFO] [stdout] 1  | use std::error::Error;
[INFO] [stdout]    |
[INFO] [stdout] 1  | use std::fmt::Error;
[INFO] [stdout]    |
[INFO] [stdout] 
[INFO] [stdout] 
[INFO] [stdout] error[E0412]: cannot find type `Error` in crate `secp256k1`
[INFO] [stdout]   --> src/errors.rs:34:31
[INFO] [stdout]    |
[INFO] [stdout] 34 |     fn from(error: secp256k1::Error) -> ECIESError {
[INFO] [stdout]    |                               ^^^^^ not found in `secp256k1`
[INFO] [stdout]    |
[INFO] [stdout] help: consider importing one of these items
[INFO] [stdout]    |
[INFO] [stdout] 1  | use io::Error;
[INFO] [stdout]    |
[INFO] [stdout] 1  | use std::error::Error;
[INFO] [stdout]    |
[INFO] [stdout] 1  | use std::fmt::Error;
[INFO] [stdout]    |
[INFO] [stdout] 
[INFO] [stdout] 
[INFO] [stdout] error: Compilation failed, aborting rustdoc
[INFO] [stdout] 
[INFO] [stdout] 
[INFO] [stdout] error: aborting due to 6 previous errors
[INFO] [stdout] 
[INFO] [stdout] 
[INFO] [stdout] Some errors have detailed explanations: E0412, E0432.
[INFO] [stdout] 
[INFO] [stdout] For more information about an error, try `rustc --explain E0412`.
[INFO] [stdout] 
[INFO] [stderr] error: could not document `rlpx`
[INFO] [stderr] 
[INFO] [stderr] Caused by:
[INFO] [stderr]   process didn't exit successfully: `rustdoc --crate-type lib --crate-name rlpx src/lib.rs -o /opt/rustwide/target/doc --error-format=json --json=diagnostic-rendered-ansi --document-private-items -L dependency=/opt/rustwide/target/debug/deps --extern byteorder=/opt/rustwide/target/debug/deps/libbyteorder-b55b8e72bfe1c077.rmeta --extern bytes=/opt/rustwide/target/debug/deps/libbytes-bf0ba880ad59de56.rmeta --extern bigint=/opt/rustwide/target/debug/deps/libbigint-c1e71c999e90dc97.rmeta --extern hexutil=/opt/rustwide/target/debug/deps/libhexutil-38d4f4139ab34463.rmeta --extern rlp=/opt/rustwide/target/debug/deps/librlp-b3bc9a3a7e7bf6e9.rmeta --extern futures=/opt/rustwide/target/debug/deps/libfutures-533cf53875604e8f.rmeta --extern secp256k1=/opt/rustwide/target/debug/deps/libsecp256k1-4132c4b391f1c0a8.rmeta --extern log=/opt/rustwide/target/debug/deps/liblog-f68758fa708db51a.rmeta --extern mio=/opt/rustwide/target/debug/deps/libmio-c12bb2358c157293.rmeta --extern rand=/opt/rustwide/target/debug/deps/librand-b62d56a65f9c5471.rmeta --extern crypto=/opt/rustwide/target/debug/deps/libcrypto-8739da935b0a9a07.rmeta --extern sha2=/opt/rustwide/target/debug/deps/libsha2-b172132ccf7a0d8e.rmeta --extern sha3=/opt/rustwide/target/debug/deps/libsha3-9369a579931bf830.rmeta --extern tokio_core=/opt/rustwide/target/debug/deps/libtokio_core-ee2fe0fbdcd2fc59.rmeta --extern tokio_io=/opt/rustwide/target/debug/deps/libtokio_io-c61898e7c2b6ab48.rmeta --cap-lints=warn --crate-version 0.4.1` (exit status: 1)
[INFO] running `Command { std: "docker" "inspect" "ddcc6c1300cc6a5e092918173c592b62d22245a7f6406e8ae3f6de866b8d3f6f", kill_on_drop: false }`
[INFO] running `Command { std: "docker" "rm" "-f" "ddcc6c1300cc6a5e092918173c592b62d22245a7f6406e8ae3f6de866b8d3f6f", kill_on_drop: false }`
[INFO] [stdout] ddcc6c1300cc6a5e092918173c592b62d22245a7f6406e8ae3f6de866b8d3f6f
