[INFO] fetching crate rfc2580 0.3.0...
[INFO] documenting rfc2580-0.3.0 against beta-2021-08-01 for beta-1.55-rustdoc-1
[INFO] extracting crate rfc2580 0.3.0 into /workspace/builds/worker-11/source
[INFO] validating manifest of crates.io crate rfc2580 0.3.0 on toolchain beta-2021-08-01
[INFO] running `Command { std: "/workspace/cargo-home/bin/cargo" "+beta-2021-08-01" "metadata" "--manifest-path" "Cargo.toml" "--no-deps", kill_on_drop: false }`
[INFO] started tweaking crates.io crate rfc2580 0.3.0
[INFO] finished tweaking crates.io crate rfc2580 0.3.0
[INFO] tweaked toml for crates.io crate rfc2580 0.3.0 written to /workspace/builds/worker-11/source/Cargo.toml
[INFO] crate crates.io crate rfc2580 0.3.0 already has a lockfile, it will not be regenerated
[INFO] running `Command { std: "/workspace/cargo-home/bin/cargo" "+beta-2021-08-01" "fetch" "--manifest-path" "Cargo.toml", kill_on_drop: false }`
[INFO] running `Command { std: "docker" "create" "-v" "/var/lib/crater-agent-workspace/builds/worker-11/target:/opt/rustwide/target:rw,Z" "-v" "/var/lib/crater-agent-workspace/builds/worker-11/source:/opt/rustwide/workdir:ro,Z" "-v" "/var/lib/crater-agent-workspace/cargo-home:/opt/rustwide/cargo-home:ro,Z" "-v" "/var/lib/crater-agent-workspace/rustup-home:/opt/rustwide/rustup-home:ro,Z" "-e" "SOURCE_DIR=/opt/rustwide/workdir" "-e" "CARGO_TARGET_DIR=/opt/rustwide/target" "-e" "CARGO_HOME=/opt/rustwide/cargo-home" "-e" "RUSTUP_HOME=/opt/rustwide/rustup-home" "-w" "/opt/rustwide/workdir" "-m" "1610612736" "--user" "0:0" "--network" "none" "ghcr.io/rust-lang/crates-build-env/linux@sha256:34b6a614d2c27851fe6cbf88fbd1137609cefab8b10d0615aaeb6fd47975d74e" "/opt/rustwide/cargo-home/bin/cargo" "+beta-2021-08-01" "metadata" "--no-deps" "--format-version=1", kill_on_drop: false }`
[INFO] [stdout] 90a1b908870e5f232eeb77813dc1f69c3ba571e0035ae1346618f87ab5dd27e6
[INFO] running `Command { std: "docker" "start" "-a" "90a1b908870e5f232eeb77813dc1f69c3ba571e0035ae1346618f87ab5dd27e6", kill_on_drop: false }`
[INFO] running `Command { std: "docker" "inspect" "90a1b908870e5f232eeb77813dc1f69c3ba571e0035ae1346618f87ab5dd27e6", kill_on_drop: false }`
[INFO] running `Command { std: "docker" "rm" "-f" "90a1b908870e5f232eeb77813dc1f69c3ba571e0035ae1346618f87ab5dd27e6", kill_on_drop: false }`
[INFO] [stdout] 90a1b908870e5f232eeb77813dc1f69c3ba571e0035ae1346618f87ab5dd27e6
[INFO] running `Command { std: "docker" "create" "-v" "/var/lib/crater-agent-workspace/builds/worker-11/target:/opt/rustwide/target:rw,Z" "-v" "/var/lib/crater-agent-workspace/builds/worker-11/source:/opt/rustwide/workdir:ro,Z" "-v" "/var/lib/crater-agent-workspace/cargo-home:/opt/rustwide/cargo-home:ro,Z" "-v" "/var/lib/crater-agent-workspace/rustup-home:/opt/rustwide/rustup-home:ro,Z" "-e" "SOURCE_DIR=/opt/rustwide/workdir" "-e" "CARGO_TARGET_DIR=/opt/rustwide/target" "-e" "CARGO_INCREMENTAL=0" "-e" "RUST_BACKTRACE=full" "-e" "RUSTDOCFLAGS=--cap-lints=warn" "-e" "CARGO_HOME=/opt/rustwide/cargo-home" "-e" "RUSTUP_HOME=/opt/rustwide/rustup-home" "-w" "/opt/rustwide/workdir" "-m" "1610612736" "--user" "0:0" "--network" "none" "ghcr.io/rust-lang/crates-build-env/linux@sha256:34b6a614d2c27851fe6cbf88fbd1137609cefab8b10d0615aaeb6fd47975d74e" "/opt/rustwide/cargo-home/bin/cargo" "+beta-2021-08-01" "doc" "--frozen" "--no-deps" "--document-private-items" "--message-format=json", kill_on_drop: false }`
[INFO] [stdout] 81f215d0d68d888858b9bbc68c0f1b2721f564656f4ee7b0b8c0e6665fb99cb1
[INFO] running `Command { std: "docker" "start" "-a" "81f215d0d68d888858b9bbc68c0f1b2721f564656f4ee7b0b8c0e6665fb99cb1", kill_on_drop: false }`
[INFO] [stderr]  Documenting rfc2580 v0.3.0 (/opt/rustwide/workdir)
[INFO] [stdout] error[E0432]: unresolved import `core::raw`
[INFO] [stdout]   --> src/lib.rs:54:52
[INFO] [stdout]    |
[INFO] [stdout] 54 | use core::{marker::PhantomData, mem, ptr::NonNull, raw::TraitObject};
[INFO] [stdout]    |                                                    ^^^ could not find `raw` in `core`
[INFO] [stdout] 
[INFO] [stdout] 
[INFO] [stdout] error[E0554]: `#![feature]` may not be used on the beta release channel
[INFO] [stdout]  --> src/lib.rs:2:1
[INFO] [stdout]   |
[INFO] [stdout] 2 | #![feature(raw)]
[INFO] [stdout]   | ^^^^^^^^^^^^^^^^
[INFO] [stdout] 
[INFO] [stdout] 
[INFO] [stdout] error[E0554]: `#![feature]` may not be used on the beta release channel
[INFO] [stdout]  --> src/lib.rs:3:1
[INFO] [stdout]   |
[INFO] [stdout] 3 | #![feature(specialization)]
[INFO] [stdout]   | ^^^^^^^^^^^^^^^^^^^^^^^^^^^
[INFO] [stdout] 
[INFO] [stdout] 
[INFO] [stdout] error: Compilation failed, aborting rustdoc
[INFO] [stdout] 
[INFO] [stdout] 
[INFO] [stdout] error: aborting due to 4 previous errors
[INFO] [stdout] 
[INFO] [stdout] 
[INFO] [stdout] Some errors have detailed explanations: E0432, E0554.
[INFO] [stdout] 
[INFO] [stdout] For more information about an error, try `rustc --explain E0432`.
[INFO] [stdout] 
[INFO] [stderr] error: could not document `rfc2580`
[INFO] [stderr] 
[INFO] [stderr] Caused by:
[INFO] [stderr]   process didn't exit successfully: `rustdoc --edition=2018 --crate-type lib --crate-name rfc2580 src/lib.rs -o /opt/rustwide/target/doc --error-format=json --json=diagnostic-rendered-ansi --document-private-items -L dependency=/opt/rustwide/target/debug/deps --cap-lints=warn --crate-version 0.3.0` (exit status: 1)
[INFO] running `Command { std: "docker" "inspect" "81f215d0d68d888858b9bbc68c0f1b2721f564656f4ee7b0b8c0e6665fb99cb1", kill_on_drop: false }`
[INFO] running `Command { std: "docker" "rm" "-f" "81f215d0d68d888858b9bbc68c0f1b2721f564656f4ee7b0b8c0e6665fb99cb1", kill_on_drop: false }`
[INFO] [stdout] 81f215d0d68d888858b9bbc68c0f1b2721f564656f4ee7b0b8c0e6665fb99cb1
