[INFO] fetching crate rend3-gltf 0.0.5...
[INFO] documenting rend3-gltf-0.0.5 against 1.54.0 for beta-1.55-rustdoc-1
[INFO] extracting crate rend3-gltf 0.0.5 into /workspace/builds/worker-14/source
[INFO] validating manifest of crates.io crate rend3-gltf 0.0.5 on toolchain 1.54.0
[INFO] running `Command { std: "/workspace/cargo-home/bin/cargo" "+1.54.0" "metadata" "--manifest-path" "Cargo.toml" "--no-deps", kill_on_drop: false }`
[INFO] started tweaking crates.io crate rend3-gltf 0.0.5
[INFO] finished tweaking crates.io crate rend3-gltf 0.0.5
[INFO] tweaked toml for crates.io crate rend3-gltf 0.0.5 written to /workspace/builds/worker-14/source/Cargo.toml
[INFO] running `Command { std: "/workspace/cargo-home/bin/cargo" "+1.54.0" "generate-lockfile" "--manifest-path" "Cargo.toml" "-Zno-index-update", kill_on_drop: false }`
[INFO] [stderr]     Blocking waiting for file lock on package cache
[INFO] running `Command { std: "/workspace/cargo-home/bin/cargo" "+1.54.0" "fetch" "--manifest-path" "Cargo.toml", kill_on_drop: false }`
[INFO] [stderr]     Blocking waiting for file lock on package cache
[INFO] [stderr]     Blocking waiting for file lock on package cache
[INFO] running `Command { std: "docker" "create" "-v" "/var/lib/crater-agent-workspace/builds/worker-14/target:/opt/rustwide/target:rw,Z" "-v" "/var/lib/crater-agent-workspace/builds/worker-14/source:/opt/rustwide/workdir:ro,Z" "-v" "/var/lib/crater-agent-workspace/cargo-home:/opt/rustwide/cargo-home:ro,Z" "-v" "/var/lib/crater-agent-workspace/rustup-home:/opt/rustwide/rustup-home:ro,Z" "-e" "SOURCE_DIR=/opt/rustwide/workdir" "-e" "CARGO_TARGET_DIR=/opt/rustwide/target" "-e" "CARGO_HOME=/opt/rustwide/cargo-home" "-e" "RUSTUP_HOME=/opt/rustwide/rustup-home" "-w" "/opt/rustwide/workdir" "-m" "1610612736" "--user" "0:0" "--network" "none" "ghcr.io/rust-lang/crates-build-env/linux@sha256:34b6a614d2c27851fe6cbf88fbd1137609cefab8b10d0615aaeb6fd47975d74e" "/opt/rustwide/cargo-home/bin/cargo" "+1.54.0" "metadata" "--no-deps" "--format-version=1", kill_on_drop: false }`
[INFO] [stdout] 6586de6e06c04a8e93e49d385134ffa93f91b0bbf7d9c56ab69e49700a8be947
[INFO] running `Command { std: "docker" "start" "-a" "6586de6e06c04a8e93e49d385134ffa93f91b0bbf7d9c56ab69e49700a8be947", kill_on_drop: false }`
[INFO] running `Command { std: "docker" "inspect" "6586de6e06c04a8e93e49d385134ffa93f91b0bbf7d9c56ab69e49700a8be947", kill_on_drop: false }`
[INFO] running `Command { std: "docker" "rm" "-f" "6586de6e06c04a8e93e49d385134ffa93f91b0bbf7d9c56ab69e49700a8be947", kill_on_drop: false }`
[INFO] [stdout] 6586de6e06c04a8e93e49d385134ffa93f91b0bbf7d9c56ab69e49700a8be947
[INFO] running `Command { std: "docker" "create" "-v" "/var/lib/crater-agent-workspace/builds/worker-14/target:/opt/rustwide/target:rw,Z" "-v" "/var/lib/crater-agent-workspace/builds/worker-14/source:/opt/rustwide/workdir:ro,Z" "-v" "/var/lib/crater-agent-workspace/cargo-home:/opt/rustwide/cargo-home:ro,Z" "-v" "/var/lib/crater-agent-workspace/rustup-home:/opt/rustwide/rustup-home:ro,Z" "-e" "SOURCE_DIR=/opt/rustwide/workdir" "-e" "CARGO_TARGET_DIR=/opt/rustwide/target" "-e" "CARGO_INCREMENTAL=0" "-e" "RUST_BACKTRACE=full" "-e" "RUSTDOCFLAGS=--cap-lints=warn" "-e" "CARGO_HOME=/opt/rustwide/cargo-home" "-e" "RUSTUP_HOME=/opt/rustwide/rustup-home" "-w" "/opt/rustwide/workdir" "-m" "1610612736" "--user" "0:0" "--network" "none" "ghcr.io/rust-lang/crates-build-env/linux@sha256:34b6a614d2c27851fe6cbf88fbd1137609cefab8b10d0615aaeb6fd47975d74e" "/opt/rustwide/cargo-home/bin/cargo" "+1.54.0" "doc" "--frozen" "--no-deps" "--document-private-items" "--message-format=json", kill_on_drop: false }`
[INFO] [stdout] 499e3f5ddbba3bd715783c81e309b04679f2ef5ac1c3a84f1dc021a34b8dfeb6
[INFO] running `Command { std: "docker" "start" "-a" "499e3f5ddbba3bd715783c81e309b04679f2ef5ac1c3a84f1dc021a34b8dfeb6", kill_on_drop: false }`
[INFO] [stderr]    Compiling syn v1.0.65
[INFO] [stderr]     Checking once_cell v1.8.0
[INFO] [stderr]    Compiling libm v0.2.1
[INFO] [stderr]    Compiling log v0.4.14
[INFO] [stderr]    Compiling crossbeam-utils v0.8.5
[INFO] [stderr]     Checking bit-vec v0.6.3
[INFO] [stderr]     Checking fixedbitset v0.2.0
[INFO] [stderr]     Checking futures-io v0.3.16
[INFO] [stderr]    Compiling crossbeam-epoch v0.9.5
[INFO] [stderr]    Compiling rayon-core v1.9.1
[INFO] [stderr]     Checking arrayvec v0.5.2
[INFO] [stderr]     Checking cache-padded v1.1.1
[INFO] [stderr]    Compiling khronos-egl v3.0.2
[INFO] [stderr]     Checking waker-fn v1.1.0
[INFO] [stderr]     Checking fastrand v1.5.0
[INFO] [stderr]     Checking event-listener v2.5.1
[INFO] [stderr]     Checking parking v2.0.0
[INFO] [stderr]    Compiling cfg_aliases v0.1.1
[INFO] [stderr]     Checking ahash v0.4.7
[INFO] [stderr]    Compiling futures-task v0.3.16
[INFO] [stderr]     Checking inplace_it v0.3.3
[INFO] [stderr]    Compiling crc32fast v1.2.1
[INFO] [stderr]     Checking adler32 v1.2.0
[INFO] [stderr]    Compiling anyhow v1.0.42
[INFO] [stderr]     Checking futures-sink v0.3.16
[INFO] [stderr]     Checking glow v0.7.2
[INFO] [stderr]     Checking weezl v0.1.5
[INFO] [stderr]     Checking bytemuck v1.7.2
[INFO] [stderr]     Checking async-task v4.0.3
[INFO] [stderr]    Compiling serde_json v1.0.66
[INFO] [stderr]    Compiling inflections v1.1.1
[INFO] [stderr]     Checking color_quant v1.1.0
[INFO] [stderr]     Checking atomic-waker v1.0.0
[INFO] [stderr]     Checking slotmap v0.4.2
[INFO] [stderr]     Checking glob v0.3.0
[INFO] [stderr]     Checking scoped_threadpool v0.1.9
[INFO] [stderr]     Checking range-alloc v0.1.2
[INFO] [stderr]     Checking base64 v0.11.0
[INFO] [stderr]    Compiling num-traits v0.2.14
[INFO] [stderr]    Compiling memoffset v0.6.4
[INFO] [stderr]    Compiling rayon v1.5.1
[INFO] [stderr]    Compiling num-integer v0.1.44
[INFO] [stderr]    Compiling miniz_oxide v0.4.4
[INFO] [stderr]    Compiling num-iter v0.1.42
[INFO] [stderr]    Compiling priority-queue v1.1.1
[INFO] [stderr]    Compiling num-rational v0.3.2
[INFO] [stderr]    Compiling value-bag v1.0.0-alpha.7
[INFO] [stderr]    Compiling ahash v0.7.4
[INFO] [stderr]     Checking lock_api v0.4.4
[INFO] [stderr]     Checking fxhash v0.2.1
[INFO] [stderr]     Checking instant v0.1.10
[INFO] [stderr]     Checking libloading v0.6.7
[INFO] [stderr]     Checking itertools v0.10.1
[INFO] [stderr]     Checking async-mutex v1.4.0
[INFO] [stderr]     Checking async-lock v2.4.0
[INFO] [stderr]    Compiling wgpu-core v0.7.1
[INFO] [stderr]     Checking deflate v0.8.6
[INFO] [stderr]     Checking miniz_oxide v0.3.7
[INFO] [stderr]     Checking concurrent-queue v1.2.2
[INFO] [stderr]     Checking glam v0.13.1
[INFO] [stderr]     Checking path-dedot v3.0.12
[INFO] [stderr]     Checking hashbrown v0.9.1
[INFO] [stderr]     Checking bit-set v0.5.2
[INFO] [stderr]     Checking ash v0.31.0
[INFO] [stderr]     Checking getrandom v0.2.3
[INFO] [stderr]     Checking parking_lot_core v0.8.3
[INFO] [stderr]     Checking errno v0.2.7
[INFO] [stderr]     Checking socket2 v0.4.1
[INFO] [stderr]    Compiling jobserver v0.1.23
[INFO] [stderr]     Checking gpu-alloc-types v0.2.0
[INFO] [stderr]     Checking gpu-descriptor-types v0.1.1
[INFO] [stderr]     Checking wgpu-types v0.7.0
[INFO] [stderr]     Checking futures-channel v0.3.16
[INFO] [stderr]     Checking futures-lite v1.12.0
[INFO] [stderr]     Checking gif v0.11.2
[INFO] [stderr]     Checking affinity v0.1.1
[INFO] [stderr]     Checking spinning_top v0.2.4
[INFO] [stderr]     Checking async-channel v1.6.1
[INFO] [stderr]     Checking parking_lot v0.11.1
[INFO] [stderr]     Checking nanorand v0.6.1
[INFO] [stderr]    Compiling cc v1.0.69
[INFO] [stderr]     Checking crossbeam-channel v0.5.1
[INFO] [stderr]     Checking futures-intrusive v0.4.0
[INFO] [stderr]     Checking hashbrown v0.11.2
[INFO] [stderr]     Checking png v0.16.8
[INFO] [stderr]    Compiling cmake v0.1.45
[INFO] [stderr]     Checking crossbeam-deque v0.8.1
[INFO] [stderr]     Checking async-executor v1.4.1
[INFO] [stderr]     Checking blocking v1.0.2
[INFO] [stderr]     Checking indexmap v1.7.0
[INFO] [stderr]     Checking lru v0.6.6
[INFO] [stderr]    Compiling spirv_cross v0.23.1
[INFO] [stderr]    Compiling shaderc-sys v0.6.3
[INFO] [stderr]     Checking petgraph v0.5.1
[INFO] [stderr]     Checking switchyard v0.1.1
[INFO] [stderr]     Checking spirv_headers v1.5.0
[INFO] [stderr] error: could not compile `ash`
[INFO] [stderr] 
[INFO] [stderr] Caused by:
[INFO] [stderr]   process didn't exit successfully: `rustc --crate-name ash --edition=2018 /opt/rustwide/cargo-home/registry/src/github.com-1ecc6299db9ec823/ash-0.31.0/src/lib.rs --error-format=json --json=diagnostic-rendered-ansi --crate-type lib --emit=dep-info,metadata -C embed-bitcode=no -C debuginfo=2 --cfg 'feature="default"' --cfg 'feature="libloading"' -C metadata=780d707f8e79f145 -C extra-filename=-780d707f8e79f145 --out-dir /opt/rustwide/target/debug/deps -L dependency=/opt/rustwide/target/debug/deps --extern libloading=/opt/rustwide/target/debug/deps/liblibloading-436bb1e630c71493.rmeta --cap-lints allow` (signal: 9, SIGKILL: kill)
[INFO] [stderr] warning: build failed, waiting for other jobs to finish...
[INFO] [stderr] The following warnings were emitted during compilation:
[INFO] [stderr] 
[INFO] [stderr] warning: src/wrapper.cpp:2: warning: ignoring #pragma warning  [-Wunknown-pragmas]
[INFO] [stderr] warning:     2 | #pragma warning(disable : 4996 4101)
[INFO] [stderr] warning:       | 
[INFO] [stderr] warning: c++: fatal error: Killed signal terminated program cc1plus
[INFO] [stderr] warning: compilation terminated.
[INFO] [stderr] warning: c++: fatal error: Killed signal terminated program cc1plus
[INFO] [stderr] warning: compilation terminated.
[INFO] [stderr] warning: c++: fatal error: Killed signal terminated program cc1plus
[INFO] [stderr] warning: compilation terminated.
[INFO] [stderr] warning: c++: fatal error: Killed signal terminated program cc1plus
[INFO] [stderr] warning: compilation terminated.
[INFO] [stderr] warning: c++: fatal error: Killed signal terminated program cc1plus
[INFO] [stderr] warning: compilation terminated.
[INFO] [stderr] warning: c++: fatal error: Killed signal terminated program cc1plus
[INFO] [stderr] warning: compilation terminated.
[INFO] [stderr] warning: c++: fatal error: Killed signal terminated program cc1plus
[INFO] [stderr] warning: compilation terminated.
[INFO] [stderr] warning: c++: fatal error: Killed signal terminated program cc1plus
[INFO] [stderr] warning: compilation terminated.
[INFO] [stderr] warning: c++: fatal error: Killed signal terminated program cc1plus
[INFO] [stderr] warning: compilation terminated.
[INFO] [stderr] 
[INFO] [stderr] The following warnings were emitted during compilation:
[INFO] [stderr] 
[INFO] [stderr] warning: Checking for system installed libraries.  Use --features = build-from-source to disable this behavior
[INFO] [stderr] warning: System installed library not found.  Falling back to build from source
[INFO] [stderr] 
[INFO] [stderr] error: build failed
[INFO] running `Command { std: "docker" "inspect" "499e3f5ddbba3bd715783c81e309b04679f2ef5ac1c3a84f1dc021a34b8dfeb6", kill_on_drop: false }`
[INFO] running `Command { std: "docker" "rm" "-f" "499e3f5ddbba3bd715783c81e309b04679f2ef5ac1c3a84f1dc021a34b8dfeb6", kill_on_drop: false }`
[INFO] [stdout] 499e3f5ddbba3bd715783c81e309b04679f2ef5ac1c3a84f1dc021a34b8dfeb6
