[INFO] fetching crate redox_uefi 0.1.1...
[INFO] documenting redox_uefi-0.1.1 against beta-2021-08-01 for beta-1.55-rustdoc-1
[INFO] extracting crate redox_uefi 0.1.1 into /workspace/builds/worker-8/source
[INFO] validating manifest of crates.io crate redox_uefi 0.1.1 on toolchain beta-2021-08-01
[INFO] running `Command { std: "/workspace/cargo-home/bin/cargo" "+beta-2021-08-01" "metadata" "--manifest-path" "Cargo.toml" "--no-deps", kill_on_drop: false }`
[INFO] started tweaking crates.io crate redox_uefi 0.1.1
[INFO] finished tweaking crates.io crate redox_uefi 0.1.1
[INFO] tweaked toml for crates.io crate redox_uefi 0.1.1 written to /workspace/builds/worker-8/source/Cargo.toml
[INFO] running `Command { std: "/workspace/cargo-home/bin/cargo" "+beta-2021-08-01" "generate-lockfile" "--manifest-path" "Cargo.toml" "-Zno-index-update", kill_on_drop: false }`
[INFO] running `Command { std: "/workspace/cargo-home/bin/cargo" "+beta-2021-08-01" "fetch" "--manifest-path" "Cargo.toml", kill_on_drop: false }`
[INFO] running `Command { std: "docker" "create" "-v" "/var/lib/crater-agent-workspace/builds/worker-8/target:/opt/rustwide/target:rw,Z" "-v" "/var/lib/crater-agent-workspace/builds/worker-8/source:/opt/rustwide/workdir:ro,Z" "-v" "/var/lib/crater-agent-workspace/cargo-home:/opt/rustwide/cargo-home:ro,Z" "-v" "/var/lib/crater-agent-workspace/rustup-home:/opt/rustwide/rustup-home:ro,Z" "-e" "SOURCE_DIR=/opt/rustwide/workdir" "-e" "CARGO_TARGET_DIR=/opt/rustwide/target" "-e" "CARGO_HOME=/opt/rustwide/cargo-home" "-e" "RUSTUP_HOME=/opt/rustwide/rustup-home" "-w" "/opt/rustwide/workdir" "-m" "1610612736" "--user" "0:0" "--network" "none" "ghcr.io/rust-lang/crates-build-env/linux@sha256:34b6a614d2c27851fe6cbf88fbd1137609cefab8b10d0615aaeb6fd47975d74e" "/opt/rustwide/cargo-home/bin/cargo" "+beta-2021-08-01" "metadata" "--no-deps" "--format-version=1", kill_on_drop: false }`
[INFO] [stdout] 1f0603ac53c532bcefbc7fb5cc02b4525f2a2908c837403e448d28b5e2b87441
[INFO] running `Command { std: "docker" "start" "-a" "1f0603ac53c532bcefbc7fb5cc02b4525f2a2908c837403e448d28b5e2b87441", kill_on_drop: false }`
[INFO] running `Command { std: "docker" "inspect" "1f0603ac53c532bcefbc7fb5cc02b4525f2a2908c837403e448d28b5e2b87441", kill_on_drop: false }`
[INFO] running `Command { std: "docker" "rm" "-f" "1f0603ac53c532bcefbc7fb5cc02b4525f2a2908c837403e448d28b5e2b87441", kill_on_drop: false }`
[INFO] [stdout] 1f0603ac53c532bcefbc7fb5cc02b4525f2a2908c837403e448d28b5e2b87441
[INFO] running `Command { std: "docker" "create" "-v" "/var/lib/crater-agent-workspace/builds/worker-8/target:/opt/rustwide/target:rw,Z" "-v" "/var/lib/crater-agent-workspace/builds/worker-8/source:/opt/rustwide/workdir:ro,Z" "-v" "/var/lib/crater-agent-workspace/cargo-home:/opt/rustwide/cargo-home:ro,Z" "-v" "/var/lib/crater-agent-workspace/rustup-home:/opt/rustwide/rustup-home:ro,Z" "-e" "SOURCE_DIR=/opt/rustwide/workdir" "-e" "CARGO_TARGET_DIR=/opt/rustwide/target" "-e" "CARGO_INCREMENTAL=0" "-e" "RUST_BACKTRACE=full" "-e" "RUSTDOCFLAGS=--cap-lints=warn" "-e" "CARGO_HOME=/opt/rustwide/cargo-home" "-e" "RUSTUP_HOME=/opt/rustwide/rustup-home" "-w" "/opt/rustwide/workdir" "-m" "1610612736" "--user" "0:0" "--network" "none" "ghcr.io/rust-lang/crates-build-env/linux@sha256:34b6a614d2c27851fe6cbf88fbd1137609cefab8b10d0615aaeb6fd47975d74e" "/opt/rustwide/cargo-home/bin/cargo" "+beta-2021-08-01" "doc" "--frozen" "--no-deps" "--document-private-items" "--message-format=json", kill_on_drop: false }`
[INFO] [stdout] b06a8522af71d4f8ca507b585f4aaf9427dee4d26c5ca50ce263d02ae62ecc38
[INFO] running `Command { std: "docker" "start" "-a" "b06a8522af71d4f8ca507b585f4aaf9427dee4d26c5ca50ce263d02ae62ecc38", kill_on_drop: false }`
[INFO] [stderr]     Blocking waiting for file lock on package cache
[INFO] [stderr]  Documenting redox_uefi v0.1.1 (/opt/rustwide/workdir)
[INFO] [stdout] error[E0437]: type `Ok` is not a member of trait `Try`
[INFO] [stdout]    --> src/status.rs:106:5
[INFO] [stdout]     |
[INFO] [stdout] 106 |     type Ok = usize;
[INFO] [stdout]     |     ^^^^^^^^^^^^^^^^ not a member of trait `Try`
[INFO] [stdout] 
[INFO] [stdout] 
[INFO] [stdout] error[E0437]: type `Error` is not a member of trait `Try`
[INFO] [stdout]    --> src/status.rs:107:5
[INFO] [stdout]     |
[INFO] [stdout] 107 |     type Error = Error;
[INFO] [stdout]     |     ^^^^^^^^^^^^^^^^^^^ not a member of trait `Try`
[INFO] [stdout] 
[INFO] [stdout] 
[INFO] [stdout] error[E0407]: method `into_result` is not a member of trait `Try`
[INFO] [stdout]    --> src/status.rs:109:5
[INFO] [stdout]     |
[INFO] [stdout] 109 | /     fn into_result(self) -> Result<Self::Ok> {
[INFO] [stdout] 110 | |         if self.0 & ERROR_BIT == 0 {
[INFO] [stdout] 111 | |             Ok(self.0)
[INFO] [stdout] 112 | |         } else {
[INFO] [stdout] 113 | |             Err(Error::from(self.0 & !(ERROR_BIT)))
[INFO] [stdout] 114 | |         }
[INFO] [stdout] 115 | |     }
[INFO] [stdout]     | |_____^ not a member of trait `Try`
[INFO] [stdout] 
[INFO] [stdout] 
[INFO] [stdout] error[E0407]: method `from_error` is not a member of trait `Try`
[INFO] [stdout]    --> src/status.rs:117:5
[INFO] [stdout]     |
[INFO] [stdout] 117 | /     fn from_error(v: Self::Error) -> Self {
[INFO] [stdout] 118 | |         Status(v as usize | ERROR_BIT)
[INFO] [stdout] 119 | |     }
[INFO] [stdout]     | |_____^ not a member of trait `Try`
[INFO] [stdout] 
[INFO] [stdout] 
[INFO] [stdout] error[E0407]: method `from_ok` is not a member of trait `Try`
[INFO] [stdout]    --> src/status.rs:121:5
[INFO] [stdout]     |
[INFO] [stdout] 121 | /     fn from_ok(v: Self::Ok) -> Self {
[INFO] [stdout] 122 | |         Status(v & !(ERROR_BIT))
[INFO] [stdout] 123 | |     }
[INFO] [stdout]     | |_____^ not a member of trait `Try`
[INFO] [stdout] 
[INFO] [stdout] 
[INFO] [stdout] error[E0554]: `#![feature]` may not be used on the beta release channel
[INFO] [stdout]  --> src/lib.rs:4:1
[INFO] [stdout]   |
[INFO] [stdout] 4 | #![feature(try_trait)]
[INFO] [stdout]   | ^^^^^^^^^^^^^^^^^^^^^^
[INFO] [stdout] 
[INFO] [stdout] 
[INFO] [stdout] error: Compilation failed, aborting rustdoc
[INFO] [stdout] 
[INFO] [stdout] 
[INFO] [stdout] error: aborting due to 7 previous errors
[INFO] [stdout] 
[INFO] [stdout] 
[INFO] [stdout] Some errors have detailed explanations: E0407, E0437, E0554.
[INFO] [stdout] 
[INFO] [stdout] For more information about an error, try `rustc --explain E0407`.
[INFO] [stdout] 
[INFO] [stderr] error: could not document `redox_uefi`
[INFO] [stderr] 
[INFO] [stderr] Caused by:
[INFO] [stderr]   process didn't exit successfully: `rustdoc --edition=2018 --crate-type lib --crate-name uefi src/lib.rs -o /opt/rustwide/target/doc --error-format=json --json=diagnostic-rendered-ansi --document-private-items -L dependency=/opt/rustwide/target/debug/deps --cap-lints=warn --crate-version 0.1.1` (exit status: 1)
[INFO] running `Command { std: "docker" "inspect" "b06a8522af71d4f8ca507b585f4aaf9427dee4d26c5ca50ce263d02ae62ecc38", kill_on_drop: false }`
[INFO] running `Command { std: "docker" "rm" "-f" "b06a8522af71d4f8ca507b585f4aaf9427dee4d26c5ca50ce263d02ae62ecc38", kill_on_drop: false }`
[INFO] [stdout] b06a8522af71d4f8ca507b585f4aaf9427dee4d26c5ca50ce263d02ae62ecc38
