[INFO] fetching crate rapier_testbed3d 0.10.0...
[INFO] documenting rapier_testbed3d-0.10.0 against 1.54.0 for beta-1.55-rustdoc-1
[INFO] extracting crate rapier_testbed3d 0.10.0 into /workspace/builds/worker-3/source
[INFO] validating manifest of crates.io crate rapier_testbed3d 0.10.0 on toolchain 1.54.0
[INFO] running `Command { std: "/workspace/cargo-home/bin/cargo" "+1.54.0" "metadata" "--manifest-path" "Cargo.toml" "--no-deps", kill_on_drop: false }`
[INFO] started tweaking crates.io crate rapier_testbed3d 0.10.0
[INFO] finished tweaking crates.io crate rapier_testbed3d 0.10.0
[INFO] tweaked toml for crates.io crate rapier_testbed3d 0.10.0 written to /workspace/builds/worker-3/source/Cargo.toml
[INFO] running `Command { std: "/workspace/cargo-home/bin/cargo" "+1.54.0" "generate-lockfile" "--manifest-path" "Cargo.toml" "-Zno-index-update", kill_on_drop: false }`
[INFO] [stderr]     Blocking waiting for file lock on package cache
[INFO] running `Command { std: "/workspace/cargo-home/bin/cargo" "+1.54.0" "fetch" "--manifest-path" "Cargo.toml", kill_on_drop: false }`
[INFO] [stderr]     Blocking waiting for file lock on package cache
[INFO] [stderr]     Blocking waiting for file lock on package cache
[INFO] running `Command { std: "docker" "create" "-v" "/var/lib/crater-agent-workspace/builds/worker-3/target:/opt/rustwide/target:rw,Z" "-v" "/var/lib/crater-agent-workspace/builds/worker-3/source:/opt/rustwide/workdir:ro,Z" "-v" "/var/lib/crater-agent-workspace/cargo-home:/opt/rustwide/cargo-home:ro,Z" "-v" "/var/lib/crater-agent-workspace/rustup-home:/opt/rustwide/rustup-home:ro,Z" "-e" "SOURCE_DIR=/opt/rustwide/workdir" "-e" "CARGO_TARGET_DIR=/opt/rustwide/target" "-e" "CARGO_HOME=/opt/rustwide/cargo-home" "-e" "RUSTUP_HOME=/opt/rustwide/rustup-home" "-w" "/opt/rustwide/workdir" "-m" "1610612736" "--user" "0:0" "--network" "none" "ghcr.io/rust-lang/crates-build-env/linux@sha256:34b6a614d2c27851fe6cbf88fbd1137609cefab8b10d0615aaeb6fd47975d74e" "/opt/rustwide/cargo-home/bin/cargo" "+1.54.0" "metadata" "--no-deps" "--format-version=1", kill_on_drop: false }`
[INFO] [stdout] e20c70270eb1c3de0665d8728ade82ba2e276e3da220ece44c8841c29116dd6d
[INFO] running `Command { std: "docker" "start" "-a" "e20c70270eb1c3de0665d8728ade82ba2e276e3da220ece44c8841c29116dd6d", kill_on_drop: false }`
[INFO] running `Command { std: "docker" "inspect" "e20c70270eb1c3de0665d8728ade82ba2e276e3da220ece44c8841c29116dd6d", kill_on_drop: false }`
[INFO] running `Command { std: "docker" "rm" "-f" "e20c70270eb1c3de0665d8728ade82ba2e276e3da220ece44c8841c29116dd6d", kill_on_drop: false }`
[INFO] [stdout] e20c70270eb1c3de0665d8728ade82ba2e276e3da220ece44c8841c29116dd6d
[INFO] running `Command { std: "docker" "create" "-v" "/var/lib/crater-agent-workspace/builds/worker-3/target:/opt/rustwide/target:rw,Z" "-v" "/var/lib/crater-agent-workspace/builds/worker-3/source:/opt/rustwide/workdir:ro,Z" "-v" "/var/lib/crater-agent-workspace/cargo-home:/opt/rustwide/cargo-home:ro,Z" "-v" "/var/lib/crater-agent-workspace/rustup-home:/opt/rustwide/rustup-home:ro,Z" "-e" "SOURCE_DIR=/opt/rustwide/workdir" "-e" "CARGO_TARGET_DIR=/opt/rustwide/target" "-e" "CARGO_INCREMENTAL=0" "-e" "RUST_BACKTRACE=full" "-e" "RUSTDOCFLAGS=--cap-lints=warn" "-e" "CARGO_HOME=/opt/rustwide/cargo-home" "-e" "RUSTUP_HOME=/opt/rustwide/rustup-home" "-w" "/opt/rustwide/workdir" "-m" "1610612736" "--user" "0:0" "--network" "none" "ghcr.io/rust-lang/crates-build-env/linux@sha256:34b6a614d2c27851fe6cbf88fbd1137609cefab8b10d0615aaeb6fd47975d74e" "/opt/rustwide/cargo-home/bin/cargo" "+1.54.0" "doc" "--frozen" "--no-deps" "--document-private-items" "--message-format=json", kill_on_drop: false }`
[INFO] [stdout] 8d6416e1d6d89eead99e262caeeafdb07c9e9433321de23b12d4ba21b9faa745
[INFO] running `Command { std: "docker" "start" "-a" "8d6416e1d6d89eead99e262caeeafdb07c9e9433321de23b12d4ba21b9faa745", kill_on_drop: false }`
[INFO] [stderr]    Compiling libc v0.2.98
[INFO] [stderr]    Compiling syn v1.0.65
[INFO] [stderr]    Compiling serde v1.0.127
[INFO] [stderr]     Checking once_cell v1.8.0
[INFO] [stderr]     Checking downcast-rs v1.2.0
[INFO] [stderr]    Compiling erased-serde v0.3.16
[INFO] [stderr]     Checking cache-padded v1.1.1
[INFO] [stderr]     Checking parking v2.0.0
[INFO] [stderr]     Checking futures-io v0.3.16
[INFO] [stderr]     Checking waker-fn v1.1.0
[INFO] [stderr]     Checking fastrand v1.5.0
[INFO] [stderr]     Checking event-listener v2.5.1
[INFO] [stderr]     Checking async-task v4.0.3
[INFO] [stderr]     Checking fixedbitset v0.4.0
[INFO] [stderr]    Compiling serde_json v1.0.66
[INFO] [stderr]     Checking same-file v1.0.6
[INFO] [stderr]     Checking ansi_term v0.12.1
[INFO] [stderr]     Checking ab_glyph_rasterizer v0.1.4
[INFO] [stderr]     Checking adler32 v1.2.0
[INFO] [stderr]    Compiling anyhow v1.0.42
[INFO] [stderr]     Checking fixedbitset v0.2.0
[INFO] [stderr]    Compiling bevy-glsl-to-spirv v0.2.1
[INFO] [stderr]     Checking ttf-parser v0.6.2
[INFO] [stderr]     Checking color_quant v1.1.0
[INFO] [stderr]     Checking glam v0.15.2
[INFO] [stderr]     Checking bytemuck v1.7.2
[INFO] [stderr]    Compiling nix v0.18.0
[INFO] [stderr]     Checking scoped-tls v1.0.0
[INFO] [stderr]    Compiling khronos-egl v3.0.2
[INFO] [stderr]    Compiling cfg_aliases v0.1.1
[INFO] [stderr]     Checking ttf-parser v0.12.3
[INFO] [stderr]     Checking xdg v2.2.0
[INFO] [stderr]     Checking arrayvec v0.5.2
[INFO] [stderr]     Checking ahash v0.4.7
[INFO] [stderr]    Compiling libm v0.1.4
[INFO] [stderr]     Checking svg_fmt v0.4.1
[INFO] [stderr]    Compiling inflections v1.1.1
[INFO] [stderr]     Checking inplace_it v0.3.3
[INFO] [stderr]     Checking glow v0.7.2
[INFO] [stderr]     Checking xi-unicode v0.3.0
[INFO] [stderr]     Checking rectangle-pack v0.3.0
[INFO] [stderr]     Checking copyless v0.1.5
[INFO] [stderr]    Compiling crossbeam-queue v0.3.2
[INFO] [stderr]     Checking atomic_refcell v0.1.7
[INFO] [stderr]     Checking emath v0.12.0
[INFO] [stderr]     Checking either v1.6.1
[INFO] [stderr]     Checking rustc-hash v1.1.0
[INFO] [stderr]     Checking arrayvec v0.7.1
[INFO] [stderr]     Checking webbrowser v0.5.5
[INFO] [stderr]    Compiling num-traits v0.2.14
[INFO] [stderr]     Checking tracing-core v0.1.18
[INFO] [stderr]     Checking fxhash v0.2.1
[INFO] [stderr]    Compiling ahash v0.7.4
[INFO] [stderr]     Checking regex-automata v0.1.10
[INFO] [stderr]     Checking sharded-slab v0.1.3
[INFO] [stderr]     Checking libloading v0.6.7
[INFO] [stderr]     Checking libloading v0.7.0
[INFO] [stderr]    Compiling wayland-sys v0.28.6
[INFO] [stderr]    Compiling num-rational v0.3.2
[INFO] [stderr]    Compiling num-iter v0.1.42
[INFO] [stderr]    Compiling nom v6.1.2
[INFO] [stderr]    Compiling x11-dl v2.18.5
[INFO] [stderr]    Compiling maybe-uninit v2.0.0
[INFO] [stderr]    Compiling num-rational v0.4.0
[INFO] [stderr]     Checking matrixmultiply v0.3.1
[INFO] [stderr]    Compiling slotmap v1.0.5
[INFO] [stderr]     Checking concurrent-queue v1.2.2
[INFO] [stderr]     Checking gpu-alloc-types v0.2.0
[INFO] [stderr]     Checking gpu-descriptor-types v0.1.1
[INFO] [stderr]     Checking wgpu-types v0.7.0
[INFO] [stderr]    Compiling wayland-scanner v0.28.6
[INFO] [stderr]    Compiling Inflector v0.11.4
[INFO] [stderr]     Checking crossbeam-deque v0.8.1
[INFO] [stderr]    Compiling wgpu-core v0.7.1
[INFO] [stderr]     Checking deflate v0.8.6
[INFO] [stderr]     Checking miniz_oxide v0.3.7
[INFO] [stderr]     Checking petgraph v0.5.1
[INFO] [stderr]     Checking thread_local v1.1.3
[INFO] [stderr]     Checking dlib v0.5.0
[INFO] [stderr]     Checking walkdir v2.3.2
[INFO] [stderr]     Checking async-channel v1.6.1
[INFO] [stderr]     Checking futures-lite v1.12.0
[INFO] [stderr]     Checking ash v0.31.0
[INFO] [stderr]     Checking dlib v0.4.2
[INFO] [stderr]     Checking tracing-log v0.1.2
[INFO] [stderr]     Checking hashbrown v0.9.1
[INFO] [stderr]     Checking png v0.16.8
[INFO] [stderr]     Checking owned_ttf_parser v0.6.0
[INFO] [stderr]     Checking matchers v0.0.1
[INFO] [stderr]     Checking owned_ttf_parser v0.12.1
[INFO] [stderr]     Checking crossbeam v0.8.1
[INFO] [stderr]     Checking rusttype v0.9.2
[INFO] [stderr]     Checking async-executor v1.4.1
[INFO] [stderr]     Checking ab_glyph v0.2.11
[INFO] [stderr]    Compiling wayland-client v0.28.6
[INFO] [stderr]    Compiling wayland-protocols v0.28.6
[INFO] [stderr]     Checking andrew v0.3.1
[INFO] [stderr]     Checking stretch v0.3.2
[INFO] [stderr]     Checking hexasphere v3.4.0
[INFO] [stderr]     Checking num-integer v0.1.44
[INFO] [stderr]     Checking spirv_headers v1.5.0
[INFO] [stderr]     Checking approx v0.5.0
[INFO] [stderr]     Checking euclid v0.22.6
[INFO] [stderr]     Checking ordered-float v2.7.0
[INFO] [stderr]     Checking glyph_brush_layout v0.2.3
[INFO] [stderr]     Checking getrandom v0.2.3
[INFO] [stderr]     Checking num_cpus v1.13.0
[INFO] [stderr]     Checking chrono v0.4.19
[INFO] [stderr]     Checking inotify-sys v0.1.5
[INFO] [stderr]     Checking raw-window-handle v0.3.3
[INFO] [stderr]     Checking filetime v0.2.14
[INFO] [stderr]     Checking mio v0.7.13
[INFO] [stderr]     Checking nix v0.20.0
[INFO] [stderr]     Checking iovec v0.1.4
[INFO] [stderr]     Checking net2 v0.2.37
[INFO] [stderr]     Checking memmap2 v0.1.0
[INFO] [stderr]    Compiling jobserver v0.1.23
[INFO] [stderr]     Checking guillotiere v0.6.1
[INFO] [stderr]     Checking xcursor v0.3.3
[INFO] [stderr]     Checking image v0.23.14
[INFO] [stderr]     Checking rand_core v0.6.3
[INFO] [stderr]    Compiling xcb v0.8.2
[INFO] [stderr]    Compiling cc v1.0.69
[INFO] [stderr]     Checking inotify v0.9.3
[INFO] [stderr]     Checking mio v0.6.23
[INFO] [stderr]     Checking rand_chacha v0.3.1
[INFO] [stderr]     Checking rand_pcg v0.3.1
[INFO] [stderr]     Checking epaint v0.12.0
[INFO] [stderr]     Checking notify v5.0.0-pre.10
[INFO] [stderr]     Checking rand v0.8.4
[INFO] [stderr]     Checking mio-extras v2.0.6
[INFO] [stderr]     Checking egui v0.12.0
[INFO] [stderr]    Compiling spirv-reflect v0.2.3
[INFO] [stderr]    Compiling spirv_cross v0.23.1
[INFO] [stderr]     Checking rand_distr v0.4.1
[INFO] [stderr] error: failed to run custom build command for `xcb v0.8.2`
[INFO] [stderr] 
[INFO] [stderr] Caused by:
[INFO] [stderr]   process didn't exit successfully: `/opt/rustwide/target/debug/build/xcb-294efcc3ff605375/build-script-build` (exit status: 101)
[INFO] [stderr]   --- stderr
[INFO] [stderr]   error occured in handler:  ('request: ', ('xcb', 'NoOperation'))
[INFO] [stderr]   Traceback (most recent call last):
[INFO] [stderr]     File "/opt/rustwide/cargo-home/registry/src/github.com-1ecc6299db9ec823/xcb-0.8.2/rs_client.py", line 2448, in <module>
[INFO] [stderr]       module.generate()
[INFO] [stderr]     File "/opt/rustwide/cargo-home/registry/src/github.com-1ecc6299db9ec823/xcb-0.8.2/xcbgen/state.py", line 108, in generate
[INFO] [stderr]       self.close()
[INFO] [stderr]     File "/opt/rustwide/cargo-home/registry/src/github.com-1ecc6299db9ec823/xcb-0.8.2/rs_client.py", line 296, in rs_close
[INFO] [stderr]       _f.writeout(os.path.join(module.rs_srcdir, "ffi", "%s.rs" % _module_name(_ns.ext_name)))
[INFO] [stderr]     File "/opt/rustwide/cargo-home/registry/src/github.com-1ecc6299db9ec823/xcb-0.8.2/rs_client.py", line 114, in writeout
[INFO] [stderr]       with open(path, 'w') as f:
[INFO] [stderr]   OSError: [Errno 30] Read-only file system: '/opt/rustwide/cargo-home/registry/src/github.com-1ecc6299db9ec823/xcb-0.8.2/src/ffi/xproto.rs'
[INFO] [stderr]   thread 'main' panicked at 'processing of /opt/rustwide/cargo-home/registry/src/github.com-1ecc6299db9ec823/xcb-0.8.2/xml/xproto.xml returned non-zero (1)', /opt/rustwide/cargo-home/registry/src/github.com-1ecc6299db9ec823/xcb-0.8.2/build.rs:75:17
[INFO] [stderr]   stack backtrace:
[INFO] [stderr]      0:     0x5642dcdae650 - std::backtrace_rs::backtrace::libunwind::trace::h34055254b57d8e79
[INFO] [stderr]                                  at /rustc/a178d0322ce20e33eac124758e837cbd80a6f633/library/std/src/../../backtrace/src/backtrace/libunwind.rs:90:5
[INFO] [stderr]      1:     0x5642dcdae650 - std::backtrace_rs::backtrace::trace_unsynchronized::h8f1e3fbd9afff6ec
[INFO] [stderr]                                  at /rustc/a178d0322ce20e33eac124758e837cbd80a6f633/library/std/src/../../backtrace/src/backtrace/mod.rs:66:5
[INFO] [stderr]      2:     0x5642dcdae650 - std::sys_common::backtrace::_print_fmt::h3a99a796b770c360
[INFO] [stderr]                                  at /rustc/a178d0322ce20e33eac124758e837cbd80a6f633/library/std/src/sys_common/backtrace.rs:67:5
[INFO] [stderr]      3:     0x5642dcdae650 - <std::sys_common::backtrace::_print::DisplayBacktrace as core::fmt::Display>::fmt::h32d1f94a80615d18
[INFO] [stderr]                                  at /rustc/a178d0322ce20e33eac124758e837cbd80a6f633/library/std/src/sys_common/backtrace.rs:46:22
[INFO] [stderr]      4:     0x5642dcdcb9ec - core::fmt::write::h306731c068f7162c
[INFO] [stderr]                                  at /rustc/a178d0322ce20e33eac124758e837cbd80a6f633/library/core/src/fmt/mod.rs:1110:17
[INFO] [stderr]      5:     0x5642dcdac375 - std::io::Write::write_fmt::hd2fa90334eee2a21
[INFO] [stderr]                                  at /rustc/a178d0322ce20e33eac124758e837cbd80a6f633/library/std/src/io/mod.rs:1588:15
[INFO] [stderr]      6:     0x5642dcdb042b - std::sys_common::backtrace::_print::h5abaa2601a852287
[INFO] [stderr]                                  at /rustc/a178d0322ce20e33eac124758e837cbd80a6f633/library/std/src/sys_common/backtrace.rs:49:5
[INFO] [stderr]      7:     0x5642dcdb042b - std::sys_common::backtrace::print::h8d81445442bb638f
[INFO] [stderr]                                  at /rustc/a178d0322ce20e33eac124758e837cbd80a6f633/library/std/src/sys_common/backtrace.rs:36:9
[INFO] [stderr]      8:     0x5642dcdb042b - std::panicking::default_hook::{{closure}}::hcfe804496a9fa747
[INFO] [stderr]                                  at /rustc/a178d0322ce20e33eac124758e837cbd80a6f633/library/std/src/panicking.rs:208:50
[INFO] [stderr]      9:     0x5642dcdaff01 - std::panicking::default_hook::hbea8e3ccf2ba8901
[INFO] [stderr]                                  at /rustc/a178d0322ce20e33eac124758e837cbd80a6f633/library/std/src/panicking.rs:225:9
[INFO] [stderr]     10:     0x5642dcdb0af4 - std::panicking::rust_panic_with_hook::h7ee9e1a2d0f8975a
[INFO] [stderr]                                  at /rustc/a178d0322ce20e33eac124758e837cbd80a6f633/library/std/src/panicking.rs:622:17
[INFO] [stderr]     11:     0x5642dcdb05d7 - std::panicking::begin_panic_handler::{{closure}}::h8ab3b4491718b2c7
[INFO] [stderr]                                  at /rustc/a178d0322ce20e33eac124758e837cbd80a6f633/library/std/src/panicking.rs:519:13
[INFO] [stderr]     12:     0x5642dcdaeb4c - std::sys_common::backtrace::__rust_end_short_backtrace::hd489062ffa586a9f
[INFO] [stderr]                                  at /rustc/a178d0322ce20e33eac124758e837cbd80a6f633/library/std/src/sys_common/backtrace.rs:141:18
[INFO] [stderr]     13:     0x5642dcdb0539 - rust_begin_unwind
[INFO] [stderr]                                  at /rustc/a178d0322ce20e33eac124758e837cbd80a6f633/library/std/src/panicking.rs:515:5
[INFO] [stderr]     14:     0x5642dcd90bcb - std::panicking::begin_panic_fmt::h5479575e112541f8
[INFO] [stderr]                                  at /rustc/a178d0322ce20e33eac124758e837cbd80a6f633/library/std/src/panicking.rs:457:5
[INFO] [stderr]     15:     0x5642dcd97409 - build_script_build::main::{{closure}}::h9a9c13fa9aea9df6
[INFO] [stderr]                                  at /opt/rustwide/cargo-home/registry/src/github.com-1ecc6299db9ec823/xcb-0.8.2/build.rs:75:17
[INFO] [stderr]     16:     0x5642dcd96000 - build_script_build::visit_xml::h17d238b8ae1105cf
[INFO] [stderr]                                  at /opt/rustwide/cargo-home/registry/src/github.com-1ecc6299db9ec823/xcb-0.8.2/build.rs:20:44
[INFO] [stderr]     17:     0x5642dcd96790 - build_script_build::main::haf28d212381a30e8
[INFO] [stderr]                                  at /opt/rustwide/cargo-home/registry/src/github.com-1ecc6299db9ec823/xcb-0.8.2/build.rs:56:5
[INFO] [stderr]     18:     0x5642dcd93c3b - core::ops::function::FnOnce::call_once::hfbc1367806a8604a
[INFO] [stderr]                                  at /rustc/a178d0322ce20e33eac124758e837cbd80a6f633/library/core/src/ops/function.rs:227:5
[INFO] [stderr]     19:     0x5642dcd9384e - std::sys_common::backtrace::__rust_begin_short_backtrace::h91ecb7bbef4d63f2
[INFO] [stderr]                                  at /rustc/a178d0322ce20e33eac124758e837cbd80a6f633/library/std/src/sys_common/backtrace.rs:125:18
[INFO] [stderr]     20:     0x5642dcd97bc1 - std::rt::lang_start::{{closure}}::hd5f34c9e1a82e19e
[INFO] [stderr]                                  at /rustc/a178d0322ce20e33eac124758e837cbd80a6f633/library/std/src/rt.rs:49:18
[INFO] [stderr]     21:     0x5642dcdb0ff9 - core::ops::function::impls::<impl core::ops::function::FnOnce<A> for &F>::call_once::h2aabc384aab89b7b
[INFO] [stderr]                                  at /rustc/a178d0322ce20e33eac124758e837cbd80a6f633/library/core/src/ops/function.rs:259:13
[INFO] [stderr]     22:     0x5642dcdb0ff9 - std::panicking::try::do_call::hc5fcacb7a85fc7b1
[INFO] [stderr]                                  at /rustc/a178d0322ce20e33eac124758e837cbd80a6f633/library/std/src/panicking.rs:401:40
[INFO] [stderr]     23:     0x5642dcdb0ff9 - std::panicking::try::hb5d9603af3abbe3a
[INFO] [stderr]                                  at /rustc/a178d0322ce20e33eac124758e837cbd80a6f633/library/std/src/panicking.rs:365:19
[INFO] [stderr]     24:     0x5642dcdb0ff9 - std::panic::catch_unwind::h98fe6ac3925e64b4
[INFO] [stderr]                                  at /rustc/a178d0322ce20e33eac124758e837cbd80a6f633/library/std/src/panic.rs:434:14
[INFO] [stderr]     25:     0x5642dcdb0ff9 - std::rt::lang_start_internal::h22ac7383c516f93e
[INFO] [stderr]                                  at /rustc/a178d0322ce20e33eac124758e837cbd80a6f633/library/std/src/rt.rs:34:21
[INFO] [stderr]     26:     0x5642dcd97ba0 - std::rt::lang_start::h585a164dfeaff199
[INFO] [stderr]                                  at /rustc/a178d0322ce20e33eac124758e837cbd80a6f633/library/std/src/rt.rs:48:5
[INFO] [stderr]     27:     0x5642dcd9746c - main
[INFO] [stderr]     28:     0x7f0bf9e560b3 - __libc_start_main
[INFO] [stderr]     29:     0x5642dcd9196e - _start
[INFO] [stderr]     30:                0x0 - <unknown>
[INFO] [stderr] warning: build failed, waiting for other jobs to finish...
[INFO] [stderr] The following warnings were emitted during compilation:
[INFO] [stderr] 
[INFO] [stderr] warning: src/wrapper.cpp:2: warning: ignoring #pragma warning  [-Wunknown-pragmas]
[INFO] [stderr] warning:     2 | #pragma warning(disable : 4996 4101)
[INFO] [stderr] warning:       | 
[INFO] [stderr] warning: c++: fatal error: Killed signal terminated program cc1plus
[INFO] [stderr] warning: compilation terminated.
[INFO] [stderr] 
[INFO] [stderr] error: build failed
[INFO] running `Command { std: "docker" "inspect" "8d6416e1d6d89eead99e262caeeafdb07c9e9433321de23b12d4ba21b9faa745", kill_on_drop: false }`
[INFO] running `Command { std: "docker" "rm" "-f" "8d6416e1d6d89eead99e262caeeafdb07c9e9433321de23b12d4ba21b9faa745", kill_on_drop: false }`
[INFO] [stdout] 8d6416e1d6d89eead99e262caeeafdb07c9e9433321de23b12d4ba21b9faa745
