[INFO] fetching crate r0ket-l0dable 0.1.0...
[INFO] documenting r0ket-l0dable-0.1.0 against beta-2021-08-01 for beta-1.55-rustdoc-1
[INFO] extracting crate r0ket-l0dable 0.1.0 into /workspace/builds/worker-33/source
[INFO] validating manifest of crates.io crate r0ket-l0dable 0.1.0 on toolchain beta-2021-08-01
[INFO] running `Command { std: "/workspace/cargo-home/bin/cargo" "+beta-2021-08-01" "metadata" "--manifest-path" "Cargo.toml" "--no-deps", kill_on_drop: false }`
[INFO] started tweaking crates.io crate r0ket-l0dable 0.1.0
[INFO] finished tweaking crates.io crate r0ket-l0dable 0.1.0
[INFO] tweaked toml for crates.io crate r0ket-l0dable 0.1.0 written to /workspace/builds/worker-33/source/Cargo.toml
[INFO] running `Command { std: "/workspace/cargo-home/bin/cargo" "+beta-2021-08-01" "generate-lockfile" "--manifest-path" "Cargo.toml" "-Zno-index-update", kill_on_drop: false }`
[INFO] [stderr]     Blocking waiting for file lock on package cache
[INFO] running `Command { std: "/workspace/cargo-home/bin/cargo" "+beta-2021-08-01" "fetch" "--manifest-path" "Cargo.toml", kill_on_drop: false }`
[INFO] [stderr]     Blocking waiting for file lock on package cache
[INFO] [stderr]     Blocking waiting for file lock on package cache
[INFO] [stderr]  Downloading crates ...
[INFO] [stderr]   Downloaded lpc13xx v0.0.0
[INFO] running `Command { std: "docker" "create" "-v" "/var/lib/crater-agent-workspace/builds/worker-33/target:/opt/rustwide/target:rw,Z" "-v" "/var/lib/crater-agent-workspace/builds/worker-33/source:/opt/rustwide/workdir:ro,Z" "-v" "/var/lib/crater-agent-workspace/cargo-home:/opt/rustwide/cargo-home:ro,Z" "-v" "/var/lib/crater-agent-workspace/rustup-home:/opt/rustwide/rustup-home:ro,Z" "-e" "SOURCE_DIR=/opt/rustwide/workdir" "-e" "CARGO_TARGET_DIR=/opt/rustwide/target" "-e" "CARGO_HOME=/opt/rustwide/cargo-home" "-e" "RUSTUP_HOME=/opt/rustwide/rustup-home" "-w" "/opt/rustwide/workdir" "-m" "1610612736" "--user" "0:0" "--network" "none" "ghcr.io/rust-lang/crates-build-env/linux@sha256:34b6a614d2c27851fe6cbf88fbd1137609cefab8b10d0615aaeb6fd47975d74e" "/opt/rustwide/cargo-home/bin/cargo" "+beta-2021-08-01" "metadata" "--no-deps" "--format-version=1", kill_on_drop: false }`
[INFO] [stdout] 9239a3c842d7b8ab16ec472eb31088713e19914e50218bce4ee8d7df2be5eaa2
[INFO] running `Command { std: "docker" "start" "-a" "9239a3c842d7b8ab16ec472eb31088713e19914e50218bce4ee8d7df2be5eaa2", kill_on_drop: false }`
[INFO] running `Command { std: "docker" "inspect" "9239a3c842d7b8ab16ec472eb31088713e19914e50218bce4ee8d7df2be5eaa2", kill_on_drop: false }`
[INFO] running `Command { std: "docker" "rm" "-f" "9239a3c842d7b8ab16ec472eb31088713e19914e50218bce4ee8d7df2be5eaa2", kill_on_drop: false }`
[INFO] [stdout] 9239a3c842d7b8ab16ec472eb31088713e19914e50218bce4ee8d7df2be5eaa2
[INFO] running `Command { std: "docker" "create" "-v" "/var/lib/crater-agent-workspace/builds/worker-33/target:/opt/rustwide/target:rw,Z" "-v" "/var/lib/crater-agent-workspace/builds/worker-33/source:/opt/rustwide/workdir:ro,Z" "-v" "/var/lib/crater-agent-workspace/cargo-home:/opt/rustwide/cargo-home:ro,Z" "-v" "/var/lib/crater-agent-workspace/rustup-home:/opt/rustwide/rustup-home:ro,Z" "-e" "SOURCE_DIR=/opt/rustwide/workdir" "-e" "CARGO_TARGET_DIR=/opt/rustwide/target" "-e" "CARGO_INCREMENTAL=0" "-e" "RUST_BACKTRACE=full" "-e" "RUSTDOCFLAGS=--cap-lints=warn" "-e" "CARGO_HOME=/opt/rustwide/cargo-home" "-e" "RUSTUP_HOME=/opt/rustwide/rustup-home" "-w" "/opt/rustwide/workdir" "-m" "1610612736" "--user" "0:0" "--network" "none" "ghcr.io/rust-lang/crates-build-env/linux@sha256:34b6a614d2c27851fe6cbf88fbd1137609cefab8b10d0615aaeb6fd47975d74e" "/opt/rustwide/cargo-home/bin/cargo" "+beta-2021-08-01" "doc" "--frozen" "--no-deps" "--document-private-items" "--message-format=json", kill_on_drop: false }`
[INFO] [stdout] 8a0318a8a3304e94a823d450b6a0c92861911548c9d8e3e9d1edb50ca4e4d733
[INFO] running `Command { std: "docker" "start" "-a" "8a0318a8a3304e94a823d450b6a0c92861911548c9d8e3e9d1edb50ca4e4d733", kill_on_drop: false }`
[INFO] [stderr]    Compiling typenum v1.13.0
[INFO] [stderr]    Compiling semver-parser v0.7.0
[INFO] [stderr]    Compiling version_check v0.9.3
[INFO] [stderr]    Compiling cortex-m v0.7.3
[INFO] [stderr]     Checking nb v1.0.0
[INFO] [stderr]     Checking void v1.0.2
[INFO] [stderr]     Checking stable_deref_trait v1.2.0
[INFO] [stderr]    Compiling cortex-m v0.6.7
[INFO] [stderr]     Checking bitfield v0.13.2
[INFO] [stderr]    Compiling cortex-m v0.5.11
[INFO] [stderr]     Checking aligned v0.2.0
[INFO] [stderr]    Compiling r0ket-l0dable v0.1.0 (/opt/rustwide/workdir)
[INFO] [stderr]     Checking volatile-register v0.2.0
[INFO] [stderr]     Checking nb v0.1.3
[INFO] [stderr]    Compiling semver v0.9.0
[INFO] [stderr]     Checking embedded-hal v0.2.6
[INFO] [stderr]    Compiling generic-array v0.14.4
[INFO] [stderr]    Compiling rustc_version v0.2.3
[INFO] [stderr]    Compiling bare-metal v0.2.5
[INFO] [stderr]     Checking generic-array v0.12.4
[INFO] [stderr]     Checking generic-array v0.13.3
[INFO] [stderr]     Checking as-slice v0.1.5
[INFO] [stderr]     Checking aligned v0.3.5
[INFO] [stderr]     Checking lpc13xx v0.0.0
[INFO] [stdout] error[E0557]: feature has been removed
[INFO] [stdout]  --> /opt/rustwide/cargo-home/registry/src/github.com-1ecc6299db9ec823/lpc13xx-0.0.0/src/lib.rs:9:12
[INFO] [stdout]   |
[INFO] [stdout] 9 | #![feature(const_fn)]
[INFO] [stdout]   |            ^^^^^^^^ feature has been removed
[INFO] [stdout]   |
[INFO] [stdout]   = note: split into finer-grained feature gates
[INFO] [stdout] 
[INFO] [stdout] 
[INFO] [stdout] error[E0554]: `#![feature]` may not be used on the beta release channel
[INFO] [stdout]  --> /opt/rustwide/cargo-home/registry/src/github.com-1ecc6299db9ec823/lpc13xx-0.0.0/src/lib.rs:9:1
[INFO] [stdout]   |
[INFO] [stdout] 9 | #![feature(const_fn)]
[INFO] [stdout]   | ^^^^^^^^^^^^^^^^^^^^^
[INFO] [stdout] 
[INFO] [stdout] 
[INFO] [stdout] error[E0554]: `#![feature]` may not be used on the beta release channel
[INFO] [stdout]   --> /opt/rustwide/cargo-home/registry/src/github.com-1ecc6299db9ec823/lpc13xx-0.0.0/src/lib.rs:10:1
[INFO] [stdout]    |
[INFO] [stdout] 10 | #![feature(try_from)]
[INFO] [stdout]    | ^^^^^^^^^^^^^^^^^^^^^
[INFO] [stdout] 
[INFO] [stdout] 
[INFO] [stdout] error: aborting due to 3 previous errors
[INFO] [stdout] 
[INFO] [stdout] 
[INFO] [stdout] Some errors have detailed explanations: E0554, E0557.
[INFO] [stdout] 
[INFO] [stdout] For more information about an error, try `rustc --explain E0554`.
[INFO] [stdout] 
[INFO] [stderr] error: could not compile `lpc13xx` due to 4 previous errors
[INFO] running `Command { std: "docker" "inspect" "8a0318a8a3304e94a823d450b6a0c92861911548c9d8e3e9d1edb50ca4e4d733", kill_on_drop: false }`
[INFO] running `Command { std: "docker" "rm" "-f" "8a0318a8a3304e94a823d450b6a0c92861911548c9d8e3e9d1edb50ca4e4d733", kill_on_drop: false }`
[INFO] [stdout] 8a0318a8a3304e94a823d450b6a0c92861911548c9d8e3e9d1edb50ca4e4d733
