[INFO] fetching crate qt_3d_render 0.5.0...
[INFO] documenting qt_3d_render-0.5.0 against beta-2021-08-01 for beta-1.55-rustdoc-1
[INFO] extracting crate qt_3d_render 0.5.0 into /workspace/builds/worker-45/source
[INFO] validating manifest of crates.io crate qt_3d_render 0.5.0 on toolchain beta-2021-08-01
[INFO] running `Command { std: "/workspace/cargo-home/bin/cargo" "+beta-2021-08-01" "metadata" "--manifest-path" "Cargo.toml" "--no-deps", kill_on_drop: false }`
[INFO] started tweaking crates.io crate qt_3d_render 0.5.0
[INFO] finished tweaking crates.io crate qt_3d_render 0.5.0
[INFO] tweaked toml for crates.io crate qt_3d_render 0.5.0 written to /workspace/builds/worker-45/source/Cargo.toml
[INFO] running `Command { std: "/workspace/cargo-home/bin/cargo" "+beta-2021-08-01" "generate-lockfile" "--manifest-path" "Cargo.toml" "-Zno-index-update", kill_on_drop: false }`
[INFO] [stderr]     Blocking waiting for file lock on package cache
[INFO] running `Command { std: "/workspace/cargo-home/bin/cargo" "+beta-2021-08-01" "fetch" "--manifest-path" "Cargo.toml", kill_on_drop: false }`
[INFO] [stderr]     Blocking waiting for file lock on package cache
[INFO] [stderr]  Downloading crates ...
[INFO] [stderr]   Downloaded qt_3d_core v0.5.0
[INFO] running `Command { std: "docker" "create" "-v" "/var/lib/crater-agent-workspace/builds/worker-45/target:/opt/rustwide/target:rw,Z" "-v" "/var/lib/crater-agent-workspace/builds/worker-45/source:/opt/rustwide/workdir:ro,Z" "-v" "/var/lib/crater-agent-workspace/cargo-home:/opt/rustwide/cargo-home:ro,Z" "-v" "/var/lib/crater-agent-workspace/rustup-home:/opt/rustwide/rustup-home:ro,Z" "-e" "SOURCE_DIR=/opt/rustwide/workdir" "-e" "CARGO_TARGET_DIR=/opt/rustwide/target" "-e" "CARGO_HOME=/opt/rustwide/cargo-home" "-e" "RUSTUP_HOME=/opt/rustwide/rustup-home" "-w" "/opt/rustwide/workdir" "-m" "1610612736" "--user" "0:0" "--network" "none" "ghcr.io/rust-lang/crates-build-env/linux@sha256:34b6a614d2c27851fe6cbf88fbd1137609cefab8b10d0615aaeb6fd47975d74e" "/opt/rustwide/cargo-home/bin/cargo" "+beta-2021-08-01" "metadata" "--no-deps" "--format-version=1", kill_on_drop: false }`
[INFO] [stdout] 7fbfb6a6ea96a09b907b446b7d44c5d58a51c00c76a0d048a169589d5f14dc2c
[INFO] running `Command { std: "docker" "start" "-a" "7fbfb6a6ea96a09b907b446b7d44c5d58a51c00c76a0d048a169589d5f14dc2c", kill_on_drop: false }`
[INFO] running `Command { std: "docker" "inspect" "7fbfb6a6ea96a09b907b446b7d44c5d58a51c00c76a0d048a169589d5f14dc2c", kill_on_drop: false }`
[INFO] running `Command { std: "docker" "rm" "-f" "7fbfb6a6ea96a09b907b446b7d44c5d58a51c00c76a0d048a169589d5f14dc2c", kill_on_drop: false }`
[INFO] [stdout] 7fbfb6a6ea96a09b907b446b7d44c5d58a51c00c76a0d048a169589d5f14dc2c
[INFO] running `Command { std: "docker" "create" "-v" "/var/lib/crater-agent-workspace/builds/worker-45/target:/opt/rustwide/target:rw,Z" "-v" "/var/lib/crater-agent-workspace/builds/worker-45/source:/opt/rustwide/workdir:ro,Z" "-v" "/var/lib/crater-agent-workspace/cargo-home:/opt/rustwide/cargo-home:ro,Z" "-v" "/var/lib/crater-agent-workspace/rustup-home:/opt/rustwide/rustup-home:ro,Z" "-e" "SOURCE_DIR=/opt/rustwide/workdir" "-e" "CARGO_TARGET_DIR=/opt/rustwide/target" "-e" "CARGO_INCREMENTAL=0" "-e" "RUST_BACKTRACE=full" "-e" "RUSTDOCFLAGS=--cap-lints=warn" "-e" "CARGO_HOME=/opt/rustwide/cargo-home" "-e" "RUSTUP_HOME=/opt/rustwide/rustup-home" "-w" "/opt/rustwide/workdir" "-m" "1610612736" "--user" "0:0" "--network" "none" "ghcr.io/rust-lang/crates-build-env/linux@sha256:34b6a614d2c27851fe6cbf88fbd1137609cefab8b10d0615aaeb6fd47975d74e" "/opt/rustwide/cargo-home/bin/cargo" "+beta-2021-08-01" "doc" "--frozen" "--no-deps" "--document-private-items" "--message-format=json", kill_on_drop: false }`
[INFO] [stdout] 9dfb3312a933958f7d8c5854b555d35212b67ec57b6fe55e3728a5eeccb5b01e
[INFO] running `Command { std: "docker" "start" "-a" "9dfb3312a933958f7d8c5854b555d35212b67ec57b6fe55e3728a5eeccb5b01e", kill_on_drop: false }`
[INFO] [stderr]     Blocking waiting for file lock on package cache
[INFO] [stderr]    Compiling adler v1.0.2
[INFO] [stderr]    Compiling gimli v0.25.0
[INFO] [stderr]    Compiling rustc-demangle v0.1.20
[INFO] [stderr]    Compiling itoa v0.4.7
[INFO] [stderr]    Compiling semver-parser v0.7.0
[INFO] [stderr]    Compiling either v1.6.1
[INFO] [stderr]    Compiling term v0.4.6
[INFO] [stderr]    Compiling pathdiff v0.1.0
[INFO] [stderr]    Compiling shell-words v0.1.0
[INFO] [stderr]    Compiling dunce v1.0.2
[INFO] [stderr]    Compiling memchr v2.4.0
[INFO] [stderr]    Compiling serde v1.0.127
[INFO] [stderr]    Compiling ryu v1.0.5
[INFO] [stderr]     Checking libc v0.2.98
[INFO] [stderr]    Compiling syn v1.0.74
[INFO] [stderr]    Compiling num_cpus v1.13.0
[INFO] [stderr]    Compiling miniz_oxide v0.4.4
[INFO] [stderr]    Compiling itertools v0.8.2
[INFO] [stderr]    Compiling term-painter v0.2.4
[INFO] [stderr]    Compiling semver v0.9.0
[INFO] [stderr]     Checking cpp_core v0.6.0
[INFO] [stderr]    Compiling aho-corasick v0.7.18
[INFO] [stderr]    Compiling object v0.26.0
[INFO] [stderr]    Compiling regex v1.5.4
[INFO] [stderr]    Compiling env_logger v0.7.1
[INFO] [stderr]    Compiling addr2line v0.16.0
[INFO] [stderr]    Compiling synstructure v0.12.5
[INFO] [stderr]    Compiling backtrace v0.3.61
[INFO] [stderr]    Compiling toml v0.4.10
[INFO] [stderr]    Compiling bincode v1.3.3
[INFO] [stderr]    Compiling serde_json v1.0.66
[INFO] [stderr]    Compiling failure_derive v0.1.8
[INFO] [stderr]    Compiling serde_derive v1.0.127
[INFO] [stderr]    Compiling qt_macros v0.1.1
[INFO] [stderr]    Compiling failure v0.1.8
[INFO] [stderr]    Compiling ritual_common v0.4.0
[INFO] [stderr]    Compiling ritual_build v0.4.0
[INFO] [stderr]    Compiling qt_ritual_common v0.4.0
[INFO] [stderr]    Compiling qt_ritual_build v0.5.0
[INFO] [stderr]    Compiling qt_core v0.5.0
[INFO] [stderr]    Compiling qt_gui v0.5.0
[INFO] [stderr]    Compiling qt_3d_core v0.5.0
[INFO] [stderr]    Compiling qt_3d_render v0.5.0 (/opt/rustwide/workdir)
[INFO] [stderr] error: failed to run custom build command for `qt_3d_render v0.5.0 (/opt/rustwide/workdir)`
[INFO] [stderr] 
[INFO] [stderr] Caused by:
[INFO] [stderr]   process didn't exit successfully: `/opt/rustwide/target/debug/build/qt_3d_render-cc4c4d6b0f864add/build-script-build` (exit status: 1)
[INFO] [stderr]   --- stdout
[INFO] [stderr]   Current Qt version (5.12.8) is unknown to qt_3d_render crate. Using closest known version (5.12.2)
[INFO] [stderr]   -- The C compiler identification is GNU 9.3.0
[INFO] [stderr]   -- The CXX compiler identification is GNU 9.3.0
[INFO] [stderr]   -- Check for working C compiler: /usr/bin/cc
[INFO] [stderr]   -- Check for working C compiler: /usr/bin/cc -- works
[INFO] [stderr]   -- Detecting C compiler ABI info
[INFO] [stderr]   -- Detecting C compiler ABI info - done
[INFO] [stderr]   -- Detecting C compile features
[INFO] [stderr]   -- Detecting C compile features - done
[INFO] [stderr]   -- Check for working CXX compiler: /usr/bin/c++
[INFO] [stderr]   -- Check for working CXX compiler: /usr/bin/c++ -- works
[INFO] [stderr]   -- Detecting CXX compiler ABI info
[INFO] [stderr]   -- Detecting CXX compiler ABI info - done
[INFO] [stderr]   -- Detecting CXX compile features
[INFO] [stderr]   -- Detecting CXX compile features - done
[INFO] [stderr]   -- RITUAL_INCLUDE_PATH=/usr/include/x86_64-linux-gnu/qt5;/usr/include/x86_64-linux-gnu/qt5/Qt3DRender;/usr/include/x86_64-linux-gnu/qt5/QtCore;/usr/include/x86_64-linux-gnu/qt5/QtGui;/usr/include/x86_64-linux-gnu/qt5/Qt3DCore
[INFO] [stderr]   -- RITUAL_LIBRARY_PATH=/usr/lib/x86_64-linux-gnu
[INFO] [stderr]   -- RITUAL_LIBRARY_TYPE=STATIC
[INFO] [stderr]   -- RITUAL_LINKED_LIBS=Qt53DRender;Qt5Core;Qt5Gui;Qt53DCore
[INFO] [stderr]   -- RITUAL_CPP_LIB_VERSION=51202
[INFO] [stderr]   -- RITUAL_COMPILER_FLAGS=-std=gnu++11 -fPIC
[INFO] [stderr]   -- Configuring done
[INFO] [stderr]   -- Generating done
[INFO] [stderr]   -- Build files have been written to: /opt/rustwide/target/debug/build/qt_3d_render-fc07d6e3987c7ccd/out/c_lib_build
[INFO] [stderr]   /usr/bin/make -f CMakeFiles/Makefile2 clean
[INFO] [stderr]   make[1]: Entering directory '/opt/rustwide/target/debug/build/qt_3d_render-fc07d6e3987c7ccd/out/c_lib_build'
[INFO] [stderr]   /usr/bin/make -f CMakeFiles/qt_3d_render_c.dir/build.make CMakeFiles/qt_3d_render_c.dir/clean
[INFO] [stderr]   make[2]: Entering directory '/opt/rustwide/target/debug/build/qt_3d_render-fc07d6e3987c7ccd/out/c_lib_build'
[INFO] [stderr]   /usr/bin/cmake -P CMakeFiles/qt_3d_render_c.dir/cmake_clean.cmake
[INFO] [stderr]   make[2]: Leaving directory '/opt/rustwide/target/debug/build/qt_3d_render-fc07d6e3987c7ccd/out/c_lib_build'
[INFO] [stderr]   /usr/bin/make -f CMakeFiles/qt_3d_render_c_autogen.dir/build.make CMakeFiles/qt_3d_render_c_autogen.dir/clean
[INFO] [stderr]   make[2]: Entering directory '/opt/rustwide/target/debug/build/qt_3d_render-fc07d6e3987c7ccd/out/c_lib_build'
[INFO] [stderr]   /usr/bin/cmake -P CMakeFiles/qt_3d_render_c_autogen.dir/cmake_clean.cmake
[INFO] [stderr]   make[2]: Leaving directory '/opt/rustwide/target/debug/build/qt_3d_render-fc07d6e3987c7ccd/out/c_lib_build'
[INFO] [stderr]   make[1]: Leaving directory '/opt/rustwide/target/debug/build/qt_3d_render-fc07d6e3987c7ccd/out/c_lib_build'
[INFO] [stderr]   /usr/bin/cmake -S/opt/rustwide/workdir/c_lib -B/opt/rustwide/target/debug/build/qt_3d_render-fc07d6e3987c7ccd/out/c_lib_build --check-build-system CMakeFiles/Makefile.cmake 0
[INFO] [stderr]   /usr/bin/cmake -E cmake_progress_start /opt/rustwide/target/debug/build/qt_3d_render-fc07d6e3987c7ccd/out/c_lib_build/CMakeFiles /opt/rustwide/target/debug/build/qt_3d_render-fc07d6e3987c7ccd/out/c_lib_build/CMakeFiles/progress.marks
[INFO] [stderr]   /usr/bin/make -f CMakeFiles/Makefile2 all
[INFO] [stderr]   make[1]: Entering directory '/opt/rustwide/target/debug/build/qt_3d_render-fc07d6e3987c7ccd/out/c_lib_build'
[INFO] [stderr]   /usr/bin/make -f CMakeFiles/qt_3d_render_c_autogen.dir/build.make CMakeFiles/qt_3d_render_c_autogen.dir/depend
[INFO] [stderr]   make[2]: Entering directory '/opt/rustwide/target/debug/build/qt_3d_render-fc07d6e3987c7ccd/out/c_lib_build'
[INFO] [stderr]   cd /opt/rustwide/target/debug/build/qt_3d_render-fc07d6e3987c7ccd/out/c_lib_build && /usr/bin/cmake -E cmake_depends "Unix Makefiles" /opt/rustwide/workdir/c_lib /opt/rustwide/workdir/c_lib /opt/rustwide/target/debug/build/qt_3d_render-fc07d6e3987c7ccd/out/c_lib_build /opt/rustwide/target/debug/build/qt_3d_render-fc07d6e3987c7ccd/out/c_lib_build /opt/rustwide/target/debug/build/qt_3d_render-fc07d6e3987c7ccd/out/c_lib_build/CMakeFiles/qt_3d_render_c_autogen.dir/DependInfo.cmake --color=
[INFO] [stderr]   Scanning dependencies of target qt_3d_render_c_autogen
[INFO] [stderr]   make[2]: Leaving directory '/opt/rustwide/target/debug/build/qt_3d_render-fc07d6e3987c7ccd/out/c_lib_build'
[INFO] [stderr]   /usr/bin/make -f CMakeFiles/qt_3d_render_c_autogen.dir/build.make CMakeFiles/qt_3d_render_c_autogen.dir/build
[INFO] [stderr]   make[2]: Entering directory '/opt/rustwide/target/debug/build/qt_3d_render-fc07d6e3987c7ccd/out/c_lib_build'
[INFO] [stderr]   [ 25%] Automatic MOC for target qt_3d_render_c
[INFO] [stderr]   /usr/bin/cmake -E cmake_autogen /opt/rustwide/target/debug/build/qt_3d_render-fc07d6e3987c7ccd/out/c_lib_build/CMakeFiles/qt_3d_render_c_autogen.dir/AutogenInfo.json Debug
[INFO] [stderr]   make[2]: Leaving directory '/opt/rustwide/target/debug/build/qt_3d_render-fc07d6e3987c7ccd/out/c_lib_build'
[INFO] [stderr]   [ 25%] Built target qt_3d_render_c_autogen
[INFO] [stderr]   /usr/bin/make -f CMakeFiles/qt_3d_render_c.dir/build.make CMakeFiles/qt_3d_render_c.dir/depend
[INFO] [stderr]   make[2]: Entering directory '/opt/rustwide/target/debug/build/qt_3d_render-fc07d6e3987c7ccd/out/c_lib_build'
[INFO] [stderr]   cd /opt/rustwide/target/debug/build/qt_3d_render-fc07d6e3987c7ccd/out/c_lib_build && /usr/bin/cmake -E cmake_depends "Unix Makefiles" /opt/rustwide/workdir/c_lib /opt/rustwide/workdir/c_lib /opt/rustwide/target/debug/build/qt_3d_render-fc07d6e3987c7ccd/out/c_lib_build /opt/rustwide/target/debug/build/qt_3d_render-fc07d6e3987c7ccd/out/c_lib_build /opt/rustwide/target/debug/build/qt_3d_render-fc07d6e3987c7ccd/out/c_lib_build/CMakeFiles/qt_3d_render_c.dir/DependInfo.cmake --color=
[INFO] [stderr]   Scanning dependencies of target qt_3d_render_c
[INFO] [stderr]   make[2]: Leaving directory '/opt/rustwide/target/debug/build/qt_3d_render-fc07d6e3987c7ccd/out/c_lib_build'
[INFO] [stderr]   /usr/bin/make -f CMakeFiles/qt_3d_render_c.dir/build.make CMakeFiles/qt_3d_render_c.dir/build
[INFO] [stderr]   make[2]: Entering directory '/opt/rustwide/target/debug/build/qt_3d_render-fc07d6e3987c7ccd/out/c_lib_build'
[INFO] [stderr]   [ 50%] Building CXX object CMakeFiles/qt_3d_render_c.dir/qt_3d_render_c_autogen/mocs_compilation.cpp.o
[INFO] [stderr]   /usr/bin/c++  -DQT_3D_RENDER_C_LIBRARY -DRITUAL_CPP_LIB_VERSION=51202 -I/opt/rustwide/target/debug/build/qt_3d_render-fc07d6e3987c7ccd/out/c_lib_build/qt_3d_render_c_autogen/include -I/opt/rustwide/workdir/c_lib -I/opt/rustwide/target/debug/build/qt_3d_render-fc07d6e3987c7ccd/out/c_lib_build -I/usr/include/x86_64-linux-gnu/qt5 -I/usr/include/x86_64-linux-gnu/qt5/Qt3DRender -I/usr/include/x86_64-linux-gnu/qt5/QtCore -I/usr/include/x86_64-linux-gnu/qt5/QtGui -I/usr/include/x86_64-linux-gnu/qt5/Qt3DCore  -Wall -Wextra -Wno-deprecated-declarations -Werror=return-type -std=gnu++11 -fPIC -g   -o CMakeFiles/qt_3d_render_c.dir/qt_3d_render_c_autogen/mocs_compilation.cpp.o -c /opt/rustwide/target/debug/build/qt_3d_render-fc07d6e3987c7ccd/out/c_lib_build/qt_3d_render_c_autogen/mocs_compilation.cpp
[INFO] [stderr]   [ 75%] Building CXX object CMakeFiles/qt_3d_render_c.dir/file1.cpp.o
[INFO] [stderr]   /usr/bin/c++  -DQT_3D_RENDER_C_LIBRARY -DRITUAL_CPP_LIB_VERSION=51202 -I/opt/rustwide/target/debug/build/qt_3d_render-fc07d6e3987c7ccd/out/c_lib_build/qt_3d_render_c_autogen/include -I/opt/rustwide/workdir/c_lib -I/opt/rustwide/target/debug/build/qt_3d_render-fc07d6e3987c7ccd/out/c_lib_build -I/usr/include/x86_64-linux-gnu/qt5 -I/usr/include/x86_64-linux-gnu/qt5/Qt3DRender -I/usr/include/x86_64-linux-gnu/qt5/QtCore -I/usr/include/x86_64-linux-gnu/qt5/QtGui -I/usr/include/x86_64-linux-gnu/qt5/Qt3DCore  -Wall -Wextra -Wno-deprecated-declarations -Werror=return-type -std=gnu++11 -fPIC -g   -o CMakeFiles/qt_3d_render_c.dir/file1.cpp.o -c /opt/rustwide/workdir/c_lib/file1.cpp
[INFO] [stderr]   make[2]: Leaving directory '/opt/rustwide/target/debug/build/qt_3d_render-fc07d6e3987c7ccd/out/c_lib_build'
[INFO] [stderr]   make[1]: Leaving directory '/opt/rustwide/target/debug/build/qt_3d_render-fc07d6e3987c7ccd/out/c_lib_build'
[INFO] [stderr] 
[INFO] [stderr]   --- stderr
[INFO] [stderr]   In file included from /usr/include/x86_64-linux-gnu/qt5/QtCore/qabstractitemmodel.h:43,
[INFO] [stderr]                    from /usr/include/x86_64-linux-gnu/qt5/QtCore/QtCore:10,
[INFO] [stderr]                    from /usr/include/x86_64-linux-gnu/qt5/Qt3DRender/Qt3DRenderDepends:3,
[INFO] [stderr]                    from /usr/include/x86_64-linux-gnu/qt5/Qt3DRender/Qt3DRender:3,
[INFO] [stderr]                    from /opt/rustwide/workdir/c_lib/qt_3d_render_c_global.h:73,
[INFO] [stderr]                    from /opt/rustwide/workdir/c_lib/file1.cpp:1:
[INFO] [stderr]   /usr/include/x86_64-linux-gnu/qt5/QtCore/qvariant.h: In constructor 'QVariant::QVariant(QVariant&&)':
[INFO] [stderr]   /usr/include/x86_64-linux-gnu/qt5/QtCore/qvariant.h:275:25: warning: implicitly-declared 'QVariant::Private& QVariant::Private::operator=(const QVariant::Private&)' is deprecated [-Wdeprecated-copy]
[INFO] [stderr]     275 |     { other.d = Private(); }
[INFO] [stderr]         |                         ^
[INFO] [stderr]   /usr/include/x86_64-linux-gnu/qt5/QtCore/qvariant.h:401:16: note: because 'QVariant::Private' has user-provided 'QVariant::Private::Private(const QVariant::Private&)'
[INFO] [stderr]     401 |         inline Private(const Private &other) Q_DECL_NOTHROW
[INFO] [stderr]         |                ^~~~~~~
[INFO] [stderr]   /opt/rustwide/workdir/c_lib/file1.cpp: In function 'Qt3DRender::QTextureImageData* ctr_qt_3d_render_ffi_Qt3DRender_QTextureImageData_QTextureImageData1(const Qt3DRender::QTextureImageData*)':
[INFO] [stderr]   /opt/rustwide/workdir/c_lib/file1.cpp:9241:50: warning: implicitly-declared 'constexpr Qt3DRender::QTextureImageData::QTextureImageData(const Qt3DRender::QTextureImageData&)' is deprecated [-Wdeprecated-copy]
[INFO] [stderr]    9241 |   return new Qt3DRender::QTextureImageData(*other);
[INFO] [stderr]         |                                                  ^
[INFO] [stderr]   In file included from /usr/include/x86_64-linux-gnu/qt5/Qt3DRender/qabstracttexture.h:43,
[INFO] [stderr]                    from /usr/include/x86_64-linux-gnu/qt5/Qt3DRender/Qt3DRender:7,
[INFO] [stderr]                    from /opt/rustwide/workdir/c_lib/qt_3d_render_c_global.h:73,
[INFO] [stderr]                    from /opt/rustwide/workdir/c_lib/file1.cpp:1:
[INFO] [stderr]   /usr/include/x86_64-linux-gnu/qt5/Qt3DRender/qtextureimagedata.h:60:24: note: because 'Qt3DRender::QTextureImageData' has user-provided 'Qt3DRender::QTextureImageData& Qt3DRender::QTextureImageData::operator=(const Qt3DRender::QTextureImageData&)'
[INFO] [stderr]      60 |     QTextureImageData &operator=(const QTextureImageData &other);
[INFO] [stderr]         |                        ^~~~~~~~
[INFO] [stderr]   c++: fatal error: Killed signal terminated program cc1plus
[INFO] [stderr]   compilation terminated.
[INFO] [stderr]   make[2]: *** [CMakeFiles/qt_3d_render_c.dir/build.make:79: CMakeFiles/qt_3d_render_c.dir/file1.cpp.o] Error 1
[INFO] [stderr]   make[1]: *** [CMakeFiles/Makefile2:80: CMakeFiles/qt_3d_render_c.dir/all] Error 2
[INFO] [stderr]   make: *** [Makefile:133: all] Error 2
[INFO] [stderr]   [2021-08-09T04:06:11Z ERROR ritual_common::errors] Error:
[INFO] [stderr]   [2021-08-09T04:06:11Z ERROR ritual_common::errors]    command failed with exit status: 2: "cmake" "--build" "." "--" "-j128" "install"
[INFO] [stderr]   [2021-08-09T04:06:12Z ERROR ritual_common::errors]    0: failure::backtrace::internal::InternalBacktrace::new
[INFO] [stderr]                    at /opt/rustwide/cargo-home/registry/src/github.com-1ecc6299db9ec823/failure-0.1.8/src/backtrace/internal.rs:46:44
[INFO] [stderr]          1: failure::backtrace::Backtrace::new
[INFO] [stderr]                    at /opt/rustwide/cargo-home/registry/src/github.com-1ecc6299db9ec823/failure-0.1.8/src/backtrace/mod.rs:121:35
[INFO] [stderr]          2: <failure::error::error_impl::ErrorImpl as core::convert::From<F>>::from
[INFO] [stderr]                    at /opt/rustwide/cargo-home/registry/src/github.com-1ecc6299db9ec823/failure-0.1.8/src/error/error_impl.rs:19:17
[INFO] [stderr]          3: <failure::error::Error as core::convert::From<F>>::from
[INFO] [stderr]                    at /opt/rustwide/cargo-home/registry/src/github.com-1ecc6299db9ec823/failure-0.1.8/src/error/mod.rs:36:18
[INFO] [stderr]          4: failure::error_message::err_msg
[INFO] [stderr]                    at /opt/rustwide/cargo-home/registry/src/github.com-1ecc6299db9ec823/failure-0.1.8/src/error_message.rs:12:5
[INFO] [stderr]          5: ritual_common::utils::run_command
[INFO] [stderr]                    at /opt/rustwide/cargo-home/registry/src/github.com-1ecc6299db9ec823/ritual_common-0.4.0/src/utils.rs:57:9
[INFO] [stderr]          6: ritual_common::cpp_lib_builder::CppLibBuilder::run
[INFO] [stderr]                    at /opt/rustwide/cargo-home/registry/src/github.com-1ecc6299db9ec823/ritual_common-0.4.0/src/cpp_lib_builder.rs:252:13
[INFO] [stderr]          7: ritual_build::Config::try_run
[INFO] [stderr]                    at /opt/rustwide/cargo-home/registry/src/github.com-1ecc6299db9ec823/ritual_build-0.4.0/src/lib.rs:158:9
[INFO] [stderr]          8: qt_ritual_build::try_run
[INFO] [stderr]                    at /opt/rustwide/cargo-home/registry/src/github.com-1ecc6299db9ec823/qt_ritual_build-0.5.0/src/lib.rs:108:5
[INFO] [stderr]          9: qt_ritual_build::run
[INFO] [stderr]                    at /opt/rustwide/cargo-home/registry/src/github.com-1ecc6299db9ec823/qt_ritual_build-0.5.0/src/lib.rs:113:5
[INFO] [stderr]         10: build_script_build::main
[INFO] [stderr]                    at build.rs:2:5
[INFO] [stderr]         11: core::ops::function::FnOnce::call_once
[INFO] [stderr]                    at /rustc/53fd98ca776cb875bc9e5514f56b52eb74f9e7a9/library/core/src/ops/function.rs:227:5
[INFO] [stderr]         12: std::sys_common::backtrace::__rust_begin_short_backtrace
[INFO] [stderr]                    at /rustc/53fd98ca776cb875bc9e5514f56b52eb74f9e7a9/library/std/src/sys_common/backtrace.rs:125:18
[INFO] [stderr]         13: std::rt::lang_start::{{closure}}
[INFO] [stderr]                    at /rustc/53fd98ca776cb875bc9e5514f56b52eb74f9e7a9/library/std/src/rt.rs:63:18
[INFO] [stderr]         14: core::ops::function::impls::<impl core::ops::function::FnOnce<A> for &F>::call_once
[INFO] [stderr]                    at /rustc/53fd98ca776cb875bc9e5514f56b52eb74f9e7a9/library/core/src/ops/function.rs:259:13
[INFO] [stderr]             std::panicking::try::do_call
[INFO] [stderr]                    at /rustc/53fd98ca776cb875bc9e5514f56b52eb74f9e7a9/library/std/src/panicking.rs:401:40
[INFO] [stderr]             std::panicking::try
[INFO] [stderr]                    at /rustc/53fd98ca776cb875bc9e5514f56b52eb74f9e7a9/library/std/src/panicking.rs:365:19
[INFO] [stderr]             std::panic::catch_unwind
[INFO] [stderr]                    at /rustc/53fd98ca776cb875bc9e5514f56b52eb74f9e7a9/library/std/src/panic.rs:434:14
[INFO] [stderr]             std::rt::lang_start_internal::{{closure}}
[INFO] [stderr]                    at /rustc/53fd98ca776cb875bc9e5514f56b52eb74f9e7a9/library/std/src/rt.rs:45:48
[INFO] [stderr]             std::panicking::try::do_call
[INFO] [stderr]                    at /rustc/53fd98ca776cb875bc9e5514f56b52eb74f9e7a9/library/std/src/panicking.rs:401:40
[INFO] [stderr]             std::panicking::try
[INFO] [stderr]                    at /rustc/53fd98ca776cb875bc9e5514f56b52eb74f9e7a9/library/std/src/panicking.rs:365:19
[INFO] [stderr]             std::panic::catch_unwind
[INFO] [stderr]                    at /rustc/53fd98ca776cb875bc9e5514f56b52eb74f9e7a9/library/std/src/panic.rs:434:14
[INFO] [stderr]             std::rt::lang_start_internal
[INFO] [stderr]                    at /rustc/53fd98ca776cb875bc9e5514f56b52eb74f9e7a9/library/std/src/rt.rs:45:20
[INFO] [stderr]         15: std::rt::lang_start
[INFO] [stderr]                    at /rustc/53fd98ca776cb875bc9e5514f56b52eb74f9e7a9/library/std/src/rt.rs:62:5
[INFO] [stderr]         16: main
[INFO] [stderr]         17: __libc_start_main
[INFO] [stderr]         18: _start
[INFO] [stderr]       
[INFO] [stderr] warning: build failed, waiting for other jobs to finish...
[INFO] [stderr] error: build failed
[INFO] running `Command { std: "docker" "inspect" "9dfb3312a933958f7d8c5854b555d35212b67ec57b6fe55e3728a5eeccb5b01e", kill_on_drop: false }`
[INFO] running `Command { std: "docker" "rm" "-f" "9dfb3312a933958f7d8c5854b555d35212b67ec57b6fe55e3728a5eeccb5b01e", kill_on_drop: false }`
[INFO] [stdout] 9dfb3312a933958f7d8c5854b555d35212b67ec57b6fe55e3728a5eeccb5b01e
