[INFO] fetching crate polyhorn-test 0.4.1...
[INFO] documenting polyhorn-test-0.4.1 against 1.54.0 for beta-1.55-rustdoc-1
[INFO] extracting crate polyhorn-test 0.4.1 into /workspace/builds/worker-13/source
[INFO] validating manifest of crates.io crate polyhorn-test 0.4.1 on toolchain 1.54.0
[INFO] running `Command { std: "/workspace/cargo-home/bin/cargo" "+1.54.0" "metadata" "--manifest-path" "Cargo.toml" "--no-deps", kill_on_drop: false }`
[INFO] started tweaking crates.io crate polyhorn-test 0.4.1
[INFO] finished tweaking crates.io crate polyhorn-test 0.4.1
[INFO] tweaked toml for crates.io crate polyhorn-test 0.4.1 written to /workspace/builds/worker-13/source/Cargo.toml
[INFO] running `Command { std: "/workspace/cargo-home/bin/cargo" "+1.54.0" "generate-lockfile" "--manifest-path" "Cargo.toml" "-Zno-index-update", kill_on_drop: false }`
[INFO] [stderr]     Blocking waiting for file lock on package cache
[INFO] running `Command { std: "/workspace/cargo-home/bin/cargo" "+1.54.0" "fetch" "--manifest-path" "Cargo.toml", kill_on_drop: false }`
[INFO] [stderr]     Blocking waiting for file lock on package cache
[INFO] running `Command { std: "docker" "create" "-v" "/var/lib/crater-agent-workspace/builds/worker-13/target:/opt/rustwide/target:rw,Z" "-v" "/var/lib/crater-agent-workspace/builds/worker-13/source:/opt/rustwide/workdir:ro,Z" "-v" "/var/lib/crater-agent-workspace/cargo-home:/opt/rustwide/cargo-home:ro,Z" "-v" "/var/lib/crater-agent-workspace/rustup-home:/opt/rustwide/rustup-home:ro,Z" "-e" "SOURCE_DIR=/opt/rustwide/workdir" "-e" "CARGO_TARGET_DIR=/opt/rustwide/target" "-e" "CARGO_HOME=/opt/rustwide/cargo-home" "-e" "RUSTUP_HOME=/opt/rustwide/rustup-home" "-w" "/opt/rustwide/workdir" "-m" "1610612736" "--user" "0:0" "--network" "none" "ghcr.io/rust-lang/crates-build-env/linux@sha256:34b6a614d2c27851fe6cbf88fbd1137609cefab8b10d0615aaeb6fd47975d74e" "/opt/rustwide/cargo-home/bin/cargo" "+1.54.0" "metadata" "--no-deps" "--format-version=1", kill_on_drop: false }`
[INFO] [stdout] 6ff6992e17ce1bb110499d6bbd2507679cd3bc0fe09fc4fa2a58e1b025a0096a
[INFO] running `Command { std: "docker" "start" "-a" "6ff6992e17ce1bb110499d6bbd2507679cd3bc0fe09fc4fa2a58e1b025a0096a", kill_on_drop: false }`
[INFO] running `Command { std: "docker" "inspect" "6ff6992e17ce1bb110499d6bbd2507679cd3bc0fe09fc4fa2a58e1b025a0096a", kill_on_drop: false }`
[INFO] running `Command { std: "docker" "rm" "-f" "6ff6992e17ce1bb110499d6bbd2507679cd3bc0fe09fc4fa2a58e1b025a0096a", kill_on_drop: false }`
[INFO] [stdout] 6ff6992e17ce1bb110499d6bbd2507679cd3bc0fe09fc4fa2a58e1b025a0096a
[INFO] running `Command { std: "docker" "create" "-v" "/var/lib/crater-agent-workspace/builds/worker-13/target:/opt/rustwide/target:rw,Z" "-v" "/var/lib/crater-agent-workspace/builds/worker-13/source:/opt/rustwide/workdir:ro,Z" "-v" "/var/lib/crater-agent-workspace/cargo-home:/opt/rustwide/cargo-home:ro,Z" "-v" "/var/lib/crater-agent-workspace/rustup-home:/opt/rustwide/rustup-home:ro,Z" "-e" "SOURCE_DIR=/opt/rustwide/workdir" "-e" "CARGO_TARGET_DIR=/opt/rustwide/target" "-e" "CARGO_INCREMENTAL=0" "-e" "RUST_BACKTRACE=full" "-e" "RUSTDOCFLAGS=--cap-lints=warn" "-e" "CARGO_HOME=/opt/rustwide/cargo-home" "-e" "RUSTUP_HOME=/opt/rustwide/rustup-home" "-w" "/opt/rustwide/workdir" "-m" "1610612736" "--user" "0:0" "--network" "none" "ghcr.io/rust-lang/crates-build-env/linux@sha256:34b6a614d2c27851fe6cbf88fbd1137609cefab8b10d0615aaeb6fd47975d74e" "/opt/rustwide/cargo-home/bin/cargo" "+1.54.0" "doc" "--frozen" "--no-deps" "--document-private-items" "--message-format=json", kill_on_drop: false }`
[INFO] [stdout] 1f561a0537b3654c543db6dc8225aa8ae833ec981056c8f0c7ca37c8e206d4ba
[INFO] running `Command { std: "docker" "start" "-a" "1f561a0537b3654c543db6dc8225aa8ae833ec981056c8f0c7ca37c8e206d4ba", kill_on_drop: false }`
[INFO] [stderr]    Compiling native-tls v0.2.7
[INFO] [stderr]     Checking tracing v0.1.26
[INFO] [stderr]     Checking openssl-sys v0.9.65
[INFO] [stderr]    Compiling polyhorn-macros v0.4.0
[INFO] [stderr]     Checking tokio v0.2.25
[INFO] [stderr]     Checking futures-util v0.3.16
[INFO] [stderr]     Checking semver v0.11.0
[INFO] [stderr]     Checking toml v0.5.8
[INFO] [stderr]     Checking serde_urlencoded v0.7.0
[INFO] [stderr]     Checking tracing-futures v0.2.5
[INFO] [stderr]     Checking openssl v0.10.35
[INFO] [stderr]     Checking cargo-lock v6.0.1
[INFO] [stderr]     Checking tokio-util v0.3.1
[INFO] [stderr]     Checking futures-executor v0.3.16
[INFO] [stderr]     Checking futures v0.3.16
[INFO] [stderr]     Checking h2 v0.2.7
[INFO] [stderr]     Checking tokio-tls v0.3.1
[INFO] [stderr]     Checking polyhorn-core v0.4.0
[INFO] [stderr]     Checking polyhorn v0.4.1
[INFO] [stderr]     Checking hyper v0.13.10
[INFO] [stderr]     Checking hyper-tls v0.4.3
[INFO] [stderr]     Checking reqwest v0.10.10
[INFO] [stderr]  Documenting polyhorn-test v0.4.1 (/opt/rustwide/workdir)
[INFO] [stdout] error[E0432]: unresolved import `polyhorn::prelude`
[INFO] [stdout]  --> src/app.rs:2:15
[INFO] [stdout]   |
[INFO] [stdout] 2 | use polyhorn::prelude::*;
[INFO] [stdout]   |               ^^^^^^^ could not find `prelude` in `polyhorn`
[INFO] [stdout] 
[INFO] [stdout] 
[INFO] [stdout] error[E0432]: unresolved imports `polyhorn::Receiver`, `polyhorn::Reference`
[INFO] [stdout]  --> src/app.rs:3:16
[INFO] [stdout]   |
[INFO] [stdout] 3 | use polyhorn::{Receiver, Reference};
[INFO] [stdout]   |                ^^^^^^^^  ^^^^^^^^^ no `Reference` in the root
[INFO] [stdout]   |                |
[INFO] [stdout]   |                no `Receiver` in the root
[INFO] [stdout] 
[INFO] [stdout] 
[INFO] [stdout] error[E0432]: unresolved imports `polyhorn::Element`, `polyhorn::Sender`
[INFO] [stdout]  --> src/automator.rs:2:16
[INFO] [stdout]   |
[INFO] [stdout] 2 | use polyhorn::{Element, Sender};
[INFO] [stdout]   |                ^^^^^^^  ^^^^^^ no `Sender` in the root
[INFO] [stdout]   |                |
[INFO] [stdout]   |                no `Element` in the root
[INFO] [stdout] 
[INFO] [stdout] 
[INFO] [stdout] error[E0432]: unresolved import `polyhorn::prelude`
[INFO] [stdout]  --> src/channel.rs:2:15
[INFO] [stdout]   |
[INFO] [stdout] 2 | use polyhorn::prelude::*;
[INFO] [stdout]   |               ^^^^^^^ could not find `prelude` in `polyhorn`
[INFO] [stdout] 
[INFO] [stdout] 
[INFO] [stdout] error[E0432]: unresolved import `polyhorn::WeakReference`
[INFO] [stdout]  --> src/channel.rs:3:5
[INFO] [stdout]   |
[INFO] [stdout] 3 | use polyhorn::WeakReference;
[INFO] [stdout]   |     ^^^^^^^^^^^^^^^^^^^^^^^ no `WeakReference` in the root
[INFO] [stdout] 
[INFO] [stdout] 
[INFO] [stdout] error: cannot find macro `use_reference` in this scope
[INFO] [stdout]   --> src/app.rs:15:51
[INFO] [stdout]    |
[INFO] [stdout] 15 |         let element: Reference<Option<Element>> = use_reference!(manager, None);
[INFO] [stdout]    |                                                   ^^^^^^^^^^^^^
[INFO] [stdout] 
[INFO] [stdout] 
[INFO] [stdout] error: cannot find macro `use_reference` in this scope
[INFO] [stdout]   --> src/app.rs:16:56
[INFO] [stdout]    |
[INFO] [stdout] 16 |         let on_render: Reference<Option<Sender<()>>> = use_reference!(manager, None);
[INFO] [stdout]    |                                                        ^^^^^^^^^^^^^
[INFO] [stdout] 
[INFO] [stdout] 
[INFO] [stdout] error: cannot find macro `use_channel` in this scope
[INFO] [stdout]   --> src/app.rs:18:22
[INFO] [stdout]    |
[INFO] [stdout] 18 |         let sender = use_channel!(manager, {
[INFO] [stdout]    |                      ^^^^^^^^^^^
[INFO] [stdout] 
[INFO] [stdout] 
[INFO] [stdout] error: cannot find macro `use_async` in this scope
[INFO] [stdout]   --> src/app.rs:32:9
[INFO] [stdout]    |
[INFO] [stdout] 32 |         use_async!(manager, async move {
[INFO] [stdout]    |         ^^^^^^^^^
[INFO] [stdout] 
[INFO] [stdout] 
[INFO] [stdout] error: cannot find macro `use_effect` in this scope
[INFO] [stdout]   --> src/app.rs:49:9
[INFO] [stdout]    |
[INFO] [stdout] 49 |         use_effect!(manager, move |link| {
[INFO] [stdout]    |         ^^^^^^^^^^
[INFO] [stdout] 
[INFO] [stdout] 
[INFO] [stdout] error: cannot find macro `poly` in this scope
[INFO] [stdout]   --> src/app.rs:57:9
[INFO] [stdout]    |
[INFO] [stdout] 57 |         poly!(<Window>
[INFO] [stdout]    |         ^^^^
[INFO] [stdout]    |
[INFO] [stdout]    = note: consider importing this macro:
[INFO] [stdout]            polyhorn::poly
[INFO] [stdout] 
[INFO] [stdout] 
[INFO] [stdout] error[E0405]: cannot find trait `Component` in this scope
[INFO] [stdout]   --> src/app.rs:13:6
[INFO] [stdout]    |
[INFO] [stdout] 13 | impl Component for App {
[INFO] [stdout]    |      ^^^^^^^^^ not found in this scope
[INFO] [stdout] 
[INFO] [stdout] 
[INFO] [stdout] error[E0412]: cannot find type `Manager` in this scope
[INFO] [stdout]   --> src/app.rs:14:36
[INFO] [stdout]    |
[INFO] [stdout] 14 |     fn render(&self, manager: &mut Manager) -> Element {
[INFO] [stdout]    |                                    ^^^^^^^ not found in this scope
[INFO] [stdout] 
[INFO] [stdout] 
[INFO] [stdout] error[E0412]: cannot find type `Element` in this scope
[INFO] [stdout]   --> src/app.rs:14:48
[INFO] [stdout]    |
[INFO] [stdout] 14 |     fn render(&self, manager: &mut Manager) -> Element {
[INFO] [stdout]    |                                                ^^^^^^^ not found in this scope
[INFO] [stdout] 
[INFO] [stdout] 
[INFO] [stdout] error[E0412]: cannot find type `Element` in this scope
[INFO] [stdout]   --> src/channel.rs:10:35
[INFO] [stdout]    |
[INFO] [stdout] 8  | pub struct Handler {
[INFO] [stdout]    |                   - help: you might be missing a type parameter: `<Element>`
[INFO] [stdout] 9  |     client: Client,
[INFO] [stdout] 10 |     element: WeakReference<Option<Element>>,
[INFO] [stdout]    |                                   ^^^^^^^ not found in this scope
[INFO] [stdout] 
[INFO] [stdout] 
[INFO] [stdout] error[E0412]: cannot find type `Element` in this scope
[INFO] [stdout]   --> src/channel.rs:17:39
[INFO] [stdout]    |
[INFO] [stdout] 14 | impl Handler {
[INFO] [stdout]    |     - help: you might be missing a type parameter: `<Element>`
[INFO] [stdout] ...
[INFO] [stdout] 17 |         element: WeakReference<Option<Element>>,
[INFO] [stdout]    |                                       ^^^^^^^ not found in this scope
[INFO] [stdout] 
[INFO] [stdout] 
[INFO] [stdout] error: Compilation failed, aborting rustdoc
[INFO] [stdout] 
[INFO] [stdout] 
[INFO] [stdout] error: aborting due to 17 previous errors
[INFO] [stdout] 
[INFO] [stdout] 
[INFO] [stdout] Some errors have detailed explanations: E0405, E0412, E0432.
[INFO] [stdout] 
[INFO] [stdout] For more information about an error, try `rustc --explain E0405`.
[INFO] [stdout] 
[INFO] [stderr] error: could not document `polyhorn-test`
[INFO] [stderr] 
[INFO] [stderr] Caused by:
[INFO] [stderr]   process didn't exit successfully: `rustdoc --edition=2018 --crate-type lib --crate-name polyhorn_test src/lib.rs -o /opt/rustwide/target/doc --error-format=json --json=diagnostic-rendered-ansi --document-private-items -L dependency=/opt/rustwide/target/debug/deps --extern ctor=/opt/rustwide/target/debug/deps/libctor-303e1fd381cc570f.so --extern futures=/opt/rustwide/target/debug/deps/libfutures-8be4d6e0eab674cd.rmeta --extern polyhorn=/opt/rustwide/target/debug/deps/libpolyhorn-417cf5a1d0da1d26.rmeta --extern reqwest=/opt/rustwide/target/debug/deps/libreqwest-9b424ceeb5fe7d2b.rmeta --extern serde=/opt/rustwide/target/debug/deps/libserde-df1c680f233dbcab.rmeta --extern tokio=/opt/rustwide/target/debug/deps/libtokio-bf80108cb4449c61.rmeta --cap-lints=warn --crate-version 0.4.1` (exit status: 1)
[INFO] running `Command { std: "docker" "inspect" "1f561a0537b3654c543db6dc8225aa8ae833ec981056c8f0c7ca37c8e206d4ba", kill_on_drop: false }`
[INFO] running `Command { std: "docker" "rm" "-f" "1f561a0537b3654c543db6dc8225aa8ae833ec981056c8f0c7ca37c8e206d4ba", kill_on_drop: false }`
[INFO] [stdout] 1f561a0537b3654c543db6dc8225aa8ae833ec981056c8f0c7ca37c8e206d4ba
