[INFO] fetching crate pinetime-lvgl 2.0.1...
[INFO] documenting pinetime-lvgl-2.0.1 against 1.54.0 for beta-1.55-rustdoc-1
[INFO] extracting crate pinetime-lvgl 2.0.1 into /workspace/builds/worker-13/source
[INFO] validating manifest of crates.io crate pinetime-lvgl 2.0.1 on toolchain 1.54.0
[INFO] running `Command { std: "/workspace/cargo-home/bin/cargo" "+1.54.0" "metadata" "--manifest-path" "Cargo.toml" "--no-deps", kill_on_drop: false }`
[INFO] started tweaking crates.io crate pinetime-lvgl 2.0.1
[INFO] finished tweaking crates.io crate pinetime-lvgl 2.0.1
[INFO] tweaked toml for crates.io crate pinetime-lvgl 2.0.1 written to /workspace/builds/worker-13/source/Cargo.toml
[INFO] running `Command { std: "/workspace/cargo-home/bin/cargo" "+1.54.0" "generate-lockfile" "--manifest-path" "Cargo.toml" "-Zno-index-update", kill_on_drop: false }`
[INFO] [stderr]     Blocking waiting for file lock on package cache
[INFO] running `Command { std: "/workspace/cargo-home/bin/cargo" "+1.54.0" "fetch" "--manifest-path" "Cargo.toml", kill_on_drop: false }`
[INFO] [stderr]     Blocking waiting for file lock on package cache
[INFO] [stderr]     Blocking waiting for file lock on package cache
[INFO] running `Command { std: "docker" "create" "-v" "/var/lib/crater-agent-workspace/builds/worker-13/target:/opt/rustwide/target:rw,Z" "-v" "/var/lib/crater-agent-workspace/builds/worker-13/source:/opt/rustwide/workdir:ro,Z" "-v" "/var/lib/crater-agent-workspace/cargo-home:/opt/rustwide/cargo-home:ro,Z" "-v" "/var/lib/crater-agent-workspace/rustup-home:/opt/rustwide/rustup-home:ro,Z" "-e" "SOURCE_DIR=/opt/rustwide/workdir" "-e" "CARGO_TARGET_DIR=/opt/rustwide/target" "-e" "CARGO_HOME=/opt/rustwide/cargo-home" "-e" "RUSTUP_HOME=/opt/rustwide/rustup-home" "-w" "/opt/rustwide/workdir" "-m" "1610612736" "--user" "0:0" "--network" "none" "ghcr.io/rust-lang/crates-build-env/linux@sha256:34b6a614d2c27851fe6cbf88fbd1137609cefab8b10d0615aaeb6fd47975d74e" "/opt/rustwide/cargo-home/bin/cargo" "+1.54.0" "metadata" "--no-deps" "--format-version=1", kill_on_drop: false }`
[INFO] [stdout] ba27ed378005270c7aa7bae466693ffb935d16a1020d0dc3a57c040290d105e7
[INFO] running `Command { std: "docker" "start" "-a" "ba27ed378005270c7aa7bae466693ffb935d16a1020d0dc3a57c040290d105e7", kill_on_drop: false }`
[INFO] running `Command { std: "docker" "inspect" "ba27ed378005270c7aa7bae466693ffb935d16a1020d0dc3a57c040290d105e7", kill_on_drop: false }`
[INFO] running `Command { std: "docker" "rm" "-f" "ba27ed378005270c7aa7bae466693ffb935d16a1020d0dc3a57c040290d105e7", kill_on_drop: false }`
[INFO] [stdout] ba27ed378005270c7aa7bae466693ffb935d16a1020d0dc3a57c040290d105e7
[INFO] running `Command { std: "docker" "create" "-v" "/var/lib/crater-agent-workspace/builds/worker-13/target:/opt/rustwide/target:rw,Z" "-v" "/var/lib/crater-agent-workspace/builds/worker-13/source:/opt/rustwide/workdir:ro,Z" "-v" "/var/lib/crater-agent-workspace/cargo-home:/opt/rustwide/cargo-home:ro,Z" "-v" "/var/lib/crater-agent-workspace/rustup-home:/opt/rustwide/rustup-home:ro,Z" "-e" "SOURCE_DIR=/opt/rustwide/workdir" "-e" "CARGO_TARGET_DIR=/opt/rustwide/target" "-e" "CARGO_INCREMENTAL=0" "-e" "RUST_BACKTRACE=full" "-e" "RUSTDOCFLAGS=--cap-lints=warn" "-e" "CARGO_HOME=/opt/rustwide/cargo-home" "-e" "RUSTUP_HOME=/opt/rustwide/rustup-home" "-w" "/opt/rustwide/workdir" "-m" "1610612736" "--user" "0:0" "--network" "none" "ghcr.io/rust-lang/crates-build-env/linux@sha256:34b6a614d2c27851fe6cbf88fbd1137609cefab8b10d0615aaeb6fd47975d74e" "/opt/rustwide/cargo-home/bin/cargo" "+1.54.0" "doc" "--frozen" "--no-deps" "--document-private-items" "--message-format=json", kill_on_drop: false }`
[INFO] [stdout] d5dbff68405f353abaf43342d418af6d0ea55efa4529b3ef031ec47dc3a30225
[INFO] running `Command { std: "docker" "start" "-a" "d5dbff68405f353abaf43342d418af6d0ea55efa4529b3ef031ec47dc3a30225", kill_on_drop: false }`
[INFO] [stderr]     Blocking waiting for file lock on package cache
[INFO] [stderr]    Compiling cortex-m v0.7.3
[INFO] [stderr]    Compiling memchr v2.4.0
[INFO] [stderr]     Checking nb v1.0.0
[INFO] [stderr]     Checking stable_deref_trait v1.2.0
[INFO] [stderr]     Checking void v1.0.2
[INFO] [stderr]     Checking vcell v0.1.3
[INFO] [stderr]     Checking bitfield v0.13.2
[INFO] [stderr]    Compiling cortex-m v0.6.7
[INFO] [stderr]    Compiling cty v0.1.5
[INFO] [stderr]     Checking byteorder v1.4.3
[INFO] [stderr]    Compiling heapless v0.5.6
[INFO] [stderr]    Compiling rustc-serialize v0.3.24
[INFO] [stderr]    Compiling cty v0.2.1
[INFO] [stderr]    Compiling cortex-m-semihosting v0.3.7
[INFO] [stderr]     Checking generic-array v0.12.4
[INFO] [stderr]     Checking generic-array v0.13.3
[INFO] [stderr]     Checking volatile-register v0.2.0
[INFO] [stderr]     Checking nb v0.1.3
[INFO] [stderr]     Checking embedded-hal v0.2.6
[INFO] [stderr]     Checking hash32 v0.1.1
[INFO] [stderr]     Checking as-slice v0.1.5
[INFO] [stdout] error[E0425]: cannot find function `__basepri_r` in module `crate::asm::inline`
[INFO] [stdout]  --> /opt/rustwide/cargo-home/registry/src/github.com-1ecc6299db9ec823/cortex-m-0.7.3/src/register/basepri.rs:6:15
[INFO] [stdout]   |
[INFO] [stdout] 6 |     call_asm!(__basepri_r() -> u8)
[INFO] [stdout]   |               ^^^^^^^^^^^ not found in `crate::asm::inline`
[INFO] [stdout] 
[INFO] [stdout] 
[INFO] [stdout] error[E0425]: cannot find function `__basepri_w` in module `crate::asm::inline`
[INFO] [stdout]   --> /opt/rustwide/cargo-home/registry/src/github.com-1ecc6299db9ec823/cortex-m-0.7.3/src/register/basepri.rs:22:19
[INFO] [stdout]    |
[INFO] [stdout] 22 |         call_asm!(__basepri_w(basepri: u8));
[INFO] [stdout]    |                   ^^^^^^^^^^^ not found in `crate::asm::inline`
[INFO] [stdout] 
[INFO] [stdout] 
[INFO] [stdout] error[E0425]: cannot find function `__basepri_max` in module `crate::asm::inline`
[INFO] [stdout]   --> /opt/rustwide/cargo-home/registry/src/github.com-1ecc6299db9ec823/cortex-m-0.7.3/src/register/basepri_max.rs:19:19
[INFO] [stdout]    |
[INFO] [stdout] 19 |         call_asm!(__basepri_max(basepri: u8));
[INFO] [stdout]    |                   ^^^^^^^^^^^^^ not found in `crate::asm::inline`
[INFO] [stdout] 
[INFO] [stdout] 
[INFO] [stdout] error[E0425]: cannot find function `__faultmask_r` in module `crate::asm::inline`
[INFO] [stdout]   --> /opt/rustwide/cargo-home/registry/src/github.com-1ecc6299db9ec823/cortex-m-0.7.3/src/register/faultmask.rs:29:28
[INFO] [stdout]    |
[INFO] [stdout] 29 |     let r: u32 = call_asm!(__faultmask_r() -> u32);
[INFO] [stdout]    |                            ^^^^^^^^^^^^^ not found in `crate::asm::inline`
[INFO] [stdout] 
[INFO] [stdout] 
[INFO] [stdout] error[E0554]: `#![feature]` may not be used on the stable release channel
[INFO] [stdout]   --> /opt/rustwide/cargo-home/registry/src/github.com-1ecc6299db9ec823/cortex-m-0.7.3/src/lib.rs:58:37
[INFO] [stdout]    |
[INFO] [stdout] 58 | #![cfg_attr(feature = "inline-asm", feature(asm))]
[INFO] [stdout]    |                                     ^^^^^^^^^^^^
[INFO] [stdout] 
[INFO] [stdout] 
[INFO] [stdout] error: invalid register `r0`: unknown register
[INFO] [stdout]    --> /opt/rustwide/cargo-home/registry/src/github.com-1ecc6299db9ec823/cortex-m-0.7.3/src/../asm/inline.rs:188:24
[INFO] [stdout]     |
[INFO] [stdout] 188 |     asm!("bkpt #0xab", inout("r0") nr, in("r1") arg);
[INFO] [stdout]     |                        ^^^^^^^^^^^^^^
[INFO] [stdout] 
[INFO] [stdout] 
[INFO] [stdout] error: invalid register `r1`: unknown register
[INFO] [stdout]    --> /opt/rustwide/cargo-home/registry/src/github.com-1ecc6299db9ec823/cortex-m-0.7.3/src/../asm/inline.rs:188:40
[INFO] [stdout]     |
[INFO] [stdout] 188 |     asm!("bkpt #0xab", inout("r0") nr, in("r1") arg);
[INFO] [stdout]     |                                        ^^^^^^^^^^^^
[INFO] [stdout] 
[INFO] [stdout] 
[INFO] [stdout] error: aborting due to 7 previous errors
[INFO] [stdout] 
[INFO] [stdout] 
[INFO] [stdout] Some errors have detailed explanations: E0425, E0554.
[INFO] [stdout] 
[INFO] [stdout] For more information about an error, try `rustc --explain E0425`.
[INFO] [stdout] 
[INFO] [stderr] error: could not compile `cortex-m`
[INFO] [stderr] 
[INFO] [stderr] To learn more, run the command again with --verbose.
[INFO] [stderr] warning: build failed, waiting for other jobs to finish...
[INFO] [stderr] error: build failed
[INFO] running `Command { std: "docker" "inspect" "d5dbff68405f353abaf43342d418af6d0ea55efa4529b3ef031ec47dc3a30225", kill_on_drop: false }`
[INFO] running `Command { std: "docker" "rm" "-f" "d5dbff68405f353abaf43342d418af6d0ea55efa4529b3ef031ec47dc3a30225", kill_on_drop: false }`
[INFO] [stdout] d5dbff68405f353abaf43342d418af6d0ea55efa4529b3ef031ec47dc3a30225
