[INFO] fetching crate phosphor 0.0.1...
[INFO] documenting phosphor-0.0.1 against 1.54.0 for beta-1.55-rustdoc-1
[INFO] extracting crate phosphor 0.0.1 into /workspace/builds/worker-105/source
[INFO] validating manifest of crates.io crate phosphor 0.0.1 on toolchain 1.54.0
[INFO] running `Command { std: "/workspace/cargo-home/bin/cargo" "+1.54.0" "metadata" "--manifest-path" "Cargo.toml" "--no-deps", kill_on_drop: false }`
[INFO] started tweaking crates.io crate phosphor 0.0.1
[INFO] finished tweaking crates.io crate phosphor 0.0.1
[INFO] tweaked toml for crates.io crate phosphor 0.0.1 written to /workspace/builds/worker-105/source/Cargo.toml
[INFO] running `Command { std: "/workspace/cargo-home/bin/cargo" "+1.54.0" "generate-lockfile" "--manifest-path" "Cargo.toml" "-Zno-index-update", kill_on_drop: false }`
[INFO] [stderr]     Blocking waiting for file lock on package cache
[INFO] running `Command { std: "/workspace/cargo-home/bin/cargo" "+1.54.0" "fetch" "--manifest-path" "Cargo.toml", kill_on_drop: false }`
[INFO] [stderr]     Blocking waiting for file lock on package cache
[INFO] [stderr]     Blocking waiting for file lock on package cache
[INFO] running `Command { std: "docker" "create" "-v" "/var/lib/crater-agent-workspace/builds/worker-105/target:/opt/rustwide/target:rw,Z" "-v" "/var/lib/crater-agent-workspace/builds/worker-105/source:/opt/rustwide/workdir:ro,Z" "-v" "/var/lib/crater-agent-workspace/cargo-home:/opt/rustwide/cargo-home:ro,Z" "-v" "/var/lib/crater-agent-workspace/rustup-home:/opt/rustwide/rustup-home:ro,Z" "-e" "SOURCE_DIR=/opt/rustwide/workdir" "-e" "CARGO_TARGET_DIR=/opt/rustwide/target" "-e" "CARGO_HOME=/opt/rustwide/cargo-home" "-e" "RUSTUP_HOME=/opt/rustwide/rustup-home" "-w" "/opt/rustwide/workdir" "-m" "1610612736" "--user" "0:0" "--network" "none" "ghcr.io/rust-lang/crates-build-env/linux@sha256:34b6a614d2c27851fe6cbf88fbd1137609cefab8b10d0615aaeb6fd47975d74e" "/opt/rustwide/cargo-home/bin/cargo" "+1.54.0" "metadata" "--no-deps" "--format-version=1", kill_on_drop: false }`
[INFO] [stdout] a43f1998076a997524a6d784e0f5cc2333ec86379c33caf9dcf7d9c118ba1521
[INFO] running `Command { std: "docker" "start" "-a" "a43f1998076a997524a6d784e0f5cc2333ec86379c33caf9dcf7d9c118ba1521", kill_on_drop: false }`
[INFO] running `Command { std: "docker" "inspect" "a43f1998076a997524a6d784e0f5cc2333ec86379c33caf9dcf7d9c118ba1521", kill_on_drop: false }`
[INFO] running `Command { std: "docker" "rm" "-f" "a43f1998076a997524a6d784e0f5cc2333ec86379c33caf9dcf7d9c118ba1521", kill_on_drop: false }`
[INFO] [stdout] a43f1998076a997524a6d784e0f5cc2333ec86379c33caf9dcf7d9c118ba1521
[INFO] running `Command { std: "docker" "create" "-v" "/var/lib/crater-agent-workspace/builds/worker-105/target:/opt/rustwide/target:rw,Z" "-v" "/var/lib/crater-agent-workspace/builds/worker-105/source:/opt/rustwide/workdir:ro,Z" "-v" "/var/lib/crater-agent-workspace/cargo-home:/opt/rustwide/cargo-home:ro,Z" "-v" "/var/lib/crater-agent-workspace/rustup-home:/opt/rustwide/rustup-home:ro,Z" "-e" "SOURCE_DIR=/opt/rustwide/workdir" "-e" "CARGO_TARGET_DIR=/opt/rustwide/target" "-e" "CARGO_INCREMENTAL=0" "-e" "RUST_BACKTRACE=full" "-e" "RUSTDOCFLAGS=--cap-lints=warn" "-e" "CARGO_HOME=/opt/rustwide/cargo-home" "-e" "RUSTUP_HOME=/opt/rustwide/rustup-home" "-w" "/opt/rustwide/workdir" "-m" "1610612736" "--user" "0:0" "--network" "none" "ghcr.io/rust-lang/crates-build-env/linux@sha256:34b6a614d2c27851fe6cbf88fbd1137609cefab8b10d0615aaeb6fd47975d74e" "/opt/rustwide/cargo-home/bin/cargo" "+1.54.0" "doc" "--frozen" "--no-deps" "--document-private-items" "--message-format=json", kill_on_drop: false }`
[INFO] [stdout] ba16a47e97b70750f7ca8f894c19e760b6f258a977b869c7d6a168e27d2aea9a
[INFO] running `Command { std: "docker" "start" "-a" "ba16a47e97b70750f7ca8f894c19e760b6f258a977b869c7d6a168e27d2aea9a", kill_on_drop: false }`
[INFO] [stderr]    Compiling crossbeam-utils v0.8.5
[INFO] [stderr]    Compiling proc-macro2 v0.4.30
[INFO] [stderr]    Compiling unicode-xid v0.1.0
[INFO] [stderr]    Compiling crossbeam-epoch v0.9.5
[INFO] [stderr]    Compiling rayon-core v1.9.1
[INFO] [stderr]    Compiling xml-rs v0.8.4
[INFO] [stderr]    Compiling nix v0.14.1
[INFO] [stderr]     Checking lzw v0.10.0
[INFO] [stderr]    Compiling tiny-keccak v2.0.2
[INFO] [stderr]     Checking rustc-hash v1.1.0
[INFO] [stderr]    Compiling same-file v1.0.6
[INFO] [stderr]     Checking linked-hash-map v0.5.4
[INFO] [stderr]    Compiling once_cell v1.8.0
[INFO] [stderr]    Compiling syn v0.15.44
[INFO] [stderr]    Compiling getrandom v0.1.16
[INFO] [stderr]    Compiling syn v1.0.74
[INFO] [stderr]    Compiling num-derive v0.2.5
[INFO] [stderr]     Checking downcast-rs v1.2.0
[INFO] [stderr]     Checking xdg v2.2.0
[INFO] [stderr]    Compiling cgmath v0.17.0
[INFO] [stderr]    Compiling vulkano v0.16.0
[INFO] [stderr]     Checking vk-sys v0.5.3
[INFO] [stderr]     Checking half v1.7.1
[INFO] [stderr]     Checking smallvec v1.6.1
[INFO] [stderr]     Checking tobj v0.1.12
[INFO] [stderr]    Compiling num-iter v0.1.42
[INFO] [stderr]    Compiling rayon v1.5.1
[INFO] [stderr]    Compiling num-bigint v0.3.2
[INFO] [stderr]    Compiling num-rational v0.3.2
[INFO] [stderr]    Compiling num-rational v0.2.4
[INFO] [stderr]     Checking rand_core v0.3.1
[INFO] [stderr]     Checking libloading v0.6.7
[INFO] [stderr]     Checking deflate v0.7.20
[INFO] [stderr]     Checking stb_truetype v0.3.1
[INFO] [stderr]    Compiling cmake v0.1.45
[INFO] [stderr]     Checking inflate v0.3.4
[INFO] [stderr]    Compiling imgui-sys v0.2.0
[INFO] [stderr]    Compiling x11-dl v2.18.5
[INFO] [stderr]     Checking inflate v0.4.5
[INFO] [stderr]    Compiling fxhash v0.2.1
[INFO] [stderr]    Compiling hashbrown v0.6.3
[INFO] [stderr]     Checking unreachable v1.0.0
[INFO] [stderr]    Compiling crunchy v0.2.2
[INFO] [stderr]     Checking num_cpus v1.13.0
[INFO] [stderr]     Checking approx v0.3.2
[INFO] [stderr]     Checking ordered-float v1.1.1
[INFO] [stderr]    Compiling bstr v0.2.16
[INFO] [stderr]    Compiling getrandom v0.2.3
[INFO] [stderr]     Checking num-traits v0.1.43
[INFO] [stderr]     Checking line_drawing v0.7.0
[INFO] [stderr]     Checking memmap v0.7.0
[INFO] [stderr]     Checking time v0.1.44
[INFO] [stderr]     Checking num-complex v0.3.1
[INFO] [stderr]     Checking shared_library v0.1.9
[INFO] [stderr]     Checking raw-window-handle v0.3.3
[INFO] [stderr]     Checking num-rational v0.1.42
[INFO] [stderr]     Checking parking_lot_core v0.6.2
[INFO] [stderr]    Compiling walkdir v2.3.2
[INFO] [stderr]     Checking parking_lot v0.9.0
[INFO] [stderr]     Checking enum_primitive v0.1.1
[INFO] [stderr]    Compiling hashers v1.0.1
[INFO] [stderr]     Checking rand_isaac v0.1.1
[INFO] [stderr]     Checking rand_xorshift v0.1.1
[INFO] [stderr]     Checking rand_hc v0.1.0
[INFO] [stderr]     Checking rand_chacha v0.1.1
[INFO] [stderr]     Checking rand v0.5.6
[INFO] [stderr]    Compiling globset v0.4.8
[INFO] [stderr]     Checking chrono v0.4.19
[INFO] [stderr]     Checking dlib v0.4.2
[INFO] [stderr]     Checking gif v0.9.2
[INFO] [stderr]     Checking gif v0.10.3
[INFO] [stderr]    Compiling shaderc-sys v0.6.3
[INFO] [stderr]    Compiling thread_local v1.1.3
[INFO] [stderr]     Checking wayland-sys v0.21.13
[INFO] [stderr]     Checking rusttype v0.8.3
[INFO] [stderr]     Checking rand v0.6.5
[INFO] [stderr]     Checking png v0.15.3
[INFO] [stderr]    Compiling quote v0.6.13
[INFO] [stderr]    Compiling ignore v0.4.18
[INFO] [stderr]     Checking png v0.11.0
[INFO] [stderr]     Checking rand_core v0.5.1
[INFO] [stderr]    Compiling const-random-macro v0.1.13
[INFO] [stderr]     Checking crossbeam-channel v0.5.1
[INFO] [stderr]     Checking hemlock v0.0.2
[INFO] [stderr]     Checking rusttype v0.7.9
[INFO] [stderr]    Compiling wayland-scanner v0.21.13
[INFO] [stderr]     Checking rand_chacha v0.2.2
[INFO] [stderr]     Checking andrew v0.2.1
[INFO] [stderr]     Checking rand v0.7.3
[INFO] [stderr]     Checking crossbeam-deque v0.8.1
[INFO] [stderr]     Checking const-random v0.1.13
[INFO] [stderr]    Compiling rerun_except v0.1.2
[INFO] [stderr]     Checking ahash v0.2.19
[INFO] [stdout] error[E0609]: no field `shaderf3264` on type `PhysicalDeviceFeatures`
[INFO] [stdout]    --> /opt/rustwide/cargo-home/registry/src/github.com-1ecc6299db9ec823/vulkano-0.16.0/src/features.rs:164:21
[INFO] [stdout]     |
[INFO] [stdout] 164 |     shader_f3264 => shaderf3264,
[INFO] [stdout]     |                     ^^^^^^^^^^^ help: a field with a similar name exists: `shaderInt64`
[INFO] [stdout] 
[INFO] [stdout] 
[INFO] [stdout] error[E0560]: struct `PhysicalDeviceFeatures` has no field named `shaderf3264`
[INFO] [stdout]    --> /opt/rustwide/cargo-home/registry/src/github.com-1ecc6299db9ec823/vulkano-0.16.0/src/features.rs:164:21
[INFO] [stdout]     |
[INFO] [stdout] 164 |     shader_f3264 => shaderf3264,
[INFO] [stdout]     |                     ^^^^^^^^^^^ `PhysicalDeviceFeatures` does not have this field
[INFO] [stdout]     |
[INFO] [stdout]     = note: available fields are: `robustBufferAccess`, `fullDrawIndexUint32`, `imageCubeArray`, `independentBlend`, `geometryShader` ... and 50 others
[INFO] [stdout] 
[INFO] [stdout] 
[INFO] [stderr]    Compiling phosphor v0.0.1 (/opt/rustwide/workdir)
[INFO] [stdout] error[E0308]: mismatched types
[INFO] [stdout]     --> /opt/rustwide/cargo-home/registry/src/github.com-1ecc6299db9ec823/vulkano-0.16.0/src/command_buffer/sys.rs:1303:38
[INFO] [stdout]      |
[INFO] [stdout] 1303 |         vk.CmdSetBlendConstants(cmd, constants); // TODO: correct to pass array?
[INFO] [stdout]      |                                      ^^^^^^^^^
[INFO] [stdout]      |                                      |
[INFO] [stdout]      |                                      expected `&[f32; 4]`, found array `[f32; 4]`
[INFO] [stdout]      |                                      help: consider borrowing here: `&constants`
[INFO] [stdout] 
[INFO] [stdout] 
[INFO] [stdout] warning: unused import: `std::path::Path`
[INFO] [stdout]  --> build.rs:2:5
[INFO] [stdout]   |
[INFO] [stdout] 2 | use std::path::Path;
[INFO] [stdout]   |     ^^^^^^^^^^^^^^^
[INFO] [stdout]   |
[INFO] [stdout]   = note: `#[warn(unused_imports)]` on by default
[INFO] [stdout] 
[INFO] [stdout] 
[INFO] [stdout] warning: unused import: `std::fs::File`
[INFO] [stdout]  --> build.rs:3:5
[INFO] [stdout]   |
[INFO] [stdout] 3 | use std::fs::File;
[INFO] [stdout]   |     ^^^^^^^^^^^^^
[INFO] [stdout] 
[INFO] [stdout] 
[INFO] [stderr]     Checking num v0.3.1
[INFO] [stderr]    Compiling wayland-client v0.21.13
[INFO] [stderr]    Compiling wayland-protocols v0.21.13
[INFO] [stderr]     Checking xalloc v0.2.7
[INFO] [stderr]     Checking wayland-commons v0.21.13
[INFO] [stdout] warning: 2 warnings emitted
[INFO] [stdout] 
[INFO] [stdout] 
[INFO] [stderr] error: failed to run custom build command for `phosphor v0.0.1 (/opt/rustwide/workdir)`
[INFO] [stderr] 
[INFO] [stderr] Caused by:
[INFO] [stderr]   process didn't exit successfully: `/opt/rustwide/target/debug/build/phosphor-acba281c31d111e7/build-script-build` (exit status: 101)
[INFO] [stderr]   --- stderr
[INFO] [stderr]   thread 'main' panicked at 'called `Result::unwrap()` on an `Err` value: Os { code: 30, kind: Other, message: "Read-only file system" }', build.rs:29:45
[INFO] [stderr]   stack backtrace:
[INFO] [stderr]      0:     0x5654568e2180 - std::backtrace_rs::backtrace::libunwind::trace::h34055254b57d8e79
[INFO] [stderr]                                  at /rustc/a178d0322ce20e33eac124758e837cbd80a6f633/library/std/src/../../backtrace/src/backtrace/libunwind.rs:90:5
[INFO] [stderr]      1:     0x5654568e2180 - std::backtrace_rs::backtrace::trace_unsynchronized::h8f1e3fbd9afff6ec
[INFO] [stderr]                                  at /rustc/a178d0322ce20e33eac124758e837cbd80a6f633/library/std/src/../../backtrace/src/backtrace/mod.rs:66:5
[INFO] [stderr]      2:     0x5654568e2180 - std::sys_common::backtrace::_print_fmt::h3a99a796b770c360
[INFO] [stderr]                                  at /rustc/a178d0322ce20e33eac124758e837cbd80a6f633/library/std/src/sys_common/backtrace.rs:67:5
[INFO] [stderr]      3:     0x5654568e2180 - <std::sys_common::backtrace::_print::DisplayBacktrace as core::fmt::Display>::fmt::h32d1f94a80615d18
[INFO] [stderr]                                  at /rustc/a178d0322ce20e33eac124758e837cbd80a6f633/library/std/src/sys_common/backtrace.rs:46:22
[INFO] [stderr]      4:     0x5654568fce6c - core::fmt::write::h306731c068f7162c
[INFO] [stderr]                                  at /rustc/a178d0322ce20e33eac124758e837cbd80a6f633/library/core/src/fmt/mod.rs:1110:17
[INFO] [stderr]      5:     0x5654568e09d5 - std::io::Write::write_fmt::hd2fa90334eee2a21
[INFO] [stderr]                                  at /rustc/a178d0322ce20e33eac124758e837cbd80a6f633/library/std/src/io/mod.rs:1588:15
[INFO] [stderr]      6:     0x5654568e3fdb - std::sys_common::backtrace::_print::h5abaa2601a852287
[INFO] [stderr]                                  at /rustc/a178d0322ce20e33eac124758e837cbd80a6f633/library/std/src/sys_common/backtrace.rs:49:5
[INFO] [stderr]      7:     0x5654568e3fdb - std::sys_common::backtrace::print::h8d81445442bb638f
[INFO] [stderr]                                  at /rustc/a178d0322ce20e33eac124758e837cbd80a6f633/library/std/src/sys_common/backtrace.rs:36:9
[INFO] [stderr]      8:     0x5654568e3fdb - std::panicking::default_hook::{{closure}}::hcfe804496a9fa747
[INFO] [stderr]                                  at /rustc/a178d0322ce20e33eac124758e837cbd80a6f633/library/std/src/panicking.rs:208:50
[INFO] [stderr]      9:     0x5654568e3ab1 - std::panicking::default_hook::hbea8e3ccf2ba8901
[INFO] [stderr]                                  at /rustc/a178d0322ce20e33eac124758e837cbd80a6f633/library/std/src/panicking.rs:225:9
[INFO] [stderr]     10:     0x5654568e46a4 - std::panicking::rust_panic_with_hook::h7ee9e1a2d0f8975a
[INFO] [stderr]                                  at /rustc/a178d0322ce20e33eac124758e837cbd80a6f633/library/std/src/panicking.rs:622:17
[INFO] [stderr]     11:     0x5654568e4187 - std::panicking::begin_panic_handler::{{closure}}::h8ab3b4491718b2c7
[INFO] [stderr]                                  at /rustc/a178d0322ce20e33eac124758e837cbd80a6f633/library/std/src/panicking.rs:519:13
[INFO] [stderr]     12:     0x5654568e267c - std::sys_common::backtrace::__rust_end_short_backtrace::hd489062ffa586a9f
[INFO] [stderr]                                  at /rustc/a178d0322ce20e33eac124758e837cbd80a6f633/library/std/src/sys_common/backtrace.rs:141:18
[INFO] [stderr]     13:     0x5654568e40e9 - rust_begin_unwind
[INFO] [stderr]                                  at /rustc/a178d0322ce20e33eac124758e837cbd80a6f633/library/std/src/panicking.rs:515:5
[INFO] [stderr]     14:     0x5654566fa3a1 - core::panicking::panic_fmt::hca6330e3e14086b4
[INFO] [stderr]                                  at /rustc/a178d0322ce20e33eac124758e837cbd80a6f633/library/core/src/panicking.rs:92:14
[INFO] [stderr]     15:     0x5654566fa433 - core::result::unwrap_failed::h6160d2b4bfbb0e87
[INFO] [stderr]                                  at /rustc/a178d0322ce20e33eac124758e837cbd80a6f633/library/core/src/result.rs:1355:5
[INFO] [stderr]     16:     0x5654566fe997 - core::result::Result<T,E>::unwrap::h2c33362e3febb489
[INFO] [stderr]                                  at /rustc/a178d0322ce20e33eac124758e837cbd80a6f633/library/core/src/result.rs:1037:23
[INFO] [stderr]     17:     0x565456700d9f - build_script_build::main::h1b19d75a2fe0ca06
[INFO] [stderr]                                  at /opt/rustwide/workdir/build.rs:29:5
[INFO] [stderr]     18:     0x5654566ff57b - core::ops::function::FnOnce::call_once::hfa1f7ee18820eef4
[INFO] [stderr]                                  at /rustc/a178d0322ce20e33eac124758e837cbd80a6f633/library/core/src/ops/function.rs:227:5
[INFO] [stderr]     19:     0x5654566fe58e - std::sys_common::backtrace::__rust_begin_short_backtrace::heb61557251e88311
[INFO] [stderr]                                  at /rustc/a178d0322ce20e33eac124758e837cbd80a6f633/library/std/src/sys_common/backtrace.rs:125:18
[INFO] [stderr]     20:     0x5654566ffe81 - std::rt::lang_start::{{closure}}::h04716eb29053dc45
[INFO] [stderr]                                  at /rustc/a178d0322ce20e33eac124758e837cbd80a6f633/library/std/src/rt.rs:49:18
[INFO] [stderr]     21:     0x5654568e4ba9 - core::ops::function::impls::<impl core::ops::function::FnOnce<A> for &F>::call_once::h2aabc384aab89b7b
[INFO] [stderr]                                  at /rustc/a178d0322ce20e33eac124758e837cbd80a6f633/library/core/src/ops/function.rs:259:13
[INFO] [stderr]     22:     0x5654568e4ba9 - std::panicking::try::do_call::hc5fcacb7a85fc7b1
[INFO] [stderr]                                  at /rustc/a178d0322ce20e33eac124758e837cbd80a6f633/library/std/src/panicking.rs:401:40
[INFO] [stderr]     23:     0x5654568e4ba9 - std::panicking::try::hb5d9603af3abbe3a
[INFO] [stderr]                                  at /rustc/a178d0322ce20e33eac124758e837cbd80a6f633/library/std/src/panicking.rs:365:19
[INFO] [stderr]     24:     0x5654568e4ba9 - std::panic::catch_unwind::h98fe6ac3925e64b4
[INFO] [stderr]                                  at /rustc/a178d0322ce20e33eac124758e837cbd80a6f633/library/std/src/panic.rs:434:14
[INFO] [stderr]     25:     0x5654568e4ba9 - std::rt::lang_start_internal::h22ac7383c516f93e
[INFO] [stderr]                                  at /rustc/a178d0322ce20e33eac124758e837cbd80a6f633/library/std/src/rt.rs:34:21
[INFO] [stderr]     26:     0x5654566ffe60 - std::rt::lang_start::h914c580927283f1d
[INFO] [stderr]                                  at /rustc/a178d0322ce20e33eac124758e837cbd80a6f633/library/std/src/rt.rs:48:5
[INFO] [stderr]     27:     0x565456700e8c - main
[INFO] [stderr]     28:     0x7f07080b00b3 - __libc_start_main
[INFO] [stderr]     29:     0x5654566fab3e - _start
[INFO] [stderr]     30:                0x0 - <unknown>
[INFO] [stderr] warning: build failed, waiting for other jobs to finish...
[INFO] [stdout] error: aborting due to 3 previous errors
[INFO] [stdout] 
[INFO] [stdout] 
[INFO] [stdout] Some errors have detailed explanations: E0308, E0560, E0609.
[INFO] [stdout] 
[INFO] [stdout] For more information about an error, try `rustc --explain E0308`.
[INFO] [stdout] 
[INFO] [stderr] The following warnings were emitted during compilation:
[INFO] [stderr] 
[INFO] [stderr] warning: Checking for system installed libraries.  Use --features = build-from-source to disable this behavior
[INFO] [stderr] warning: System installed library not found.  Falling back to build from source
[INFO] [stderr] 
[INFO] [stderr] error: build failed
[INFO] running `Command { std: "docker" "inspect" "ba16a47e97b70750f7ca8f894c19e760b6f258a977b869c7d6a168e27d2aea9a", kill_on_drop: false }`
[INFO] running `Command { std: "docker" "rm" "-f" "ba16a47e97b70750f7ca8f894c19e760b6f258a977b869c7d6a168e27d2aea9a", kill_on_drop: false }`
[INFO] [stdout] ba16a47e97b70750f7ca8f894c19e760b6f258a977b869c7d6a168e27d2aea9a
