[INFO] fetching crate pdb_wrapper 0.2.0...
[INFO] documenting pdb_wrapper-0.2.0 against 1.54.0 for beta-1.55-rustdoc-1
[INFO] extracting crate pdb_wrapper 0.2.0 into /workspace/builds/worker-25/source
[INFO] validating manifest of crates.io crate pdb_wrapper 0.2.0 on toolchain 1.54.0
[INFO] running `Command { std: "/workspace/cargo-home/bin/cargo" "+1.54.0" "metadata" "--manifest-path" "Cargo.toml" "--no-deps", kill_on_drop: false }`
[INFO] started tweaking crates.io crate pdb_wrapper 0.2.0
[INFO] finished tweaking crates.io crate pdb_wrapper 0.2.0
[INFO] tweaked toml for crates.io crate pdb_wrapper 0.2.0 written to /workspace/builds/worker-25/source/Cargo.toml
[INFO] running `Command { std: "/workspace/cargo-home/bin/cargo" "+1.54.0" "generate-lockfile" "--manifest-path" "Cargo.toml" "-Zno-index-update", kill_on_drop: false }`
[INFO] [stderr]     Blocking waiting for file lock on package cache
[INFO] running `Command { std: "/workspace/cargo-home/bin/cargo" "+1.54.0" "fetch" "--manifest-path" "Cargo.toml", kill_on_drop: false }`
[INFO] [stderr]     Blocking waiting for file lock on package cache
[INFO] running `Command { std: "docker" "create" "-v" "/var/lib/crater-agent-workspace/builds/worker-25/target:/opt/rustwide/target:rw,Z" "-v" "/var/lib/crater-agent-workspace/builds/worker-25/source:/opt/rustwide/workdir:ro,Z" "-v" "/var/lib/crater-agent-workspace/cargo-home:/opt/rustwide/cargo-home:ro,Z" "-v" "/var/lib/crater-agent-workspace/rustup-home:/opt/rustwide/rustup-home:ro,Z" "-e" "SOURCE_DIR=/opt/rustwide/workdir" "-e" "CARGO_TARGET_DIR=/opt/rustwide/target" "-e" "CARGO_HOME=/opt/rustwide/cargo-home" "-e" "RUSTUP_HOME=/opt/rustwide/rustup-home" "-w" "/opt/rustwide/workdir" "-m" "1610612736" "--user" "0:0" "--network" "none" "ghcr.io/rust-lang/crates-build-env/linux@sha256:34b6a614d2c27851fe6cbf88fbd1137609cefab8b10d0615aaeb6fd47975d74e" "/opt/rustwide/cargo-home/bin/cargo" "+1.54.0" "metadata" "--no-deps" "--format-version=1", kill_on_drop: false }`
[INFO] [stdout] be435ee44c89343d77a0fdd55ea235cf084f162e5a916614f7e5ed43e871e217
[INFO] running `Command { std: "docker" "start" "-a" "be435ee44c89343d77a0fdd55ea235cf084f162e5a916614f7e5ed43e871e217", kill_on_drop: false }`
[INFO] running `Command { std: "docker" "inspect" "be435ee44c89343d77a0fdd55ea235cf084f162e5a916614f7e5ed43e871e217", kill_on_drop: false }`
[INFO] running `Command { std: "docker" "rm" "-f" "be435ee44c89343d77a0fdd55ea235cf084f162e5a916614f7e5ed43e871e217", kill_on_drop: false }`
[INFO] [stdout] be435ee44c89343d77a0fdd55ea235cf084f162e5a916614f7e5ed43e871e217
[INFO] running `Command { std: "docker" "create" "-v" "/var/lib/crater-agent-workspace/builds/worker-25/target:/opt/rustwide/target:rw,Z" "-v" "/var/lib/crater-agent-workspace/builds/worker-25/source:/opt/rustwide/workdir:ro,Z" "-v" "/var/lib/crater-agent-workspace/cargo-home:/opt/rustwide/cargo-home:ro,Z" "-v" "/var/lib/crater-agent-workspace/rustup-home:/opt/rustwide/rustup-home:ro,Z" "-e" "SOURCE_DIR=/opt/rustwide/workdir" "-e" "CARGO_TARGET_DIR=/opt/rustwide/target" "-e" "CARGO_INCREMENTAL=0" "-e" "RUST_BACKTRACE=full" "-e" "RUSTDOCFLAGS=--cap-lints=warn" "-e" "CARGO_HOME=/opt/rustwide/cargo-home" "-e" "RUSTUP_HOME=/opt/rustwide/rustup-home" "-w" "/opt/rustwide/workdir" "-m" "1610612736" "--user" "0:0" "--network" "none" "ghcr.io/rust-lang/crates-build-env/linux@sha256:34b6a614d2c27851fe6cbf88fbd1137609cefab8b10d0615aaeb6fd47975d74e" "/opt/rustwide/cargo-home/bin/cargo" "+1.54.0" "doc" "--frozen" "--no-deps" "--document-private-items" "--message-format=json", kill_on_drop: false }`
[INFO] [stdout] 65ff974d60438ed7eab1302a3de5dd1f70268e62e108246aaef316349928769f
[INFO] running `Command { std: "docker" "start" "-a" "65ff974d60438ed7eab1302a3de5dd1f70268e62e108246aaef316349928769f", kill_on_drop: false }`
[INFO] [stderr]    Compiling memchr v2.4.0
[INFO] [stderr]    Compiling cfg-if v1.0.0
[INFO] [stderr]    Compiling log v0.4.14
[INFO] [stderr]    Compiling quick-error v1.2.3
[INFO] [stderr]    Compiling regex-syntax v0.6.25
[INFO] [stderr]    Compiling unicode-width v0.1.8
[INFO] [stderr]    Compiling syn v1.0.74
[INFO] [stderr]    Compiling ansi_term v0.11.0
[INFO] [stderr]    Compiling bindgen v0.55.1
[INFO] [stderr]    Compiling vec_map v0.8.2
[INFO] [stderr]    Compiling termcolor v1.1.2
[INFO] [stderr]    Compiling strsim v0.8.0
[INFO] [stderr]    Compiling peeking_take_while v0.1.2
[INFO] [stderr]    Compiling doc-comment v0.3.3
[INFO] [stderr]    Compiling shlex v0.1.1
[INFO] [stderr]    Compiling either v1.6.1
[INFO] [stderr]    Compiling lazycell v1.3.0
[INFO] [stderr]    Compiling rustc-hash v1.1.0
[INFO] [stderr]    Compiling libc v0.2.98
[INFO] [stderr]    Compiling nom v5.1.2
[INFO] [stderr]    Compiling clang-sys v1.2.0
[INFO] [stderr]    Compiling cmake v0.1.45
[INFO] [stderr]    Compiling bitflags v1.2.1
[INFO] [stderr]    Compiling libloading v0.7.0
[INFO] [stderr]    Compiling humantime v1.3.0
[INFO] [stderr]    Compiling textwrap v0.11.0
[INFO] [stderr]    Compiling atty v0.2.14
[INFO] [stderr]    Compiling which v3.1.1
[INFO] [stderr]    Compiling which v4.2.2
[INFO] [stderr]    Compiling clap v2.33.3
[INFO] [stderr]    Compiling aho-corasick v0.7.18
[INFO] [stderr]    Compiling regex v1.5.4
[INFO] [stderr]    Compiling cexpr v0.4.0
[INFO] [stderr]    Compiling env_logger v0.7.1
[INFO] [stderr]    Compiling snafu-derive v0.6.10
[INFO] [stderr]     Checking snafu v0.6.10
[INFO] [stderr]    Compiling pdb_wrapper v0.2.0 (/opt/rustwide/workdir)
[INFO] [stderr] error: failed to run custom build command for `pdb_wrapper v0.2.0 (/opt/rustwide/workdir)`
[INFO] [stderr] 
[INFO] [stderr] Caused by:
[INFO] [stderr]   process didn't exit successfully: `/opt/rustwide/target/debug/build/pdb_wrapper-09423cad9ca5abc9/build-script-build` (exit status: 101)
[INFO] [stderr]   --- stdout
[INFO] [stderr]   running: "cmake" "/opt/rustwide/workdir/libllvm-pdb-wrapper" "-DCMAKE_INSTALL_PREFIX=/opt/rustwide/target/debug/build/pdb_wrapper-5ccdb1ac94a83508/out" "-DCMAKE_C_FLAGS= -ffunction-sections -fdata-sections -fPIC -m64" "-DCMAKE_C_COMPILER=/usr/bin/cc" "-DCMAKE_CXX_FLAGS= -ffunction-sections -fdata-sections -fPIC -m64" "-DCMAKE_CXX_COMPILER=/usr/bin/c++" "-DCMAKE_ASM_FLAGS= -ffunction-sections -fdata-sections -fPIC -m64" "-DCMAKE_ASM_COMPILER=/usr/bin/cc" "-DCMAKE_BUILD_TYPE=Debug"
[INFO] [stderr]   -- The CXX compiler identification is GNU 9.3.0
[INFO] [stderr]   -- Check for working CXX compiler: /usr/bin/c++
[INFO] [stderr]   -- Check for working CXX compiler: /usr/bin/c++ -- works
[INFO] [stderr]   -- Detecting CXX compiler ABI info
[INFO] [stderr]   -- Detecting CXX compiler ABI info - done
[INFO] [stderr]   -- Detecting CXX compile features
[INFO] [stderr]   -- Detecting CXX compile features - done
[INFO] [stderr]   -- Found LLVM 6.0.1
[INFO] [stderr]   -- Using LLVMConfig.cmake in: /usr/lib/llvm-6.0/cmake
[INFO] [stderr]   -- Configuring done
[INFO] [stderr]   -- Generating done
[INFO] [stderr]   -- Build files have been written to: /opt/rustwide/target/debug/build/pdb_wrapper-5ccdb1ac94a83508/out/build
[INFO] [stderr]   running: "cmake" "--build" "." "--target" "install" "--config" "Debug" "--"
[INFO] [stderr]   Scanning dependencies of target llvm-pdb-wrapper
[INFO] [stderr]   [ 50%] Building CXX object CMakeFiles/llvm-pdb-wrapper.dir/wrapper.cpp.o
[INFO] [stderr] 
[INFO] [stderr]   --- stderr
[INFO] [stderr]   CMake Warning:
[INFO] [stderr]     Manually-specified variables were not used by the project:
[INFO] [stderr] 
[INFO] [stderr]       CMAKE_ASM_COMPILER
[INFO] [stderr]       CMAKE_ASM_FLAGS
[INFO] [stderr]       CMAKE_C_COMPILER
[INFO] [stderr]       CMAKE_C_FLAGS
[INFO] [stderr] 
[INFO] [stderr] 
[INFO] [stderr]   /opt/rustwide/workdir/libllvm-pdb-wrapper/wrapper.cpp: In member function 'bool pdb_file::initialize(bool, uint32_t, uint32_t, llvm::codeview::GUID)':
[INFO] [stderr]   /opt/rustwide/workdir/libllvm-pdb-wrapper/wrapper.cpp:101:17: error: 'class llvm::pdb::InfoStreamBuilder' has no member named 'setHashPDBContentsToGUID'
[INFO] [stderr]     101 |     InfoBuilder.setHashPDBContentsToGUID(false);
[INFO] [stderr]         |                 ^~~~~~~~~~~~~~~~~~~~~~~~
[INFO] [stderr]   /opt/rustwide/workdir/libllvm-pdb-wrapper/wrapper.cpp:106:35: error: 'class llvm::pdb::InfoStreamBuilder' has no member named 'getAge'; did you mean 'setAge'?
[INFO] [stderr]     106 |     DbiBuilder.setAge(InfoBuilder.getAge());
[INFO] [stderr]         |                                   ^~~~~~
[INFO] [stderr]         |                                   setAge
[INFO] [stderr]   /opt/rustwide/workdir/libllvm-pdb-wrapper/wrapper.cpp:111:31: error: cannot convert 'const llvm::COFF::MachineTypes' to 'llvm::pdb::PDB_Machine'
[INFO] [stderr]     111 |     DbiBuilder.setMachineType(machine);
[INFO] [stderr]         |                               ^~~~~~~
[INFO] [stderr]         |                               |
[INFO] [stderr]         |                               const llvm::COFF::MachineTypes
[INFO] [stderr]   In file included from /opt/rustwide/workdir/libllvm-pdb-wrapper/wrapper.cpp:3:
[INFO] [stderr]   /usr/lib/llvm-6.0/include/llvm/DebugInfo/PDB/Native/DbiStreamBuilder.h:52:35: note:   initializing argument 1 of 'void llvm::pdb::DbiStreamBuilder::setMachineType(llvm::pdb::PDB_Machine)'
[INFO] [stderr]      52 |   void setMachineType(PDB_Machine M);
[INFO] [stderr]         |                       ~~~~~~~~~~~~^
[INFO] [stderr]   /opt/rustwide/workdir/libllvm-pdb-wrapper/wrapper.cpp:120:37: error: no matching function for call to 'llvm::pdb::DbiStreamBuilder::setBuildNumber(int, int)'
[INFO] [stderr]     120 |     DbiBuilder.setBuildNumber(14, 11);
[INFO] [stderr]         |                                     ^
[INFO] [stderr]   In file included from /opt/rustwide/workdir/libllvm-pdb-wrapper/wrapper.cpp:3:
[INFO] [stderr]   /usr/lib/llvm-6.0/include/llvm/DebugInfo/PDB/Native/DbiStreamBuilder.h:48:8: note: candidate: 'void llvm::pdb::DbiStreamBuilder::setBuildNumber(uint16_t)'
[INFO] [stderr]      48 |   void setBuildNumber(uint16_t B);
[INFO] [stderr]         |        ^~~~~~~~~~~~~~
[INFO] [stderr]   /usr/lib/llvm-6.0/include/llvm/DebugInfo/PDB/Native/DbiStreamBuilder.h:48:8: note:   candidate expects 1 argument, 2 provided
[INFO] [stderr]   /opt/rustwide/workdir/libllvm-pdb-wrapper/wrapper.cpp: In member function 'bool pdb_file::commit(const char*, const char*)':
[INFO] [stderr]   /opt/rustwide/workdir/libllvm-pdb-wrapper/wrapper.cpp:176:29: error: 'class llvm::pdb::InfoStreamBuilder' has no member named 'getGuid'; did you mean 'setGuid'?
[INFO] [stderr]     176 |     auto guid = InfoBuilder.getGuid();
[INFO] [stderr]         |                             ^~~~~~~
[INFO] [stderr]         |                             setGuid
[INFO] [stderr]   make[2]: *** [CMakeFiles/llvm-pdb-wrapper.dir/build.make:63: CMakeFiles/llvm-pdb-wrapper.dir/wrapper.cpp.o] Error 1
[INFO] [stderr]   make[1]: *** [CMakeFiles/Makefile2:77: CMakeFiles/llvm-pdb-wrapper.dir/all] Error 2
[INFO] [stderr]   make: *** [Makefile:130: all] Error 2
[INFO] [stderr]   thread 'main' panicked at '
[INFO] [stderr]   command did not execute successfully, got: exit status: 2
[INFO] [stderr] 
[INFO] [stderr]   build script failed, must exit now', /opt/rustwide/cargo-home/registry/src/github.com-1ecc6299db9ec823/cmake-0.1.45/src/lib.rs:894:5
[INFO] [stderr]   stack backtrace:
[INFO] [stderr]      0:     0x563bba46c080 - std::backtrace_rs::backtrace::libunwind::trace::h34055254b57d8e79
[INFO] [stderr]                                  at /rustc/a178d0322ce20e33eac124758e837cbd80a6f633/library/std/src/../../backtrace/src/backtrace/libunwind.rs:90:5
[INFO] [stderr]      1:     0x563bba46c080 - std::backtrace_rs::backtrace::trace_unsynchronized::h8f1e3fbd9afff6ec
[INFO] [stderr]                                  at /rustc/a178d0322ce20e33eac124758e837cbd80a6f633/library/std/src/../../backtrace/src/backtrace/mod.rs:66:5
[INFO] [stderr]      2:     0x563bba46c080 - std::sys_common::backtrace::_print_fmt::h3a99a796b770c360
[INFO] [stderr]                                  at /rustc/a178d0322ce20e33eac124758e837cbd80a6f633/library/std/src/sys_common/backtrace.rs:67:5
[INFO] [stderr]      3:     0x563bba46c080 - <std::sys_common::backtrace::_print::DisplayBacktrace as core::fmt::Display>::fmt::h32d1f94a80615d18
[INFO] [stderr]                                  at /rustc/a178d0322ce20e33eac124758e837cbd80a6f633/library/std/src/sys_common/backtrace.rs:46:22
[INFO] [stderr]      4:     0x563bba4920cc - core::fmt::write::h306731c068f7162c
[INFO] [stderr]                                  at /rustc/a178d0322ce20e33eac124758e837cbd80a6f633/library/core/src/fmt/mod.rs:1110:17
[INFO] [stderr]      5:     0x563bba468b35 - std::io::Write::write_fmt::hd2fa90334eee2a21
[INFO] [stderr]                                  at /rustc/a178d0322ce20e33eac124758e837cbd80a6f633/library/std/src/io/mod.rs:1588:15
[INFO] [stderr]      6:     0x563bba46ea3b - std::sys_common::backtrace::_print::h5abaa2601a852287
[INFO] [stderr]                                  at /rustc/a178d0322ce20e33eac124758e837cbd80a6f633/library/std/src/sys_common/backtrace.rs:49:5
[INFO] [stderr]      7:     0x563bba46ea3b - std::sys_common::backtrace::print::h8d81445442bb638f
[INFO] [stderr]                                  at /rustc/a178d0322ce20e33eac124758e837cbd80a6f633/library/std/src/sys_common/backtrace.rs:36:9
[INFO] [stderr]      8:     0x563bba46ea3b - std::panicking::default_hook::{{closure}}::hcfe804496a9fa747
[INFO] [stderr]                                  at /rustc/a178d0322ce20e33eac124758e837cbd80a6f633/library/std/src/panicking.rs:208:50
[INFO] [stderr]      9:     0x563bba46e511 - std::panicking::default_hook::hbea8e3ccf2ba8901
[INFO] [stderr]                                  at /rustc/a178d0322ce20e33eac124758e837cbd80a6f633/library/std/src/panicking.rs:225:9
[INFO] [stderr]     10:     0x563bba46f104 - std::panicking::rust_panic_with_hook::h7ee9e1a2d0f8975a
[INFO] [stderr]                                  at /rustc/a178d0322ce20e33eac124758e837cbd80a6f633/library/std/src/panicking.rs:622:17
[INFO] [stderr]     11:     0x563bba46ebe7 - std::panicking::begin_panic_handler::{{closure}}::h8ab3b4491718b2c7
[INFO] [stderr]                                  at /rustc/a178d0322ce20e33eac124758e837cbd80a6f633/library/std/src/panicking.rs:519:13
[INFO] [stderr]     12:     0x563bba46c57c - std::sys_common::backtrace::__rust_end_short_backtrace::hd489062ffa586a9f
[INFO] [stderr]                                  at /rustc/a178d0322ce20e33eac124758e837cbd80a6f633/library/std/src/sys_common/backtrace.rs:141:18
[INFO] [stderr]     13:     0x563bba46eb49 - rust_begin_unwind
[INFO] [stderr]                                  at /rustc/a178d0322ce20e33eac124758e837cbd80a6f633/library/std/src/panicking.rs:515:5
[INFO] [stderr]     14:     0x563bb9ec4cbb - std::panicking::begin_panic_fmt::h5479575e112541f8
[INFO] [stderr]                                  at /rustc/a178d0322ce20e33eac124758e837cbd80a6f633/library/std/src/panicking.rs:457:5
[INFO] [stderr]     15:     0x563bba3f55c3 - cmake::fail::ha1cc8d11909fbc7e
[INFO] [stderr]                                  at /opt/rustwide/cargo-home/registry/src/github.com-1ecc6299db9ec823/cmake-0.1.45/src/lib.rs:894:5
[INFO] [stderr]     16:     0x563bba3f4fd1 - cmake::run::hdc59bf284b822c8e
[INFO] [stderr]                                  at /opt/rustwide/cargo-home/registry/src/github.com-1ecc6299db9ec823/cmake-0.1.45/src/lib.rs:872:9
[INFO] [stderr]     17:     0x563bba3f2a01 - cmake::Config::build::hf6738867fda55e0d
[INFO] [stderr]                                  at /opt/rustwide/cargo-home/registry/src/github.com-1ecc6299db9ec823/cmake-0.1.45/src/lib.rs:778:9
[INFO] [stderr]     18:     0x563bb9eca79f - build_script_build::main::hdc2aa295a1360b2d
[INFO] [stderr]                                  at /opt/rustwide/workdir/build.rs:55:15
[INFO] [stderr]     19:     0x563bb9ec723b - core::ops::function::FnOnce::call_once::h36b659e85e833eca
[INFO] [stderr]                                  at /rustc/a178d0322ce20e33eac124758e837cbd80a6f633/library/core/src/ops/function.rs:227:5
[INFO] [stderr]     20:     0x563bb9ecc10e - std::sys_common::backtrace::__rust_begin_short_backtrace::h4b99dec6edb01d16
[INFO] [stderr]                                  at /rustc/a178d0322ce20e33eac124758e837cbd80a6f633/library/std/src/sys_common/backtrace.rs:125:18
[INFO] [stderr]     21:     0x563bb9ec8d61 - std::rt::lang_start::{{closure}}::h7592a426bf148a97
[INFO] [stderr]                                  at /rustc/a178d0322ce20e33eac124758e837cbd80a6f633/library/std/src/rt.rs:49:18
[INFO] [stderr]     22:     0x563bba46f709 - core::ops::function::impls::<impl core::ops::function::FnOnce<A> for &F>::call_once::h2aabc384aab89b7b
[INFO] [stderr]                                  at /rustc/a178d0322ce20e33eac124758e837cbd80a6f633/library/core/src/ops/function.rs:259:13
[INFO] [stderr]     23:     0x563bba46f709 - std::panicking::try::do_call::hc5fcacb7a85fc7b1
[INFO] [stderr]                                  at /rustc/a178d0322ce20e33eac124758e837cbd80a6f633/library/std/src/panicking.rs:401:40
[INFO] [stderr]     24:     0x563bba46f709 - std::panicking::try::hb5d9603af3abbe3a
[INFO] [stderr]                                  at /rustc/a178d0322ce20e33eac124758e837cbd80a6f633/library/std/src/panicking.rs:365:19
[INFO] [stderr]     25:     0x563bba46f709 - std::panic::catch_unwind::h98fe6ac3925e64b4
[INFO] [stderr]                                  at /rustc/a178d0322ce20e33eac124758e837cbd80a6f633/library/std/src/panic.rs:434:14
[INFO] [stderr]     26:     0x563bba46f709 - std::rt::lang_start_internal::h22ac7383c516f93e
[INFO] [stderr]                                  at /rustc/a178d0322ce20e33eac124758e837cbd80a6f633/library/std/src/rt.rs:34:21
[INFO] [stderr]     27:     0x563bb9ec8d40 - std::rt::lang_start::h2ab18ae2a3a32c1c
[INFO] [stderr]                                  at /rustc/a178d0322ce20e33eac124758e837cbd80a6f633/library/std/src/rt.rs:48:5
[INFO] [stderr]     28:     0x563bb9ecafcc - main
[INFO] [stderr]     29:     0x7f147a6540b3 - __libc_start_main
[INFO] [stderr]     30:     0x563bb9ec613e - _start
[INFO] [stderr]     31:                0x0 - <unknown>
[INFO] running `Command { std: "docker" "inspect" "65ff974d60438ed7eab1302a3de5dd1f70268e62e108246aaef316349928769f", kill_on_drop: false }`
[INFO] running `Command { std: "docker" "rm" "-f" "65ff974d60438ed7eab1302a3de5dd1f70268e62e108246aaef316349928769f", kill_on_drop: false }`
[INFO] [stdout] 65ff974d60438ed7eab1302a3de5dd1f70268e62e108246aaef316349928769f
