[INFO] fetching crate panini_macros_snapshot 0.0.0...
[INFO] documenting panini_macros_snapshot-0.0.0 against 1.54.0 for beta-1.55-rustdoc-1
[INFO] extracting crate panini_macros_snapshot 0.0.0 into /workspace/builds/worker-2/source
[INFO] validating manifest of crates.io crate panini_macros_snapshot 0.0.0 on toolchain 1.54.0
[INFO] running `Command { std: "/workspace/cargo-home/bin/cargo" "+1.54.0" "metadata" "--manifest-path" "Cargo.toml" "--no-deps", kill_on_drop: false }`
[INFO] started tweaking crates.io crate panini_macros_snapshot 0.0.0
[INFO] finished tweaking crates.io crate panini_macros_snapshot 0.0.0
[INFO] tweaked toml for crates.io crate panini_macros_snapshot 0.0.0 written to /workspace/builds/worker-2/source/Cargo.toml
[INFO] running `Command { std: "/workspace/cargo-home/bin/cargo" "+1.54.0" "generate-lockfile" "--manifest-path" "Cargo.toml" "-Zno-index-update", kill_on_drop: false }`
[INFO] [stderr]     Blocking waiting for file lock on package cache
[INFO] running `Command { std: "/workspace/cargo-home/bin/cargo" "+1.54.0" "fetch" "--manifest-path" "Cargo.toml", kill_on_drop: false }`
[INFO] [stderr]     Blocking waiting for file lock on package cache
[INFO] running `Command { std: "docker" "create" "-v" "/var/lib/crater-agent-workspace/builds/worker-2/target:/opt/rustwide/target:rw,Z" "-v" "/var/lib/crater-agent-workspace/builds/worker-2/source:/opt/rustwide/workdir:ro,Z" "-v" "/var/lib/crater-agent-workspace/cargo-home:/opt/rustwide/cargo-home:ro,Z" "-v" "/var/lib/crater-agent-workspace/rustup-home:/opt/rustwide/rustup-home:ro,Z" "-e" "SOURCE_DIR=/opt/rustwide/workdir" "-e" "CARGO_TARGET_DIR=/opt/rustwide/target" "-e" "CARGO_HOME=/opt/rustwide/cargo-home" "-e" "RUSTUP_HOME=/opt/rustwide/rustup-home" "-w" "/opt/rustwide/workdir" "-m" "1610612736" "--user" "0:0" "--network" "none" "ghcr.io/rust-lang/crates-build-env/linux@sha256:34b6a614d2c27851fe6cbf88fbd1137609cefab8b10d0615aaeb6fd47975d74e" "/opt/rustwide/cargo-home/bin/cargo" "+1.54.0" "metadata" "--no-deps" "--format-version=1", kill_on_drop: false }`
[INFO] [stdout] 31d957fc021662fb1d88629d1ed7483c6be07a0b0725213a5ac2a5172af3aadd
[INFO] [stderr] WARNING: Your kernel does not support swap limit capabilities or the cgroup is not mounted. Memory limited without swap.
[INFO] running `Command { std: "docker" "start" "-a" "31d957fc021662fb1d88629d1ed7483c6be07a0b0725213a5ac2a5172af3aadd", kill_on_drop: false }`
[INFO] running `Command { std: "docker" "inspect" "31d957fc021662fb1d88629d1ed7483c6be07a0b0725213a5ac2a5172af3aadd", kill_on_drop: false }`
[INFO] running `Command { std: "docker" "rm" "-f" "31d957fc021662fb1d88629d1ed7483c6be07a0b0725213a5ac2a5172af3aadd", kill_on_drop: false }`
[INFO] [stdout] 31d957fc021662fb1d88629d1ed7483c6be07a0b0725213a5ac2a5172af3aadd
[INFO] running `Command { std: "docker" "create" "-v" "/var/lib/crater-agent-workspace/builds/worker-2/target:/opt/rustwide/target:rw,Z" "-v" "/var/lib/crater-agent-workspace/builds/worker-2/source:/opt/rustwide/workdir:ro,Z" "-v" "/var/lib/crater-agent-workspace/cargo-home:/opt/rustwide/cargo-home:ro,Z" "-v" "/var/lib/crater-agent-workspace/rustup-home:/opt/rustwide/rustup-home:ro,Z" "-e" "SOURCE_DIR=/opt/rustwide/workdir" "-e" "CARGO_TARGET_DIR=/opt/rustwide/target" "-e" "CARGO_INCREMENTAL=0" "-e" "RUST_BACKTRACE=full" "-e" "RUSTDOCFLAGS=--cap-lints=warn" "-e" "CARGO_HOME=/opt/rustwide/cargo-home" "-e" "RUSTUP_HOME=/opt/rustwide/rustup-home" "-w" "/opt/rustwide/workdir" "-m" "1610612736" "--user" "0:0" "--network" "none" "ghcr.io/rust-lang/crates-build-env/linux@sha256:34b6a614d2c27851fe6cbf88fbd1137609cefab8b10d0615aaeb6fd47975d74e" "/opt/rustwide/cargo-home/bin/cargo" "+1.54.0" "doc" "--frozen" "--no-deps" "--document-private-items" "--message-format=json", kill_on_drop: false }`
[INFO] [stdout] 7da6d11abf145d02defa10c40e6ccc598d7ad680e64a280f4dac542d279f6a7b
[INFO] [stderr] WARNING: Your kernel does not support swap limit capabilities or the cgroup is not mounted. Memory limited without swap.
[INFO] running `Command { std: "docker" "start" "-a" "7da6d11abf145d02defa10c40e6ccc598d7ad680e64a280f4dac542d279f6a7b", kill_on_drop: false }`
[INFO] [stderr]     Blocking waiting for file lock on package cache
[INFO] [stderr]    Compiling barrel v0.5.8
[INFO] [stderr]     Checking memmem v0.1.1
[INFO] [stderr]     Checking ref_slice v1.2.1
[INFO] [stderr]     Checking itertools v0.4.19
[INFO] [stderr]     Checking lazy_static v0.1.16
[INFO] [stderr]     Checking regex-syntax v0.2.6
[INFO] [stderr]    Compiling aster v0.16.0
[INFO] [stderr]     Checking quasi v0.10.0
[INFO] [stderr]     Checking bit-matrix v0.2.0
[INFO] [stderr]    Compiling num-integer v0.1.44
[INFO] [stderr]     Checking aho-corasick v0.4.1
[INFO] [stderr]    Compiling syn v0.15.44
[INFO] [stderr]    Compiling num-derive v0.3.3
[INFO] [stderr]     Checking num-bigint v0.2.6
[INFO] [stdout] error[E0463]: can't find crate for `syntax`
[INFO] [stdout]   --> /opt/rustwide/cargo-home/registry/src/github.com-1ecc6299db9ec823/aster-0.16.0/src/lib.rs:10:1
[INFO] [stdout]    |
[INFO] [stdout] 10 | extern crate syntax;
[INFO] [stdout]    | ^^^^^^^^^^^^^^^^^^^^ can't find crate
[INFO] [stdout] 
[INFO] [stdout] 
[INFO] [stdout] error: aborting due to previous error
[INFO] [stdout] 
[INFO] [stdout] 
[INFO] [stdout] For more information about this error, try `rustc --explain E0463`.
[INFO] [stdout] 
[INFO] [stderr] error: could not compile `aster`
[INFO] [stderr] 
[INFO] [stderr] To learn more, run the command again with --verbose.
[INFO] [stderr] warning: build failed, waiting for other jobs to finish...
[INFO] [stdout] error[E0463]: can't find crate for `syntax`
[INFO] [stdout]   --> /opt/rustwide/cargo-home/registry/src/github.com-1ecc6299db9ec823/quasi-0.10.0/src/lib.rs:19:1
[INFO] [stdout]    |
[INFO] [stdout] 19 | extern crate syntax;
[INFO] [stdout]    | ^^^^^^^^^^^^^^^^^^^^ can't find crate
[INFO] [stdout] 
[INFO] [stdout] 
[INFO] [stdout] error: aborting due to previous error
[INFO] [stdout] 
[INFO] [stdout] 
[INFO] [stdout] For more information about this error, try `rustc --explain E0463`.
[INFO] [stdout] 
[INFO] [stdout] error[E0463]: can't find crate for `syntax`
[INFO] [stdout]   --> /opt/rustwide/cargo-home/registry/src/github.com-1ecc6299db9ec823/aster-0.16.0/src/lib.rs:10:1
[INFO] [stdout]    |
[INFO] [stdout] 10 | extern crate syntax;
[INFO] [stdout]    | ^^^^^^^^^^^^^^^^^^^^ can't find crate
[INFO] [stdout] 
[INFO] [stdout] 
[INFO] [stdout] error: aborting due to previous error
[INFO] [stdout] 
[INFO] [stdout] 
[INFO] [stdout] For more information about this error, try `rustc --explain E0463`.
[INFO] [stdout] 
[INFO] [stderr] error: build failed
[INFO] running `Command { std: "docker" "inspect" "7da6d11abf145d02defa10c40e6ccc598d7ad680e64a280f4dac542d279f6a7b", kill_on_drop: false }`
[INFO] running `Command { std: "docker" "rm" "-f" "7da6d11abf145d02defa10c40e6ccc598d7ad680e64a280f4dac542d279f6a7b", kill_on_drop: false }`
[INFO] [stdout] 7da6d11abf145d02defa10c40e6ccc598d7ad680e64a280f4dac542d279f6a7b
