[INFO] fetching crate pabst 0.1.0...
[INFO] documenting pabst-0.1.0 against beta-2021-08-01 for beta-1.55-rustdoc-1
[INFO] extracting crate pabst 0.1.0 into /workspace/builds/worker-12/source
[INFO] validating manifest of crates.io crate pabst 0.1.0 on toolchain beta-2021-08-01
[INFO] running `Command { std: "/workspace/cargo-home/bin/cargo" "+beta-2021-08-01" "metadata" "--manifest-path" "Cargo.toml" "--no-deps", kill_on_drop: false }`
[INFO] started tweaking crates.io crate pabst 0.1.0
[INFO] finished tweaking crates.io crate pabst 0.1.0
[INFO] tweaked toml for crates.io crate pabst 0.1.0 written to /workspace/builds/worker-12/source/Cargo.toml
[INFO] running `Command { std: "/workspace/cargo-home/bin/cargo" "+beta-2021-08-01" "generate-lockfile" "--manifest-path" "Cargo.toml" "-Zno-index-update", kill_on_drop: false }`
[INFO] running `Command { std: "/workspace/cargo-home/bin/cargo" "+beta-2021-08-01" "fetch" "--manifest-path" "Cargo.toml", kill_on_drop: false }`
[INFO] [stderr]     Blocking waiting for file lock on package cache
[INFO] running `Command { std: "docker" "create" "-v" "/var/lib/crater-agent-workspace/builds/worker-12/target:/opt/rustwide/target:rw,Z" "-v" "/var/lib/crater-agent-workspace/builds/worker-12/source:/opt/rustwide/workdir:ro,Z" "-v" "/var/lib/crater-agent-workspace/cargo-home:/opt/rustwide/cargo-home:ro,Z" "-v" "/var/lib/crater-agent-workspace/rustup-home:/opt/rustwide/rustup-home:ro,Z" "-e" "SOURCE_DIR=/opt/rustwide/workdir" "-e" "CARGO_TARGET_DIR=/opt/rustwide/target" "-e" "CARGO_HOME=/opt/rustwide/cargo-home" "-e" "RUSTUP_HOME=/opt/rustwide/rustup-home" "-w" "/opt/rustwide/workdir" "-m" "1610612736" "--user" "0:0" "--network" "none" "ghcr.io/rust-lang/crates-build-env/linux@sha256:34b6a614d2c27851fe6cbf88fbd1137609cefab8b10d0615aaeb6fd47975d74e" "/opt/rustwide/cargo-home/bin/cargo" "+beta-2021-08-01" "metadata" "--no-deps" "--format-version=1", kill_on_drop: false }`
[INFO] [stdout] d4d19ee29dee5ca11782f288658f3647a60a58aaf22d256f86069f4ccd3affdc
[INFO] [stderr] WARNING: Your kernel does not support swap limit capabilities or the cgroup is not mounted. Memory limited without swap.
[INFO] running `Command { std: "docker" "start" "-a" "d4d19ee29dee5ca11782f288658f3647a60a58aaf22d256f86069f4ccd3affdc", kill_on_drop: false }`
[INFO] running `Command { std: "docker" "inspect" "d4d19ee29dee5ca11782f288658f3647a60a58aaf22d256f86069f4ccd3affdc", kill_on_drop: false }`
[INFO] running `Command { std: "docker" "rm" "-f" "d4d19ee29dee5ca11782f288658f3647a60a58aaf22d256f86069f4ccd3affdc", kill_on_drop: false }`
[INFO] [stdout] d4d19ee29dee5ca11782f288658f3647a60a58aaf22d256f86069f4ccd3affdc
[INFO] running `Command { std: "docker" "create" "-v" "/var/lib/crater-agent-workspace/builds/worker-12/target:/opt/rustwide/target:rw,Z" "-v" "/var/lib/crater-agent-workspace/builds/worker-12/source:/opt/rustwide/workdir:ro,Z" "-v" "/var/lib/crater-agent-workspace/cargo-home:/opt/rustwide/cargo-home:ro,Z" "-v" "/var/lib/crater-agent-workspace/rustup-home:/opt/rustwide/rustup-home:ro,Z" "-e" "SOURCE_DIR=/opt/rustwide/workdir" "-e" "CARGO_TARGET_DIR=/opt/rustwide/target" "-e" "CARGO_INCREMENTAL=0" "-e" "RUST_BACKTRACE=full" "-e" "RUSTDOCFLAGS=--cap-lints=warn" "-e" "CARGO_HOME=/opt/rustwide/cargo-home" "-e" "RUSTUP_HOME=/opt/rustwide/rustup-home" "-w" "/opt/rustwide/workdir" "-m" "1610612736" "--user" "0:0" "--network" "none" "ghcr.io/rust-lang/crates-build-env/linux@sha256:34b6a614d2c27851fe6cbf88fbd1137609cefab8b10d0615aaeb6fd47975d74e" "/opt/rustwide/cargo-home/bin/cargo" "+beta-2021-08-01" "doc" "--frozen" "--no-deps" "--document-private-items" "--message-format=json", kill_on_drop: false }`
[INFO] [stderr] WARNING: Your kernel does not support swap limit capabilities or the cgroup is not mounted. Memory limited without swap.
[INFO] [stdout] 0b5fed0aeafa316b128d1e27ce979f76124da106733b70fdb2b2ebbf13b17a73
[INFO] running `Command { std: "docker" "start" "-a" "0b5fed0aeafa316b128d1e27ce979f76124da106733b70fdb2b2ebbf13b17a73", kill_on_drop: false }`
[INFO] [stderr]     Checking byteorder v0.4.2
[INFO] [stderr]     Checking toml v0.1.30
[INFO] [stderr]     Checking las v0.3.4
[INFO] [stderr]     Checking docopt v0.6.86
[INFO] [stderr]     Checking sdc v0.1.1
[INFO] [stderr]  Documenting pabst v0.1.0 (/opt/rustwide/workdir)
[INFO] [stdout] warning: lint `fat_ptr_transmutes` has been removed: was accidentally removed back in 2014
[INFO] [stdout]  --> src/lib.rs:8:9
[INFO] [stdout]   |
[INFO] [stdout] 8 | #![deny(fat_ptr_transmutes, missing_copy_implementations, missing_debug_implementations, missing_docs, trivial_casts, trivial_numeric_cas...
[INFO] [stdout]   |         ^^^^^^^^^^^^^^^^^^
[INFO] [stdout]   |
[INFO] [stdout]   = note: `#[warn(renamed_and_removed_lints)]` on by default
[INFO] [stdout] 
[INFO] [stdout] 
[INFO] [stdout] error[E0603]: module `point` is private
[INFO] [stdout]    --> src/source/las.rs:57:22
[INFO] [stdout]     |
[INFO] [stdout] 57  |                 las::point::ScanDirection::Forward => ScanDirection::Forward,
[INFO] [stdout]     |                      ^^^^^ private module
[INFO] [stdout]     |
[INFO] [stdout] note: the module `point` is defined here
[INFO] [stdout]    --> /opt/rustwide/cargo-home/registry/src/github.com-1ecc6299db9ec823/las-0.3.4/src/lib.rs:107:1
[INFO] [stdout]     |
[INFO] [stdout] 107 | mod point;
[INFO] [stdout]     | ^^^^^^^^^^
[INFO] [stdout] 
[INFO] [stdout] 
[INFO] [stdout] error[E0603]: module `point` is private
[INFO] [stdout]    --> src/source/las.rs:58:22
[INFO] [stdout]     |
[INFO] [stdout] 58  |                 las::point::ScanDirection::Backward => ScanDirection::Backward,
[INFO] [stdout]     |                      ^^^^^ private module
[INFO] [stdout]     |
[INFO] [stdout] note: the module `point` is defined here
[INFO] [stdout]    --> /opt/rustwide/cargo-home/registry/src/github.com-1ecc6299db9ec823/las-0.3.4/src/lib.rs:107:1
[INFO] [stdout]     |
[INFO] [stdout] 107 | mod point;
[INFO] [stdout]     | ^^^^^^^^^^
[INFO] [stdout] 
[INFO] [stdout] 
[INFO] [stdout] error[E0603]: module `writer` is private
[INFO] [stdout]    --> src/sink/las.rs:13:37
[INFO] [stdout]     |
[INFO] [stdout] 13  | impl<W: Write + Seek> Sink for las::writer::OpenWriter<W> {
[INFO] [stdout]     |                                     ^^^^^^ private module
[INFO] [stdout]     |
[INFO] [stdout] note: the module `writer` is defined here
[INFO] [stdout]    --> /opt/rustwide/cargo-home/registry/src/github.com-1ecc6299db9ec823/las-0.3.4/src/lib.rs:111:1
[INFO] [stdout]     |
[INFO] [stdout] 111 | mod writer;
[INFO] [stdout]     | ^^^^^^^^^^^
[INFO] [stdout] 
[INFO] [stdout] 
[INFO] [stdout] error[E0603]: module `point` is private
[INFO] [stdout]    --> src/sink/las.rs:30:34
[INFO] [stdout]     |
[INFO] [stdout] 30  |         return_number: try!(las::point::ReturnNumber::from_u8(point.return_number.unwrap_or(0) as u8)),
[INFO] [stdout]     |                                  ^^^^^ private module
[INFO] [stdout]     |
[INFO] [stdout] note: the module `point` is defined here
[INFO] [stdout]    --> /opt/rustwide/cargo-home/registry/src/github.com-1ecc6299db9ec823/las-0.3.4/src/lib.rs:107:1
[INFO] [stdout]     |
[INFO] [stdout] 107 | mod point;
[INFO] [stdout]     | ^^^^^^^^^^
[INFO] [stdout] 
[INFO] [stdout] 
[INFO] [stdout] error[E0603]: module `point` is private
[INFO] [stdout]    --> src/sink/las.rs:31:38
[INFO] [stdout]     |
[INFO] [stdout] 31  |         number_of_returns: try!(las::point::NumberOfReturns::from_u8(point.number_of_returns.unwrap_or(0) as u8)),
[INFO] [stdout]     |                                      ^^^^^ private module
[INFO] [stdout]     |
[INFO] [stdout] note: the module `point` is defined here
[INFO] [stdout]    --> /opt/rustwide/cargo-home/registry/src/github.com-1ecc6299db9ec823/las-0.3.4/src/lib.rs:107:1
[INFO] [stdout]     |
[INFO] [stdout] 107 | mod point;
[INFO] [stdout]     | ^^^^^^^^^^
[INFO] [stdout] 
[INFO] [stdout] 
[INFO] [stdout] error[E0603]: module `point` is private
[INFO] [stdout]    --> src/sink/las.rs:33:69
[INFO] [stdout]     |
[INFO] [stdout] 33  |             ScanDirection::Forward | ScanDirection::Unknown => las::point::ScanDirection::Forward,
[INFO] [stdout]     |                                                                     ^^^^^ private module
[INFO] [stdout]     |
[INFO] [stdout] note: the module `point` is defined here
[INFO] [stdout]    --> /opt/rustwide/cargo-home/registry/src/github.com-1ecc6299db9ec823/las-0.3.4/src/lib.rs:107:1
[INFO] [stdout]     |
[INFO] [stdout] 107 | mod point;
[INFO] [stdout]     | ^^^^^^^^^^
[INFO] [stdout] 
[INFO] [stdout] 
[INFO] [stdout] error[E0603]: module `point` is private
[INFO] [stdout]    --> src/sink/las.rs:34:45
[INFO] [stdout]     |
[INFO] [stdout] 34  |             ScanDirection::Backward => las::point::ScanDirection::Backward
[INFO] [stdout]     |                                             ^^^^^ private module
[INFO] [stdout]     |
[INFO] [stdout] note: the module `point` is defined here
[INFO] [stdout]    --> /opt/rustwide/cargo-home/registry/src/github.com-1ecc6299db9ec823/las-0.3.4/src/lib.rs:107:1
[INFO] [stdout]     |
[INFO] [stdout] 107 | mod point;
[INFO] [stdout]     | ^^^^^^^^^^
[INFO] [stdout] 
[INFO] [stdout] 
[INFO] [stdout] error[E0603]: module `point` is private
[INFO] [stdout]    --> src/sink/las.rs:37:35
[INFO] [stdout]     |
[INFO] [stdout] 37  |         classification: try!(las::point::Classification::from_u8(point.classification)),
[INFO] [stdout]     |                                   ^^^^^ private module
[INFO] [stdout]     |
[INFO] [stdout] note: the module `point` is defined here
[INFO] [stdout]    --> /opt/rustwide/cargo-home/registry/src/github.com-1ecc6299db9ec823/las-0.3.4/src/lib.rs:107:1
[INFO] [stdout]     |
[INFO] [stdout] 107 | mod point;
[INFO] [stdout]     | ^^^^^^^^^^
[INFO] [stdout] 
[INFO] [stdout] 
[INFO] [stdout] error: Compilation failed, aborting rustdoc
[INFO] [stdout] 
[INFO] [stdout] 
[INFO] [stdout] error: aborting due to 9 previous errors; 1 warning emitted
[INFO] [stdout] 
[INFO] [stdout] 
[INFO] [stdout] For more information about this error, try `rustc --explain E0603`.
[INFO] [stdout] 
[INFO] [stderr] error: could not document `pabst`
[INFO] [stderr] 
[INFO] [stderr] Caused by:
[INFO] [stderr]   process didn't exit successfully: `rustdoc --crate-type lib --crate-name pabst src/lib.rs -o /opt/rustwide/target/doc --error-format=json --json=diagnostic-rendered-ansi --document-private-items -L dependency=/opt/rustwide/target/debug/deps --extern docopt=/opt/rustwide/target/debug/deps/libdocopt-46671e897371511a.rmeta --extern las=/opt/rustwide/target/debug/deps/liblas-3842e35a7c94f152.rmeta --extern rustc_serialize=/opt/rustwide/target/debug/deps/librustc_serialize-ee311ccec3574ca0.rmeta --extern sdc=/opt/rustwide/target/debug/deps/libsdc-eb353bf745cfde11.rmeta --extern toml=/opt/rustwide/target/debug/deps/libtoml-471afdc19324ccb1.rmeta --cap-lints=warn --crate-version 0.1.0` (exit status: 1)
[INFO] running `Command { std: "docker" "inspect" "0b5fed0aeafa316b128d1e27ce979f76124da106733b70fdb2b2ebbf13b17a73", kill_on_drop: false }`
[INFO] running `Command { std: "docker" "rm" "-f" "0b5fed0aeafa316b128d1e27ce979f76124da106733b70fdb2b2ebbf13b17a73", kill_on_drop: false }`
[INFO] [stdout] 0b5fed0aeafa316b128d1e27ce979f76124da106733b70fdb2b2ebbf13b17a73
