[INFO] fetching crate overloadf_derive 0.1.7...
[INFO] documenting overloadf_derive-0.1.7 against 1.54.0 for beta-1.55-rustdoc-1
[INFO] extracting crate overloadf_derive 0.1.7 into /workspace/builds/worker-3/source
[INFO] validating manifest of crates.io crate overloadf_derive 0.1.7 on toolchain 1.54.0
[INFO] running `Command { std: "/workspace/cargo-home/bin/cargo" "+1.54.0" "metadata" "--manifest-path" "Cargo.toml" "--no-deps", kill_on_drop: false }`
[INFO] started tweaking crates.io crate overloadf_derive 0.1.7
[INFO] finished tweaking crates.io crate overloadf_derive 0.1.7
[INFO] tweaked toml for crates.io crate overloadf_derive 0.1.7 written to /workspace/builds/worker-3/source/Cargo.toml
[INFO] running `Command { std: "/workspace/cargo-home/bin/cargo" "+1.54.0" "generate-lockfile" "--manifest-path" "Cargo.toml" "-Zno-index-update", kill_on_drop: false }`
[INFO] running `Command { std: "/workspace/cargo-home/bin/cargo" "+1.54.0" "fetch" "--manifest-path" "Cargo.toml", kill_on_drop: false }`
[INFO] running `Command { std: "docker" "create" "-v" "/var/lib/crater-agent-workspace/builds/worker-3/target:/opt/rustwide/target:rw,Z" "-v" "/var/lib/crater-agent-workspace/builds/worker-3/source:/opt/rustwide/workdir:ro,Z" "-v" "/var/lib/crater-agent-workspace/cargo-home:/opt/rustwide/cargo-home:ro,Z" "-v" "/var/lib/crater-agent-workspace/rustup-home:/opt/rustwide/rustup-home:ro,Z" "-e" "SOURCE_DIR=/opt/rustwide/workdir" "-e" "CARGO_TARGET_DIR=/opt/rustwide/target" "-e" "CARGO_HOME=/opt/rustwide/cargo-home" "-e" "RUSTUP_HOME=/opt/rustwide/rustup-home" "-w" "/opt/rustwide/workdir" "-m" "1610612736" "--user" "0:0" "--network" "none" "ghcr.io/rust-lang/crates-build-env/linux@sha256:34b6a614d2c27851fe6cbf88fbd1137609cefab8b10d0615aaeb6fd47975d74e" "/opt/rustwide/cargo-home/bin/cargo" "+1.54.0" "metadata" "--no-deps" "--format-version=1", kill_on_drop: false }`
[INFO] [stdout] 4bb597f664ddbcc31e1df4605bf710e01eb764a99f4e55c1c4a57622216d1eec
[INFO] [stderr] WARNING: Your kernel does not support swap limit capabilities or the cgroup is not mounted. Memory limited without swap.
[INFO] running `Command { std: "docker" "start" "-a" "4bb597f664ddbcc31e1df4605bf710e01eb764a99f4e55c1c4a57622216d1eec", kill_on_drop: false }`
[INFO] running `Command { std: "docker" "inspect" "4bb597f664ddbcc31e1df4605bf710e01eb764a99f4e55c1c4a57622216d1eec", kill_on_drop: false }`
[INFO] running `Command { std: "docker" "rm" "-f" "4bb597f664ddbcc31e1df4605bf710e01eb764a99f4e55c1c4a57622216d1eec", kill_on_drop: false }`
[INFO] [stdout] 4bb597f664ddbcc31e1df4605bf710e01eb764a99f4e55c1c4a57622216d1eec
[INFO] running `Command { std: "docker" "create" "-v" "/var/lib/crater-agent-workspace/builds/worker-3/target:/opt/rustwide/target:rw,Z" "-v" "/var/lib/crater-agent-workspace/builds/worker-3/source:/opt/rustwide/workdir:ro,Z" "-v" "/var/lib/crater-agent-workspace/cargo-home:/opt/rustwide/cargo-home:ro,Z" "-v" "/var/lib/crater-agent-workspace/rustup-home:/opt/rustwide/rustup-home:ro,Z" "-e" "SOURCE_DIR=/opt/rustwide/workdir" "-e" "CARGO_TARGET_DIR=/opt/rustwide/target" "-e" "CARGO_INCREMENTAL=0" "-e" "RUST_BACKTRACE=full" "-e" "RUSTDOCFLAGS=--cap-lints=warn" "-e" "CARGO_HOME=/opt/rustwide/cargo-home" "-e" "RUSTUP_HOME=/opt/rustwide/rustup-home" "-w" "/opt/rustwide/workdir" "-m" "1610612736" "--user" "0:0" "--network" "none" "ghcr.io/rust-lang/crates-build-env/linux@sha256:34b6a614d2c27851fe6cbf88fbd1137609cefab8b10d0615aaeb6fd47975d74e" "/opt/rustwide/cargo-home/bin/cargo" "+1.54.0" "doc" "--frozen" "--no-deps" "--document-private-items" "--message-format=json", kill_on_drop: false }`
[INFO] [stdout] 55a3aaf0805694a4ef34bede92359aa60b6df111d2c5f72d08a0570a1df90ca8
[INFO] [stderr] WARNING: Your kernel does not support swap limit capabilities or the cgroup is not mounted. Memory limited without swap.
[INFO] running `Command { std: "docker" "start" "-a" "55a3aaf0805694a4ef34bede92359aa60b6df111d2c5f72d08a0570a1df90ca8", kill_on_drop: false }`
[INFO] [stderr]  Documenting overloadf_derive v0.1.7 (/opt/rustwide/workdir)
[INFO] [stdout] error[E0433]: failed to resolve: could not find `export` in `syn`
[INFO] [stdout]    --> src/lib.rs:172:62
[INFO] [stdout]     |
[INFO] [stdout] 172 | fn get_output(ast: &syn::ReturnType, tp: &syn::Type) -> syn::export::TokenStream2 {
[INFO] [stdout]     |                                                              ^^^^^^ could not find `export` in `syn`
[INFO] [stdout] 
[INFO] [stdout] 
[INFO] [stdout] error[E0433]: failed to resolve: could not find `export` in `syn`
[INFO] [stdout]    --> src/lib.rs:332:11
[INFO] [stdout]     |
[INFO] [stdout] 332 | ) -> syn::export::TokenStream2 {
[INFO] [stdout]     |           ^^^^^^ could not find `export` in `syn`
[INFO] [stdout] 
[INFO] [stdout] 
[INFO] [stdout] error[E0433]: failed to resolve: could not find `export` in `syn`
[INFO] [stdout]    --> src/lib.rs:427:11
[INFO] [stdout]     |
[INFO] [stdout] 427 | ) -> syn::export::TokenStream2 {
[INFO] [stdout]     |           ^^^^^^ could not find `export` in `syn`
[INFO] [stdout] 
[INFO] [stdout] 
[INFO] [stdout] error[E0433]: failed to resolve: could not find `export` in `syn`
[INFO] [stdout]    --> src/lib.rs:541:11
[INFO] [stdout]     |
[INFO] [stdout] 541 | ) -> syn::export::TokenStream2 {
[INFO] [stdout]     |           ^^^^^^ could not find `export` in `syn`
[INFO] [stdout] 
[INFO] [stdout] 
[INFO] [stdout] error[E0554]: `#![feature]` may not be used on the stable release channel
[INFO] [stdout]  --> src/lib.rs:1:1
[INFO] [stdout]   |
[INFO] [stdout] 1 | #![feature(proc_macro_diagnostic, proc_macro_span)]
[INFO] [stdout]   | ^^^^^^^^^^^^^^^^^^^^^^^^^^^^^^^^^^^^^^^^^^^^^^^^^^^
[INFO] [stdout] 
[INFO] [stdout] 
[INFO] [stdout] error: Compilation failed, aborting rustdoc
[INFO] [stdout] 
[INFO] [stdout] 
[INFO] [stdout] error: aborting due to 6 previous errors
[INFO] [stdout] 
[INFO] [stdout] 
[INFO] [stdout] Some errors have detailed explanations: E0433, E0554.
[INFO] [stdout] 
[INFO] [stdout] For more information about an error, try `rustc --explain E0433`.
[INFO] [stdout] 
[INFO] [stderr] error: could not document `overloadf_derive`
[INFO] [stderr] 
[INFO] [stderr] Caused by:
[INFO] [stderr]   process didn't exit successfully: `rustdoc --edition=2018 --crate-type proc-macro --crate-name overloadf_derive src/lib.rs -o /opt/rustwide/target/doc --error-format=json --json=diagnostic-rendered-ansi --document-private-items -L dependency=/opt/rustwide/target/debug/deps --extern lazy_static=/opt/rustwide/target/debug/deps/liblazy_static-acd7d23482fe8b54.rmeta --extern proc_macro2=/opt/rustwide/target/debug/deps/libproc_macro2-664abb91e2bdc317.rmeta --extern quote=/opt/rustwide/target/debug/deps/libquote-dc7cbb122f009b6c.rmeta --extern syn=/opt/rustwide/target/debug/deps/libsyn-63f4f0fb77efda36.rmeta --extern proc_macro --cap-lints=warn --crate-version 0.1.7` (exit status: 1)
[INFO] running `Command { std: "docker" "inspect" "55a3aaf0805694a4ef34bede92359aa60b6df111d2c5f72d08a0570a1df90ca8", kill_on_drop: false }`
[INFO] running `Command { std: "docker" "rm" "-f" "55a3aaf0805694a4ef34bede92359aa60b6df111d2c5f72d08a0570a1df90ca8", kill_on_drop: false }`
[INFO] [stdout] 55a3aaf0805694a4ef34bede92359aa60b6df111d2c5f72d08a0570a1df90ca8
