[INFO] fetching crate onnx-shape-inference 1.1.0...
[INFO] documenting onnx-shape-inference-1.1.0 against 1.54.0 for beta-1.55-rustdoc-1
[INFO] extracting crate onnx-shape-inference 1.1.0 into /workspace/builds/worker-5/source
[INFO] validating manifest of crates.io crate onnx-shape-inference 1.1.0 on toolchain 1.54.0
[INFO] running `Command { std: "/workspace/cargo-home/bin/cargo" "+1.54.0" "metadata" "--manifest-path" "Cargo.toml" "--no-deps", kill_on_drop: false }`
[INFO] started tweaking crates.io crate onnx-shape-inference 1.1.0
[INFO] finished tweaking crates.io crate onnx-shape-inference 1.1.0
[INFO] tweaked toml for crates.io crate onnx-shape-inference 1.1.0 written to /workspace/builds/worker-5/source/Cargo.toml
[INFO] running `Command { std: "/workspace/cargo-home/bin/cargo" "+1.54.0" "generate-lockfile" "--manifest-path" "Cargo.toml" "-Zno-index-update", kill_on_drop: false }`
[INFO] [stderr]     Blocking waiting for file lock on package cache
[INFO] running `Command { std: "/workspace/cargo-home/bin/cargo" "+1.54.0" "fetch" "--manifest-path" "Cargo.toml", kill_on_drop: false }`
[INFO] running `Command { std: "docker" "create" "-v" "/var/lib/crater-agent-workspace/builds/worker-5/target:/opt/rustwide/target:rw,Z" "-v" "/var/lib/crater-agent-workspace/builds/worker-5/source:/opt/rustwide/workdir:ro,Z" "-v" "/var/lib/crater-agent-workspace/cargo-home:/opt/rustwide/cargo-home:ro,Z" "-v" "/var/lib/crater-agent-workspace/rustup-home:/opt/rustwide/rustup-home:ro,Z" "-e" "SOURCE_DIR=/opt/rustwide/workdir" "-e" "CARGO_TARGET_DIR=/opt/rustwide/target" "-e" "CARGO_HOME=/opt/rustwide/cargo-home" "-e" "RUSTUP_HOME=/opt/rustwide/rustup-home" "-w" "/opt/rustwide/workdir" "-m" "1610612736" "--user" "0:0" "--network" "none" "ghcr.io/rust-lang/crates-build-env/linux@sha256:34b6a614d2c27851fe6cbf88fbd1137609cefab8b10d0615aaeb6fd47975d74e" "/opt/rustwide/cargo-home/bin/cargo" "+1.54.0" "metadata" "--no-deps" "--format-version=1", kill_on_drop: false }`
[INFO] [stdout] 3c3e995257f8ad907caca9d81d2dc5941a07eb1c7971a7fb18af548ce82767d1
[INFO] [stderr] WARNING: Your kernel does not support swap limit capabilities or the cgroup is not mounted. Memory limited without swap.
[INFO] running `Command { std: "docker" "start" "-a" "3c3e995257f8ad907caca9d81d2dc5941a07eb1c7971a7fb18af548ce82767d1", kill_on_drop: false }`
[INFO] running `Command { std: "docker" "inspect" "3c3e995257f8ad907caca9d81d2dc5941a07eb1c7971a7fb18af548ce82767d1", kill_on_drop: false }`
[INFO] running `Command { std: "docker" "rm" "-f" "3c3e995257f8ad907caca9d81d2dc5941a07eb1c7971a7fb18af548ce82767d1", kill_on_drop: false }`
[INFO] [stdout] 3c3e995257f8ad907caca9d81d2dc5941a07eb1c7971a7fb18af548ce82767d1
[INFO] running `Command { std: "docker" "create" "-v" "/var/lib/crater-agent-workspace/builds/worker-5/target:/opt/rustwide/target:rw,Z" "-v" "/var/lib/crater-agent-workspace/builds/worker-5/source:/opt/rustwide/workdir:ro,Z" "-v" "/var/lib/crater-agent-workspace/cargo-home:/opt/rustwide/cargo-home:ro,Z" "-v" "/var/lib/crater-agent-workspace/rustup-home:/opt/rustwide/rustup-home:ro,Z" "-e" "SOURCE_DIR=/opt/rustwide/workdir" "-e" "CARGO_TARGET_DIR=/opt/rustwide/target" "-e" "CARGO_INCREMENTAL=0" "-e" "RUST_BACKTRACE=full" "-e" "RUSTDOCFLAGS=--cap-lints=warn" "-e" "CARGO_HOME=/opt/rustwide/cargo-home" "-e" "RUSTUP_HOME=/opt/rustwide/rustup-home" "-w" "/opt/rustwide/workdir" "-m" "1610612736" "--user" "0:0" "--network" "none" "ghcr.io/rust-lang/crates-build-env/linux@sha256:34b6a614d2c27851fe6cbf88fbd1137609cefab8b10d0615aaeb6fd47975d74e" "/opt/rustwide/cargo-home/bin/cargo" "+1.54.0" "doc" "--frozen" "--no-deps" "--document-private-items" "--message-format=json", kill_on_drop: false }`
[INFO] [stdout] 44fe92bd40199af6c8c070569775d4b46bb73987a56cf5421f17f15e60eee257
[INFO] [stderr] WARNING: Your kernel does not support swap limit capabilities or the cgroup is not mounted. Memory limited without swap.
[INFO] running `Command { std: "docker" "start" "-a" "44fe92bd40199af6c8c070569775d4b46bb73987a56cf5421f17f15e60eee257", kill_on_drop: false }`
[INFO] [stderr]    Compiling bytes v0.5.6
[INFO] [stderr]    Compiling itertools v0.8.2
[INFO] [stderr]    Compiling onnx-shape-inference v1.1.0 (/opt/rustwide/workdir)
[INFO] [stderr]    Compiling syn v1.0.74
[INFO] [stderr]    Compiling prost-build v0.6.1
[INFO] [stderr]    Compiling prost-derive v0.6.1
[INFO] [stderr]    Compiling prost v0.6.1
[INFO] [stderr]    Compiling prost-types v0.6.1
[INFO] [stderr]    Compiling onnx-pb v0.1.4
[INFO] [stderr] error: failed to run custom build command for `onnx-shape-inference v1.1.0 (/opt/rustwide/workdir)`
[INFO] [stderr] 
[INFO] [stderr] Caused by:
[INFO] [stderr]   process didn't exit successfully: `/opt/rustwide/target/debug/build/onnx-shape-inference-b1aa58011b3f2f43/build-script-build` (exit status: 101)
[INFO] [stderr]   --- stdout
[INFO] [stderr]   running: "cmake" "/opt/rustwide/workdir/third_party/protobuf/cmake" "-Dprotobuf_WITH_ZLIB=OFF" "-Dprotobuf_MSVC_STATIC_RUNTIME=OFF" "-Dprotobuf_BUILD_TESTS=OFF" "-Dprotobuf_BUILD_EXAMPLES=OFF" "-Dprotobuf_BUILD_PROTOC_BINARIES=ON" "-Dprotobuf_BUILD_SHARED_LIBS=ON" "-DCMAKE_INSTALL_PREFIX=/opt/rustwide/target/debug/build/onnx-shape-inference-6b8a5743ab895996/out/protobuf" "-DCMAKE_C_FLAGS= -ffunction-sections -fdata-sections -fPIC -m64" "-DCMAKE_C_COMPILER=/usr/bin/cc" "-DCMAKE_CXX_FLAGS= -ffunction-sections -fdata-sections -fPIC -m64" "-DCMAKE_CXX_COMPILER=/usr/bin/c++" "-DCMAKE_ASM_FLAGS= -ffunction-sections -fdata-sections -fPIC -m64" "-DCMAKE_ASM_COMPILER=/usr/bin/cc" "-DCMAKE_BUILD_TYPE=Release"
[INFO] [stderr]   -- The C compiler identification is GNU 9.3.0
[INFO] [stderr]   -- The CXX compiler identification is GNU 9.3.0
[INFO] [stderr]   -- Check for working C compiler: /usr/bin/cc
[INFO] [stderr]   -- Check for working C compiler: /usr/bin/cc -- works
[INFO] [stderr]   -- Detecting C compiler ABI info
[INFO] [stderr]   -- Detecting C compiler ABI info - done
[INFO] [stderr]   -- Detecting C compile features
[INFO] [stderr]   -- Detecting C compile features - done
[INFO] [stderr]   -- Check for working CXX compiler: /usr/bin/c++
[INFO] [stderr]   -- Check for working CXX compiler: /usr/bin/c++ -- works
[INFO] [stderr]   -- Detecting CXX compiler ABI info
[INFO] [stderr]   -- Detecting CXX compiler ABI info - done
[INFO] [stderr]   -- Detecting CXX compile features
[INFO] [stderr]   -- Detecting CXX compile features - done
[INFO] [stderr]   -- 
[INFO] [stderr]   -- 3.9.2.0
[INFO] [stderr]   -- Looking for pthread.h
[INFO] [stderr]   -- Looking for pthread.h - found
[INFO] [stderr]   -- Performing Test CMAKE_HAVE_LIBC_PTHREAD
[INFO] [stderr]   -- Performing Test CMAKE_HAVE_LIBC_PTHREAD - Failed
[INFO] [stderr]   -- Looking for pthread_create in pthreads
[INFO] [stderr]   -- Looking for pthread_create in pthreads - not found
[INFO] [stderr]   -- Looking for pthread_create in pthread
[INFO] [stderr]   -- Looking for pthread_create in pthread - found
[INFO] [stderr]   -- Found Threads: TRUE  
[INFO] [stderr]   -- Configuring done
[INFO] [stderr]   -- Generating done
[INFO] [stderr]   -- Build files have been written to: /opt/rustwide/target/debug/build/onnx-shape-inference-6b8a5743ab895996/out/protobuf/build
[INFO] [stderr]   running: "cmake" "--build" "." "--target" "install" "--config" "Release" "--"
[INFO] [stderr]   Scanning dependencies of target libprotobuf-lite
[INFO] [stderr]   [  1%] Building CXX object CMakeFiles/libprotobuf-lite.dir/opt/rustwide/workdir/third_party/protobuf/src/google/protobuf/any_lite.cc.o
[INFO] [stderr]   [  2%] Building CXX object CMakeFiles/libprotobuf-lite.dir/opt/rustwide/workdir/third_party/protobuf/src/google/protobuf/arena.cc.o
[INFO] [stderr]   [  2%] Building CXX object CMakeFiles/libprotobuf-lite.dir/opt/rustwide/workdir/third_party/protobuf/src/google/protobuf/extension_set.cc.o
[INFO] [stderr]   [  3%] Building CXX object CMakeFiles/libprotobuf-lite.dir/opt/rustwide/workdir/third_party/protobuf/src/google/protobuf/generated_enum_util.cc.o
[INFO] [stderr]   [  3%] Building CXX object CMakeFiles/libprotobuf-lite.dir/opt/rustwide/workdir/third_party/protobuf/src/google/protobuf/generated_message_table_driven_lite.cc.o
[INFO] [stderr]   [  4%] Building CXX object CMakeFiles/libprotobuf-lite.dir/opt/rustwide/workdir/third_party/protobuf/src/google/protobuf/generated_message_util.cc.o
[INFO] [stderr]   [  4%] Building CXX object CMakeFiles/libprotobuf-lite.dir/opt/rustwide/workdir/third_party/protobuf/src/google/protobuf/implicit_weak_message.cc.o
[INFO] [stderr]   [  5%] Building CXX object CMakeFiles/libprotobuf-lite.dir/opt/rustwide/workdir/third_party/protobuf/src/google/protobuf/io/coded_stream.cc.o
[INFO] [stderr]   [  6%] Building CXX object CMakeFiles/libprotobuf-lite.dir/opt/rustwide/workdir/third_party/protobuf/src/google/protobuf/io/strtod.cc.o
[INFO] [stderr]   [  6%] Building CXX object CMakeFiles/libprotobuf-lite.dir/opt/rustwide/workdir/third_party/protobuf/src/google/protobuf/io/io_win32.cc.o
[INFO] [stderr]   Scanning dependencies of target libprotobuf
[INFO] [stderr]   [  6%] Building CXX object CMakeFiles/libprotobuf.dir/opt/rustwide/workdir/third_party/protobuf/src/google/protobuf/any_lite.cc.o
[INFO] [stderr]   [  7%] Building CXX object CMakeFiles/libprotobuf-lite.dir/opt/rustwide/workdir/third_party/protobuf/src/google/protobuf/io/zero_copy_stream_impl.cc.o
[INFO] [stderr]   [  8%] Building CXX object CMakeFiles/libprotobuf.dir/opt/rustwide/workdir/third_party/protobuf/src/google/protobuf/arena.cc.o
[INFO] [stderr]   [  8%] Building CXX object CMakeFiles/libprotobuf-lite.dir/opt/rustwide/workdir/third_party/protobuf/src/google/protobuf/io/zero_copy_stream.cc.o
[INFO] [stderr]   [  8%] Building CXX object CMakeFiles/libprotobuf-lite.dir/opt/rustwide/workdir/third_party/protobuf/src/google/protobuf/io/zero_copy_stream_impl_lite.cc.o
[INFO] [stderr]   [  8%] Building CXX object CMakeFiles/libprotobuf.dir/opt/rustwide/workdir/third_party/protobuf/src/google/protobuf/extension_set.cc.o
[INFO] [stderr]   [  9%] Building CXX object CMakeFiles/libprotobuf-lite.dir/opt/rustwide/workdir/third_party/protobuf/src/google/protobuf/message_lite.cc.o
[INFO] [stderr]   [ 10%] Building CXX object CMakeFiles/libprotobuf.dir/opt/rustwide/workdir/third_party/protobuf/src/google/protobuf/generated_enum_util.cc.o
[INFO] [stderr]   [ 11%] Building CXX object CMakeFiles/libprotobuf-lite.dir/opt/rustwide/workdir/third_party/protobuf/src/google/protobuf/repeated_field.cc.o
[INFO] [stderr]   [ 11%] Building CXX object CMakeFiles/libprotobuf-lite.dir/opt/rustwide/workdir/third_party/protobuf/src/google/protobuf/parse_context.cc.o
[INFO] [stderr]   [ 11%] Building CXX object CMakeFiles/libprotobuf-lite.dir/opt/rustwide/workdir/third_party/protobuf/src/google/protobuf/stubs/bytestream.cc.o
[INFO] [stderr]   [ 12%] Building CXX object CMakeFiles/libprotobuf-lite.dir/opt/rustwide/workdir/third_party/protobuf/src/google/protobuf/stubs/common.cc.o
[INFO] [stderr]   [ 12%] Building CXX object CMakeFiles/libprotobuf-lite.dir/opt/rustwide/workdir/third_party/protobuf/src/google/protobuf/stubs/int128.cc.o
[INFO] [stderr]   [ 13%] Building CXX object CMakeFiles/libprotobuf-lite.dir/opt/rustwide/workdir/third_party/protobuf/src/google/protobuf/stubs/status.cc.o
[INFO] [stderr]   [ 13%] Building CXX object CMakeFiles/libprotobuf.dir/opt/rustwide/workdir/third_party/protobuf/src/google/protobuf/generated_message_table_driven_lite.cc.o
[INFO] [stderr]   [ 13%] Building CXX object CMakeFiles/libprotobuf-lite.dir/opt/rustwide/workdir/third_party/protobuf/src/google/protobuf/stubs/statusor.cc.o
[INFO] [stderr]   [ 14%] Building CXX object CMakeFiles/libprotobuf-lite.dir/opt/rustwide/workdir/third_party/protobuf/src/google/protobuf/stubs/stringpiece.cc.o
[INFO] [stderr]   [ 14%] Building CXX object CMakeFiles/libprotobuf-lite.dir/opt/rustwide/workdir/third_party/protobuf/src/google/protobuf/stubs/stringprintf.cc.o
[INFO] [stderr]   [ 15%] Building CXX object CMakeFiles/libprotobuf-lite.dir/opt/rustwide/workdir/third_party/protobuf/src/google/protobuf/stubs/structurally_valid.cc.o
[INFO] [stderr]   [ 15%] Building CXX object CMakeFiles/libprotobuf-lite.dir/opt/rustwide/workdir/third_party/protobuf/src/google/protobuf/stubs/strutil.cc.o
[INFO] [stderr]   [ 16%] Building CXX object CMakeFiles/libprotobuf-lite.dir/opt/rustwide/workdir/third_party/protobuf/src/google/protobuf/stubs/time.cc.o
[INFO] [stderr]   [ 16%] Building CXX object CMakeFiles/libprotobuf-lite.dir/opt/rustwide/workdir/third_party/protobuf/src/google/protobuf/wire_format_lite.cc.o
[INFO] [stderr]   [ 17%] Building CXX object CMakeFiles/libprotobuf.dir/opt/rustwide/workdir/third_party/protobuf/src/google/protobuf/generated_message_util.cc.o
[INFO] [stderr]   [ 17%] Building CXX object CMakeFiles/libprotobuf.dir/opt/rustwide/workdir/third_party/protobuf/src/google/protobuf/implicit_weak_message.cc.o
[INFO] [stderr]   [ 18%] Building CXX object CMakeFiles/libprotobuf.dir/opt/rustwide/workdir/third_party/protobuf/src/google/protobuf/io/coded_stream.cc.o
[INFO] [stderr]   [ 18%] Building CXX object CMakeFiles/libprotobuf.dir/opt/rustwide/workdir/third_party/protobuf/src/google/protobuf/io/io_win32.cc.o
[INFO] [stderr]   [ 19%] Building CXX object CMakeFiles/libprotobuf.dir/opt/rustwide/workdir/third_party/protobuf/src/google/protobuf/io/strtod.cc.o
[INFO] [stderr]   [ 19%] Building CXX object CMakeFiles/libprotobuf.dir/opt/rustwide/workdir/third_party/protobuf/src/google/protobuf/io/zero_copy_stream.cc.o
[INFO] [stderr]   [ 20%] Building CXX object CMakeFiles/libprotobuf.dir/opt/rustwide/workdir/third_party/protobuf/src/google/protobuf/io/zero_copy_stream_impl.cc.o
[INFO] [stderr]   [ 20%] Building CXX object CMakeFiles/libprotobuf.dir/opt/rustwide/workdir/third_party/protobuf/src/google/protobuf/io/zero_copy_stream_impl_lite.cc.o
[INFO] [stderr]   [ 21%] Building CXX object CMakeFiles/libprotobuf.dir/opt/rustwide/workdir/third_party/protobuf/src/google/protobuf/message_lite.cc.o
[INFO] [stderr]   [ 21%] Building CXX object CMakeFiles/libprotobuf.dir/opt/rustwide/workdir/third_party/protobuf/src/google/protobuf/parse_context.cc.o
[INFO] [stderr]   [ 22%] Building CXX object CMakeFiles/libprotobuf.dir/opt/rustwide/workdir/third_party/protobuf/src/google/protobuf/repeated_field.cc.o
[INFO] [stderr]   [ 22%] Building CXX object CMakeFiles/libprotobuf.dir/opt/rustwide/workdir/third_party/protobuf/src/google/protobuf/stubs/bytestream.cc.o
[INFO] [stderr]   [ 23%] Building CXX object CMakeFiles/libprotobuf.dir/opt/rustwide/workdir/third_party/protobuf/src/google/protobuf/stubs/common.cc.o
[INFO] [stderr]   [ 23%] Building CXX object CMakeFiles/libprotobuf.dir/opt/rustwide/workdir/third_party/protobuf/src/google/protobuf/stubs/int128.cc.o
[INFO] [stderr]   [ 24%] Building CXX object CMakeFiles/libprotobuf.dir/opt/rustwide/workdir/third_party/protobuf/src/google/protobuf/stubs/status.cc.o
[INFO] [stderr]   [ 24%] Building CXX object CMakeFiles/libprotobuf.dir/opt/rustwide/workdir/third_party/protobuf/src/google/protobuf/stubs/statusor.cc.o
[INFO] [stderr]   [ 25%] Building CXX object CMakeFiles/libprotobuf.dir/opt/rustwide/workdir/third_party/protobuf/src/google/protobuf/stubs/stringpiece.cc.o
[INFO] [stderr]   [ 25%] Building CXX object CMakeFiles/libprotobuf.dir/opt/rustwide/workdir/third_party/protobuf/src/google/protobuf/stubs/stringprintf.cc.o
[INFO] [stderr]   [ 26%] Building CXX object CMakeFiles/libprotobuf.dir/opt/rustwide/workdir/third_party/protobuf/src/google/protobuf/stubs/structurally_valid.cc.o
[INFO] [stderr]   [ 26%] Building CXX object CMakeFiles/libprotobuf.dir/opt/rustwide/workdir/third_party/protobuf/src/google/protobuf/stubs/strutil.cc.o
[INFO] [stderr]   [ 27%] Building CXX object CMakeFiles/libprotobuf.dir/opt/rustwide/workdir/third_party/protobuf/src/google/protobuf/stubs/time.cc.o
[INFO] [stderr]   [ 27%] Building CXX object CMakeFiles/libprotobuf.dir/opt/rustwide/workdir/third_party/protobuf/src/google/protobuf/wire_format_lite.cc.o
[INFO] [stderr]   [ 28%] Building CXX object CMakeFiles/libprotobuf.dir/opt/rustwide/workdir/third_party/protobuf/src/google/protobuf/any.cc.o
[INFO] [stderr]   [ 29%] Building CXX object CMakeFiles/libprotobuf.dir/opt/rustwide/workdir/third_party/protobuf/src/google/protobuf/any.pb.cc.o
[INFO] [stderr]   [ 29%] Building CXX object CMakeFiles/libprotobuf.dir/opt/rustwide/workdir/third_party/protobuf/src/google/protobuf/api.pb.cc.o
[INFO] [stderr]   [ 30%] Building CXX object CMakeFiles/libprotobuf.dir/opt/rustwide/workdir/third_party/protobuf/src/google/protobuf/compiler/importer.cc.o
[INFO] [stderr]   [ 31%] Building CXX object CMakeFiles/libprotobuf.dir/opt/rustwide/workdir/third_party/protobuf/src/google/protobuf/descriptor.cc.o
[INFO] [stderr]   [ 31%] Building CXX object CMakeFiles/libprotobuf.dir/opt/rustwide/workdir/third_party/protobuf/src/google/protobuf/compiler/parser.cc.o
[INFO] [stderr]   [ 31%] Building CXX object CMakeFiles/libprotobuf.dir/opt/rustwide/workdir/third_party/protobuf/src/google/protobuf/descriptor.pb.cc.o
[INFO] [stderr]   [ 32%] Building CXX object CMakeFiles/libprotobuf.dir/opt/rustwide/workdir/third_party/protobuf/src/google/protobuf/descriptor_database.cc.o
[INFO] [stderr]   [ 32%] Building CXX object CMakeFiles/libprotobuf.dir/opt/rustwide/workdir/third_party/protobuf/src/google/protobuf/duration.pb.cc.o
[INFO] [stderr]   [ 33%] Building CXX object CMakeFiles/libprotobuf.dir/opt/rustwide/workdir/third_party/protobuf/src/google/protobuf/dynamic_message.cc.o
[INFO] [stderr]   [ 33%] Building CXX object CMakeFiles/libprotobuf.dir/opt/rustwide/workdir/third_party/protobuf/src/google/protobuf/empty.pb.cc.o
[INFO] [stderr]   [ 34%] Building CXX object CMakeFiles/libprotobuf.dir/opt/rustwide/workdir/third_party/protobuf/src/google/protobuf/extension_set_heavy.cc.o
[INFO] [stderr]   [ 34%] Building CXX object CMakeFiles/libprotobuf.dir/opt/rustwide/workdir/third_party/protobuf/src/google/protobuf/field_mask.pb.cc.o
[INFO] [stderr]   [ 35%] Building CXX object CMakeFiles/libprotobuf.dir/opt/rustwide/workdir/third_party/protobuf/src/google/protobuf/generated_message_reflection.cc.o
[INFO] [stderr]   [ 36%] Linking CXX shared library libprotobuf-lite.so
[INFO] [stderr]   [ 36%] Building CXX object CMakeFiles/libprotobuf.dir/opt/rustwide/workdir/third_party/protobuf/src/google/protobuf/generated_message_table_driven.cc.o
[INFO] [stderr]   [ 36%] Built target libprotobuf-lite
[INFO] [stderr]   [ 37%] Building CXX object CMakeFiles/libprotobuf.dir/opt/rustwide/workdir/third_party/protobuf/src/google/protobuf/io/gzip_stream.cc.o
[INFO] [stderr]   [ 37%] Building CXX object CMakeFiles/libprotobuf.dir/opt/rustwide/workdir/third_party/protobuf/src/google/protobuf/io/printer.cc.o
[INFO] [stderr] 
[INFO] [stderr]   --- stderr
[INFO] [stderr]   CMake Warning:
[INFO] [stderr]     Manually-specified variables were not used by the project:
[INFO] [stderr] 
[INFO] [stderr]       CMAKE_ASM_COMPILER
[INFO] [stderr]       CMAKE_ASM_FLAGS
[INFO] [stderr] 
[INFO] [stderr] 
[INFO] [stderr]   c++: fatal error: Killed signal terminated program cc1plus
[INFO] [stderr]   compilation terminated.
[INFO] [stderr]   make[2]: *** [CMakeFiles/libprotobuf.dir/build.make:466: CMakeFiles/libprotobuf.dir/opt/rustwide/workdir/third_party/protobuf/src/google/protobuf/compiler/parser.cc.o] Error 1
[INFO] [stderr]   make[2]: *** Waiting for unfinished jobs....
[INFO] [stderr]   c++: fatal error: Killed signal terminated program cc1plus
[INFO] [stderr]   compilation terminated.
[INFO] [stderr]   make[2]: *** [CMakeFiles/libprotobuf.dir/build.make:115: CMakeFiles/libprotobuf.dir/opt/rustwide/workdir/third_party/protobuf/src/google/protobuf/generated_message_table_driven_lite.cc.o] Error 1
[INFO] [stderr]   c++: fatal error: Killed signal terminated program cc1plus
[INFO] [stderr]   compilation terminated.
[INFO] [stderr]   make[2]: *** [CMakeFiles/libprotobuf.dir/build.make:479: CMakeFiles/libprotobuf.dir/opt/rustwide/workdir/third_party/protobuf/src/google/protobuf/descriptor.cc.o] Error 1
[INFO] [stderr]   make[1]: *** [CMakeFiles/Makefile2:110: CMakeFiles/libprotobuf.dir/all] Error 2
[INFO] [stderr]   make: *** [Makefile:130: all] Error 2
[INFO] [stderr]   thread 'main' panicked at '
[INFO] [stderr]   command did not execute successfully, got: exit status: 2
[INFO] [stderr] 
[INFO] [stderr]   build script failed, must exit now', /opt/rustwide/cargo-home/registry/src/github.com-1ecc6299db9ec823/cmake-0.1.45/src/lib.rs:894:5
[INFO] [stderr]   stack backtrace:
[INFO] [stderr]      0:     0x563a39c905c0 - std::backtrace_rs::backtrace::libunwind::trace::h34055254b57d8e79
[INFO] [stderr]                                  at /rustc/a178d0322ce20e33eac124758e837cbd80a6f633/library/std/src/../../backtrace/src/backtrace/libunwind.rs:90:5
[INFO] [stderr]      1:     0x563a39c905c0 - std::backtrace_rs::backtrace::trace_unsynchronized::h8f1e3fbd9afff6ec
[INFO] [stderr]                                  at /rustc/a178d0322ce20e33eac124758e837cbd80a6f633/library/std/src/../../backtrace/src/backtrace/mod.rs:66:5
[INFO] [stderr]      2:     0x563a39c905c0 - std::sys_common::backtrace::_print_fmt::h3a99a796b770c360
[INFO] [stderr]                                  at /rustc/a178d0322ce20e33eac124758e837cbd80a6f633/library/std/src/sys_common/backtrace.rs:67:5
[INFO] [stderr]      3:     0x563a39c905c0 - <std::sys_common::backtrace::_print::DisplayBacktrace as core::fmt::Display>::fmt::h32d1f94a80615d18
[INFO] [stderr]                                  at /rustc/a178d0322ce20e33eac124758e837cbd80a6f633/library/std/src/sys_common/backtrace.rs:46:22
[INFO] [stderr]      4:     0x563a39cb05ec - core::fmt::write::h306731c068f7162c
[INFO] [stderr]                                  at /rustc/a178d0322ce20e33eac124758e837cbd80a6f633/library/core/src/fmt/mod.rs:1110:17
[INFO] [stderr]      5:     0x563a39c8d3b5 - std::io::Write::write_fmt::hd2fa90334eee2a21
[INFO] [stderr]                                  at /rustc/a178d0322ce20e33eac124758e837cbd80a6f633/library/std/src/io/mod.rs:1588:15
[INFO] [stderr]      6:     0x563a39c92d2b - std::sys_common::backtrace::_print::h5abaa2601a852287
[INFO] [stderr]                                  at /rustc/a178d0322ce20e33eac124758e837cbd80a6f633/library/std/src/sys_common/backtrace.rs:49:5
[INFO] [stderr]      7:     0x563a39c92d2b - std::sys_common::backtrace::print::h8d81445442bb638f
[INFO] [stderr]                                  at /rustc/a178d0322ce20e33eac124758e837cbd80a6f633/library/std/src/sys_common/backtrace.rs:36:9
[INFO] [stderr]      8:     0x563a39c92d2b - std::panicking::default_hook::{{closure}}::hcfe804496a9fa747
[INFO] [stderr]                                  at /rustc/a178d0322ce20e33eac124758e837cbd80a6f633/library/std/src/panicking.rs:208:50
[INFO] [stderr]      9:     0x563a39c92801 - std::panicking::default_hook::hbea8e3ccf2ba8901
[INFO] [stderr]                                  at /rustc/a178d0322ce20e33eac124758e837cbd80a6f633/library/std/src/panicking.rs:225:9
[INFO] [stderr]     10:     0x563a39c933f4 - std::panicking::rust_panic_with_hook::h7ee9e1a2d0f8975a
[INFO] [stderr]                                  at /rustc/a178d0322ce20e33eac124758e837cbd80a6f633/library/std/src/panicking.rs:622:17
[INFO] [stderr]     11:     0x563a39c92ed7 - std::panicking::begin_panic_handler::{{closure}}::h8ab3b4491718b2c7
[INFO] [stderr]                                  at /rustc/a178d0322ce20e33eac124758e837cbd80a6f633/library/std/src/panicking.rs:519:13
[INFO] [stderr]     12:     0x563a39c90abc - std::sys_common::backtrace::__rust_end_short_backtrace::hd489062ffa586a9f
[INFO] [stderr]                                  at /rustc/a178d0322ce20e33eac124758e837cbd80a6f633/library/std/src/sys_common/backtrace.rs:141:18
[INFO] [stderr]     13:     0x563a39c92e39 - rust_begin_unwind
[INFO] [stderr]                                  at /rustc/a178d0322ce20e33eac124758e837cbd80a6f633/library/std/src/panicking.rs:515:5
[INFO] [stderr]     14:     0x563a39c0bbeb - std::panicking::begin_panic_fmt::h5479575e112541f8
[INFO] [stderr]                                  at /rustc/a178d0322ce20e33eac124758e837cbd80a6f633/library/std/src/panicking.rs:457:5
[INFO] [stderr]     15:     0x563a39c1a4b3 - cmake::fail::ha1cc8d11909fbc7e
[INFO] [stderr]                                  at /opt/rustwide/cargo-home/registry/src/github.com-1ecc6299db9ec823/cmake-0.1.45/src/lib.rs:894:5
[INFO] [stderr]     16:     0x563a39c19ec1 - cmake::run::hdc59bf284b822c8e
[INFO] [stderr]                                  at /opt/rustwide/cargo-home/registry/src/github.com-1ecc6299db9ec823/cmake-0.1.45/src/lib.rs:872:9
[INFO] [stderr]     17:     0x563a39c178f1 - cmake::Config::build::hf6738867fda55e0d
[INFO] [stderr]                                  at /opt/rustwide/cargo-home/registry/src/github.com-1ecc6299db9ec823/cmake-0.1.45/src/lib.rs:778:9
[INFO] [stderr]     18:     0x563a39c0d82c - build_script_build::main::h1f3b25ab660f7917
[INFO] [stderr]                                  at /opt/rustwide/workdir/build.rs:13:9
[INFO] [stderr]     19:     0x563a39c0f2bb - core::ops::function::FnOnce::call_once::h5e3ca4c5722ea0e1
[INFO] [stderr]                                  at /rustc/a178d0322ce20e33eac124758e837cbd80a6f633/library/core/src/ops/function.rs:227:5
[INFO] [stderr]     20:     0x563a39c0fc3e - std::sys_common::backtrace::__rust_begin_short_backtrace::h4c115fbbdd2bbc9c
[INFO] [stderr]                                  at /rustc/a178d0322ce20e33eac124758e837cbd80a6f633/library/std/src/sys_common/backtrace.rs:125:18
[INFO] [stderr]     21:     0x563a39c0f1e1 - std::rt::lang_start::{{closure}}::h42cd0a713c4f7f92
[INFO] [stderr]                                  at /rustc/a178d0322ce20e33eac124758e837cbd80a6f633/library/std/src/rt.rs:49:18
[INFO] [stderr]     22:     0x563a39c938f9 - core::ops::function::impls::<impl core::ops::function::FnOnce<A> for &F>::call_once::h2aabc384aab89b7b
[INFO] [stderr]                                  at /rustc/a178d0322ce20e33eac124758e837cbd80a6f633/library/core/src/ops/function.rs:259:13
[INFO] [stderr]     23:     0x563a39c938f9 - std::panicking::try::do_call::hc5fcacb7a85fc7b1
[INFO] [stderr]                                  at /rustc/a178d0322ce20e33eac124758e837cbd80a6f633/library/std/src/panicking.rs:401:40
[INFO] [stderr]     24:     0x563a39c938f9 - std::panicking::try::hb5d9603af3abbe3a
[INFO] [stderr]                                  at /rustc/a178d0322ce20e33eac124758e837cbd80a6f633/library/std/src/panicking.rs:365:19
[INFO] [stderr]     25:     0x563a39c938f9 - std::panic::catch_unwind::h98fe6ac3925e64b4
[INFO] [stderr]                                  at /rustc/a178d0322ce20e33eac124758e837cbd80a6f633/library/std/src/panic.rs:434:14
[INFO] [stderr]     26:     0x563a39c938f9 - std::rt::lang_start_internal::h22ac7383c516f93e
[INFO] [stderr]                                  at /rustc/a178d0322ce20e33eac124758e837cbd80a6f633/library/std/src/rt.rs:34:21
[INFO] [stderr]     27:     0x563a39c0f1c0 - std::rt::lang_start::hcdaaa942653e5f50
[INFO] [stderr]                                  at /rustc/a178d0322ce20e33eac124758e837cbd80a6f633/library/std/src/rt.rs:48:5
[INFO] [stderr]     28:     0x563a39c0ed7c - main
[INFO] [stderr]     29:     0x7ff4cdd710b3 - __libc_start_main
[INFO] [stderr]     30:     0x563a39c0ca8e - _start
[INFO] [stderr]     31:                0x0 - <unknown>
[INFO] [stderr] warning: build failed, waiting for other jobs to finish...
[INFO] [stderr] error: build failed
[INFO] running `Command { std: "docker" "inspect" "44fe92bd40199af6c8c070569775d4b46bb73987a56cf5421f17f15e60eee257", kill_on_drop: false }`
[INFO] running `Command { std: "docker" "rm" "-f" "44fe92bd40199af6c8c070569775d4b46bb73987a56cf5421f17f15e60eee257", kill_on_drop: false }`
[INFO] [stdout] 44fe92bd40199af6c8c070569775d4b46bb73987a56cf5421f17f15e60eee257
