[INFO] fetching crate nrf-smartled 0.3.0...
[INFO] documenting nrf-smartled-0.3.0 against beta-2021-08-01 for beta-1.55-rustdoc-1
[INFO] extracting crate nrf-smartled 0.3.0 into /workspace/builds/worker-111/source
[INFO] validating manifest of crates.io crate nrf-smartled 0.3.0 on toolchain beta-2021-08-01
[INFO] running `Command { std: "/workspace/cargo-home/bin/cargo" "+beta-2021-08-01" "metadata" "--manifest-path" "Cargo.toml" "--no-deps", kill_on_drop: false }`
[INFO] started tweaking crates.io crate nrf-smartled 0.3.0
[INFO] finished tweaking crates.io crate nrf-smartled 0.3.0
[INFO] tweaked toml for crates.io crate nrf-smartled 0.3.0 written to /workspace/builds/worker-111/source/Cargo.toml
[INFO] running `Command { std: "/workspace/cargo-home/bin/cargo" "+beta-2021-08-01" "generate-lockfile" "--manifest-path" "Cargo.toml" "-Zno-index-update", kill_on_drop: false }`
[INFO] [stderr]     Blocking waiting for file lock on package cache
[INFO] running `Command { std: "/workspace/cargo-home/bin/cargo" "+beta-2021-08-01" "fetch" "--manifest-path" "Cargo.toml", kill_on_drop: false }`
[INFO] [stderr]     Blocking waiting for file lock on package cache
[INFO] [stderr]     Blocking waiting for file lock on package cache
[INFO] [stderr]  Downloading crates ...
[INFO] [stderr]   Downloaded smart-leds-trait v0.2.1
[INFO] [stderr]   Downloaded nrf52810-hal v0.12.2
[INFO] [stderr]   Downloaded nrf52832-hal v0.12.2
[INFO] [stderr]   Downloaded nrf52840-hal v0.12.2
[INFO] running `Command { std: "docker" "create" "-v" "/var/lib/crater-agent-workspace/builds/worker-111/target:/opt/rustwide/target:rw,Z" "-v" "/var/lib/crater-agent-workspace/builds/worker-111/source:/opt/rustwide/workdir:ro,Z" "-v" "/var/lib/crater-agent-workspace/cargo-home:/opt/rustwide/cargo-home:ro,Z" "-v" "/var/lib/crater-agent-workspace/rustup-home:/opt/rustwide/rustup-home:ro,Z" "-e" "SOURCE_DIR=/opt/rustwide/workdir" "-e" "CARGO_TARGET_DIR=/opt/rustwide/target" "-e" "CARGO_HOME=/opt/rustwide/cargo-home" "-e" "RUSTUP_HOME=/opt/rustwide/rustup-home" "-w" "/opt/rustwide/workdir" "-m" "1610612736" "--user" "0:0" "--network" "none" "ghcr.io/rust-lang/crates-build-env/linux@sha256:34b6a614d2c27851fe6cbf88fbd1137609cefab8b10d0615aaeb6fd47975d74e" "/opt/rustwide/cargo-home/bin/cargo" "+beta-2021-08-01" "metadata" "--no-deps" "--format-version=1", kill_on_drop: false }`
[INFO] [stdout] 007d4c8201e9e7afa2e95682cdcd96534676a1c00d20ffd2db3b03ebb8c6e0f1
[INFO] running `Command { std: "docker" "start" "-a" "007d4c8201e9e7afa2e95682cdcd96534676a1c00d20ffd2db3b03ebb8c6e0f1", kill_on_drop: false }`
[INFO] running `Command { std: "docker" "inspect" "007d4c8201e9e7afa2e95682cdcd96534676a1c00d20ffd2db3b03ebb8c6e0f1", kill_on_drop: false }`
[INFO] running `Command { std: "docker" "rm" "-f" "007d4c8201e9e7afa2e95682cdcd96534676a1c00d20ffd2db3b03ebb8c6e0f1", kill_on_drop: false }`
[INFO] [stdout] 007d4c8201e9e7afa2e95682cdcd96534676a1c00d20ffd2db3b03ebb8c6e0f1
[INFO] running `Command { std: "docker" "create" "-v" "/var/lib/crater-agent-workspace/builds/worker-111/target:/opt/rustwide/target:rw,Z" "-v" "/var/lib/crater-agent-workspace/builds/worker-111/source:/opt/rustwide/workdir:ro,Z" "-v" "/var/lib/crater-agent-workspace/cargo-home:/opt/rustwide/cargo-home:ro,Z" "-v" "/var/lib/crater-agent-workspace/rustup-home:/opt/rustwide/rustup-home:ro,Z" "-e" "SOURCE_DIR=/opt/rustwide/workdir" "-e" "CARGO_TARGET_DIR=/opt/rustwide/target" "-e" "CARGO_INCREMENTAL=0" "-e" "RUST_BACKTRACE=full" "-e" "RUSTDOCFLAGS=--cap-lints=warn" "-e" "CARGO_HOME=/opt/rustwide/cargo-home" "-e" "RUSTUP_HOME=/opt/rustwide/rustup-home" "-w" "/opt/rustwide/workdir" "-m" "1610612736" "--user" "0:0" "--network" "none" "ghcr.io/rust-lang/crates-build-env/linux@sha256:34b6a614d2c27851fe6cbf88fbd1137609cefab8b10d0615aaeb6fd47975d74e" "/opt/rustwide/cargo-home/bin/cargo" "+beta-2021-08-01" "doc" "--frozen" "--no-deps" "--document-private-items" "--message-format=json", kill_on_drop: false }`
[INFO] [stdout] 5e09820fbc87f64370788a39bd59fd285e67b0a34a0a0f1281eb2ea50d0ea83e
[INFO] running `Command { std: "docker" "start" "-a" "5e09820fbc87f64370788a39bd59fd285e67b0a34a0a0f1281eb2ea50d0ea83e", kill_on_drop: false }`
[INFO] [stderr]     Checking bytemuck v1.7.2
[INFO] [stderr]     Checking rgb v0.8.27
[INFO] [stderr]     Checking smart-leds-trait v0.2.1
[INFO] [stderr]  Documenting nrf-smartled v0.3.0 (/opt/rustwide/workdir)
[INFO] [stdout] error[E0433]: failed to resolve: could not find `hal` in the crate root
[INFO] [stdout]  --> src/pwm.rs:6:12
[INFO] [stdout]   |
[INFO] [stdout] 6 | use crate::hal::{
[INFO] [stdout]   |            ^^^ could not find `hal` in the crate root
[INFO] [stdout] 
[INFO] [stdout] 
[INFO] [stdout] error[E0432]: unresolved import `crate::hal`
[INFO] [stdout]  --> src/pwm.rs:4:5
[INFO] [stdout]   |
[INFO] [stdout] 4 | use crate::hal;
[INFO] [stdout]   |     ^^^^^^^^^^ no `hal` in the root
[INFO] [stdout] 
[INFO] [stdout] 
[INFO] [stdout] error[E0432]: unresolved import `crate::hal`
[INFO] [stdout]  --> src/pwm.rs:6:12
[INFO] [stdout]   |
[INFO] [stdout] 6 | use crate::hal::{
[INFO] [stdout]   |            ^^^ could not find `hal` in the crate root
[INFO] [stdout] 
[INFO] [stdout] 
[INFO] [stdout] error[E0433]: failed to resolve: could not find `hal` in the crate root
[INFO] [stdout]    --> src/pwm.rs:354:47
[INFO] [stdout]     |
[INFO] [stdout] 354 |     pub trait Instance: Deref<Target = crate::hal::pac::pwm0::RegisterBlock> {}
[INFO] [stdout]     |                                               ^^^ could not find `hal` in the crate root
[INFO] [stdout] 
[INFO] [stdout] 
[INFO] [stdout] error[E0412]: cannot find type `Pin` in this scope
[INFO] [stdout]   --> src/pwm.rs:57:12
[INFO] [stdout]    |
[INFO] [stdout] 57 |     _gpio: Pin<Output<PushPull>>,
[INFO] [stdout]    |            ^^^ not found in this scope
[INFO] [stdout]    |
[INFO] [stdout] help: consider importing this struct
[INFO] [stdout]    |
[INFO] [stdout] 4  | use core::pin::Pin;
[INFO] [stdout]    |
[INFO] [stdout] 
[INFO] [stdout] 
[INFO] [stdout] error[E0412]: cannot find type `Output` in this scope
[INFO] [stdout]   --> src/pwm.rs:57:16
[INFO] [stdout]    |
[INFO] [stdout] 57 |     _gpio: Pin<Output<PushPull>>,
[INFO] [stdout]    |                ^^^^^^ not found in this scope
[INFO] [stdout] 
[INFO] [stdout] 
[INFO] [stdout] error[E0412]: cannot find type `PushPull` in this scope
[INFO] [stdout]   --> src/pwm.rs:57:23
[INFO] [stdout]    |
[INFO] [stdout] 55 | pub struct Pwm<T: sealed::Instance> {
[INFO] [stdout]    |                                   - help: you might be missing a type parameter: `, PushPull`
[INFO] [stdout] 56 |     pwm: T,
[INFO] [stdout] 57 |     _gpio: Pin<Output<PushPull>>,
[INFO] [stdout]    |                       ^^^^^^^^ not found in this scope
[INFO] [stdout] 
[INFO] [stdout] 
[INFO] [stdout] error[E0412]: cannot find type `Pin` in this scope
[INFO] [stdout]   --> src/pwm.rs:65:35
[INFO] [stdout]    |
[INFO] [stdout] 65 |     pub fn new<Mode>(pwm: T, pin: Pin<Mode>) -> Pwm<T> {
[INFO] [stdout]    |                                   ^^^ not found in this scope
[INFO] [stdout]    |
[INFO] [stdout] help: consider importing this struct
[INFO] [stdout]    |
[INFO] [stdout] 4  | use core::pin::Pin;
[INFO] [stdout]    |
[INFO] [stdout] 
[INFO] [stdout] 
[INFO] [stdout] error: Compilation failed, aborting rustdoc
[INFO] [stdout] 
[INFO] [stdout] 
[INFO] [stderr] error: could not document `nrf-smartled`
[INFO] [stdout] error: aborting due to 9 previous errors
[INFO] [stdout] 
[INFO] [stdout] 
[INFO] [stderr] 
[INFO] [stdout] Some errors have detailed explanations: E0412, E0432, E0433.
[INFO] [stdout] 
[INFO] [stderr] Caused by:
[INFO] [stdout] For more information about an error, try `rustc --explain E0412`.
[INFO] [stdout] 
[INFO] [stderr]   process didn't exit successfully: `rustdoc --edition=2018 --crate-type lib --crate-name nrf_smartled src/lib.rs -o /opt/rustwide/target/doc --error-format=json --json=diagnostic-rendered-ansi --document-private-items -L dependency=/opt/rustwide/target/debug/deps --extern smart_leds_trait=/opt/rustwide/target/debug/deps/libsmart_leds_trait-5c6925695057574e.rmeta --cap-lints=warn --crate-version 0.3.0` (exit status: 1)
[INFO] running `Command { std: "docker" "inspect" "5e09820fbc87f64370788a39bd59fd285e67b0a34a0a0f1281eb2ea50d0ea83e", kill_on_drop: false }`
[INFO] running `Command { std: "docker" "rm" "-f" "5e09820fbc87f64370788a39bd59fd285e67b0a34a0a0f1281eb2ea50d0ea83e", kill_on_drop: false }`
[INFO] [stdout] 5e09820fbc87f64370788a39bd59fd285e67b0a34a0a0f1281eb2ea50d0ea83e
