[INFO] fetching crate nrf-hal-common 0.12.2...
[INFO] documenting nrf-hal-common-0.12.2 against 1.54.0 for beta-1.55-rustdoc-1
[INFO] extracting crate nrf-hal-common 0.12.2 into /workspace/builds/worker-30/source
[INFO] validating manifest of crates.io crate nrf-hal-common 0.12.2 on toolchain 1.54.0
[INFO] running `Command { std: "/workspace/cargo-home/bin/cargo" "+1.54.0" "metadata" "--manifest-path" "Cargo.toml" "--no-deps", kill_on_drop: false }`
[INFO] started tweaking crates.io crate nrf-hal-common 0.12.2
[INFO] finished tweaking crates.io crate nrf-hal-common 0.12.2
[INFO] tweaked toml for crates.io crate nrf-hal-common 0.12.2 written to /workspace/builds/worker-30/source/Cargo.toml
[INFO] running `Command { std: "/workspace/cargo-home/bin/cargo" "+1.54.0" "generate-lockfile" "--manifest-path" "Cargo.toml" "-Zno-index-update", kill_on_drop: false }`
[INFO] [stderr]     Blocking waiting for file lock on package cache
[INFO] running `Command { std: "/workspace/cargo-home/bin/cargo" "+1.54.0" "fetch" "--manifest-path" "Cargo.toml", kill_on_drop: false }`
[INFO] [stderr]     Blocking waiting for file lock on package cache
[INFO] [stderr]     Blocking waiting for file lock on package cache
[INFO] running `Command { std: "docker" "create" "-v" "/var/lib/crater-agent-workspace/builds/worker-30/target:/opt/rustwide/target:rw,Z" "-v" "/var/lib/crater-agent-workspace/builds/worker-30/source:/opt/rustwide/workdir:ro,Z" "-v" "/var/lib/crater-agent-workspace/cargo-home:/opt/rustwide/cargo-home:ro,Z" "-v" "/var/lib/crater-agent-workspace/rustup-home:/opt/rustwide/rustup-home:ro,Z" "-e" "SOURCE_DIR=/opt/rustwide/workdir" "-e" "CARGO_TARGET_DIR=/opt/rustwide/target" "-e" "CARGO_HOME=/opt/rustwide/cargo-home" "-e" "RUSTUP_HOME=/opt/rustwide/rustup-home" "-w" "/opt/rustwide/workdir" "-m" "1610612736" "--user" "0:0" "--network" "none" "ghcr.io/rust-lang/crates-build-env/linux@sha256:34b6a614d2c27851fe6cbf88fbd1137609cefab8b10d0615aaeb6fd47975d74e" "/opt/rustwide/cargo-home/bin/cargo" "+1.54.0" "metadata" "--no-deps" "--format-version=1", kill_on_drop: false }`
[INFO] [stdout] 0b82b9c5ccff8df8e39acdfa158399fe5536829aa3d5f93f4838ec4861f65e9a
[INFO] running `Command { std: "docker" "start" "-a" "0b82b9c5ccff8df8e39acdfa158399fe5536829aa3d5f93f4838ec4861f65e9a", kill_on_drop: false }`
[INFO] running `Command { std: "docker" "inspect" "0b82b9c5ccff8df8e39acdfa158399fe5536829aa3d5f93f4838ec4861f65e9a", kill_on_drop: false }`
[INFO] running `Command { std: "docker" "rm" "-f" "0b82b9c5ccff8df8e39acdfa158399fe5536829aa3d5f93f4838ec4861f65e9a", kill_on_drop: false }`
[INFO] [stdout] 0b82b9c5ccff8df8e39acdfa158399fe5536829aa3d5f93f4838ec4861f65e9a
[INFO] running `Command { std: "docker" "create" "-v" "/var/lib/crater-agent-workspace/builds/worker-30/target:/opt/rustwide/target:rw,Z" "-v" "/var/lib/crater-agent-workspace/builds/worker-30/source:/opt/rustwide/workdir:ro,Z" "-v" "/var/lib/crater-agent-workspace/cargo-home:/opt/rustwide/cargo-home:ro,Z" "-v" "/var/lib/crater-agent-workspace/rustup-home:/opt/rustwide/rustup-home:ro,Z" "-e" "SOURCE_DIR=/opt/rustwide/workdir" "-e" "CARGO_TARGET_DIR=/opt/rustwide/target" "-e" "CARGO_INCREMENTAL=0" "-e" "RUST_BACKTRACE=full" "-e" "RUSTDOCFLAGS=--cap-lints=warn" "-e" "CARGO_HOME=/opt/rustwide/cargo-home" "-e" "RUSTUP_HOME=/opt/rustwide/rustup-home" "-w" "/opt/rustwide/workdir" "-m" "1610612736" "--user" "0:0" "--network" "none" "ghcr.io/rust-lang/crates-build-env/linux@sha256:34b6a614d2c27851fe6cbf88fbd1137609cefab8b10d0615aaeb6fd47975d74e" "/opt/rustwide/cargo-home/bin/cargo" "+1.54.0" "doc" "--frozen" "--no-deps" "--document-private-items" "--message-format=json", kill_on_drop: false }`
[INFO] [stdout] f70516280a0440a90d76dce887b9715ac2f5a714b1130040a9c721cc206c1813
[INFO] running `Command { std: "docker" "start" "-a" "f70516280a0440a90d76dce887b9715ac2f5a714b1130040a9c721cc206c1813", kill_on_drop: false }`
[INFO] [stderr]    Compiling typenum v1.13.0
[INFO] [stderr]    Compiling semver-parser v0.7.0
[INFO] [stderr]    Compiling semver v1.0.4
[INFO] [stderr]    Compiling version_check v0.9.3
[INFO] [stderr]     Checking stable_deref_trait v1.2.0
[INFO] [stderr]     Checking nb v1.0.0
[INFO] [stderr]    Compiling cortex-m v0.7.3
[INFO] [stderr]    Compiling az v1.1.1
[INFO] [stderr]     Checking void v1.0.2
[INFO] [stderr]     Checking vcell v0.1.3
[INFO] [stderr]     Checking bitfield v0.13.2
[INFO] [stderr]    Compiling fixed v1.9.0
[INFO] [stderr]    Compiling cortex-m v0.6.7
[INFO] [stderr]     Checking bytemuck v1.7.2
[INFO] [stderr]    Compiling nrf-hal-common v0.12.2 (/opt/rustwide/workdir)
[INFO] [stderr]     Checking half v1.7.1
[INFO] [stderr]     Checking rand_core v0.5.1
[INFO] [stderr]     Checking nb v0.1.3
[INFO] [stderr]     Checking volatile-register v0.2.0
[INFO] [stderr]     Checking embedded-dma v0.1.2
[INFO] [stderr]    Compiling semver v0.9.0
[INFO] [stderr]     Checking embedded-hal v0.2.6
[INFO] [stderr]    Compiling generic-array v0.14.4
[INFO] [stderr]    Compiling rustc_version v0.2.3
[INFO] [stderr]    Compiling bare-metal v0.2.5
[INFO] [stderr]    Compiling rustc_version v0.4.0
[INFO] [stderr]    Compiling cast v0.2.7
[INFO] [stderr]     Checking generic-array v0.12.4
[INFO] [stderr]     Checking generic-array v0.13.3
[INFO] [stderr]     Checking as-slice v0.1.5
[INFO] [stderr]     Checking aligned v0.3.5
[INFO] [stderr]  Documenting nrf-hal-common v0.12.2 (/opt/rustwide/workdir)
[INFO] [stdout] error[E0433]: failed to resolve: could not find `pac` in the crate root
[INFO] [stdout]   --> src/ccm.rs:55:12
[INFO] [stdout]    |
[INFO] [stdout] 55 | use crate::pac::ccm::mode::{DATARATE_A, LENGTH_A};
[INFO] [stdout]    |            ^^^ could not find `pac` in the crate root
[INFO] [stdout] 
[INFO] [stdout] 
[INFO] [stdout] error[E0432]: unresolved import `crate::pac`
[INFO] [stdout]   --> src/ccm.rs:49:5
[INFO] [stdout]    |
[INFO] [stdout] 49 |     pac::{AAR, CCM},
[INFO] [stdout]    |     ^^^ could not find `pac` in the crate root
[INFO] [stdout] 
[INFO] [stdout] 
[INFO] [stdout] error[E0433]: failed to resolve: could not find `pac` in the crate root
[INFO] [stdout]  --> src/comp.rs:9:12
[INFO] [stdout]   |
[INFO] [stdout] 9 |     crate::pac::{
[INFO] [stdout]   |            ^^^ could not find `pac` in the crate root
[INFO] [stdout] 
[INFO] [stdout] 
[INFO] [stdout] error[E0432]: unresolved import `crate::pac`
[INFO] [stdout]  --> src/clocks.rs:7:12
[INFO] [stdout]   |
[INFO] [stdout] 7 | use crate::pac::CLOCK;
[INFO] [stdout]   |            ^^^ could not find `pac` in the crate root
[INFO] [stdout] 
[INFO] [stdout] 
[INFO] [stdout] error[E0432]: unresolved import `crate::pac`
[INFO] [stdout]  --> src/comp.rs:9:12
[INFO] [stdout]   |
[INFO] [stdout] 9 |     crate::pac::{
[INFO] [stdout]   |            ^^^ could not find `pac` in the crate root
[INFO] [stdout] 
[INFO] [stdout] 
[INFO] [stdout] error[E0432]: unresolved import `crate::pac`
[INFO] [stdout]  --> src/ecb.rs:5:12
[INFO] [stdout]   |
[INFO] [stdout] 5 | use crate::pac::ECB;
[INFO] [stdout]   |            ^^^ could not find `pac` in the crate root
[INFO] [stdout] 
[INFO] [stdout] 
[INFO] [stdout] error[E0433]: failed to resolve: could not find `pac` in the crate root
[INFO] [stdout]    --> src/gpio.rs:325:12
[INFO] [stdout]     |
[INFO] [stdout] 325 | use crate::pac::p0::pin_cnf;
[INFO] [stdout]     |            ^^^ could not find `pac` in the crate root
[INFO] [stdout] 
[INFO] [stdout] 
[INFO] [stdout] error[E0432]: unresolved import `crate::pac`
[INFO] [stdout]   --> src/gpio.rs:65:12
[INFO] [stdout]    |
[INFO] [stdout] 65 | use crate::pac::{p0 as gpio, P0};
[INFO] [stdout]    |            ^^^ could not find `pac` in the crate root
[INFO] [stdout] 
[INFO] [stdout] 
[INFO] [stdout] error[E0433]: failed to resolve: could not find `pac` in the crate root
[INFO] [stdout]   --> src/gpiote.rs:19:12
[INFO] [stdout]    |
[INFO] [stdout] 19 |     crate::pac::gpiote::{_EVENTS_IN, _EVENTS_PORT, _TASKS_OUT},
[INFO] [stdout]    |            ^^^ could not find `pac` in the crate root
[INFO] [stdout] 
[INFO] [stdout] 
[INFO] [stdout] error[E0433]: failed to resolve: could not find `pac` in the crate root
[INFO] [stdout]   --> src/gpiote.rs:20:12
[INFO] [stdout]    |
[INFO] [stdout] 20 |     crate::pac::{generic::Reg, GPIOTE},
[INFO] [stdout]    |            ^^^ could not find `pac` in the crate root
[INFO] [stdout] 
[INFO] [stdout] 
[INFO] [stdout] error[E0432]: unresolved import `crate::pac`
[INFO] [stdout]   --> src/gpiote.rs:10:12
[INFO] [stdout]    |
[INFO] [stdout] 10 | use crate::pac::P0;
[INFO] [stdout]    |            ^^^ could not find `pac` in the crate root
[INFO] [stdout] 
[INFO] [stdout] 
[INFO] [stdout] error[E0433]: failed to resolve: could not find `pac` in the crate root
[INFO] [stdout]   --> src/gpiote.rs:24:12
[INFO] [stdout]    |
[INFO] [stdout] 24 | use crate::pac::gpiote::{_TASKS_CLR, _TASKS_SET};
[INFO] [stdout]    |            ^^^ could not find `pac` in the crate root
[INFO] [stdout] 
[INFO] [stdout] 
[INFO] [stdout] error[E0432]: unresolved import `crate::pac`
[INFO] [stdout]   --> src/gpiote.rs:20:12
[INFO] [stdout]    |
[INFO] [stdout] 20 |     crate::pac::{generic::Reg, GPIOTE},
[INFO] [stdout]    |            ^^^ could not find `pac` in the crate root
[INFO] [stdout] 
[INFO] [stdout] 
[INFO] [stdout] error[E0433]: failed to resolve: could not find `pac` in the crate root
[INFO] [stdout]   --> src/i2s.rs:10:5
[INFO] [stdout]    |
[INFO] [stdout] 10 |     pac::generic::Reg,
[INFO] [stdout]    |     ^^^ could not find `pac` in the crate root
[INFO] [stdout] 
[INFO] [stdout] 
[INFO] [stdout] error[E0433]: failed to resolve: could not find `pac` in the crate root
[INFO] [stdout]   --> src/lpcomp.rs:12:12
[INFO] [stdout]    |
[INFO] [stdout] 12 |     crate::pac::{
[INFO] [stdout]    |            ^^^ could not find `pac` in the crate root
[INFO] [stdout] 
[INFO] [stdout] 
[INFO] [stdout] error[E0432]: unresolved import `crate::pac`
[INFO] [stdout]  --> src/i2s.rs:5:12
[INFO] [stdout]   |
[INFO] [stdout] 5 | use crate::pac::{i2s, I2S as I2S_PAC};
[INFO] [stdout]   |            ^^^ could not find `pac` in the crate root
[INFO] [stdout] 
[INFO] [stdout] 
[INFO] [stdout] error[E0433]: failed to resolve: could not find `pac` in the crate root
[INFO] [stdout]   --> src/ppi/mod.rs:12:12
[INFO] [stdout]    |
[INFO] [stdout] 12 | use crate::pac::generic::Reg;
[INFO] [stdout]    |            ^^^ could not find `pac` in the crate root
[INFO] [stdout] 
[INFO] [stdout] 
[INFO] [stdout] error[E0433]: failed to resolve: could not find `pac` in the crate root
[INFO] [stdout]   --> src/ppi/mod.rs:13:12
[INFO] [stdout]    |
[INFO] [stdout] 13 | use crate::pac::ppi::tasks_chg::{_DIS, _EN};
[INFO] [stdout]    |            ^^^ could not find `pac` in the crate root
[INFO] [stdout] 
[INFO] [stdout] 
[INFO] [stdout] error[E0432]: unresolved import `crate::pac`
[INFO] [stdout]   --> src/lpcomp.rs:12:12
[INFO] [stdout]    |
[INFO] [stdout] 12 |     crate::pac::{
[INFO] [stdout]    |            ^^^ could not find `pac` in the crate root
[INFO] [stdout] 
[INFO] [stdout] 
[INFO] [stdout] error[E0433]: failed to resolve: could not find `pac` in the crate root
[INFO] [stdout]  --> src/pwm.rs:6:12
[INFO] [stdout]   |
[INFO] [stdout] 6 | use crate::pac::pwm0::*;
[INFO] [stdout]   |            ^^^ could not find `pac` in the crate root
[INFO] [stdout] 
[INFO] [stdout] 
[INFO] [stdout] error[E0433]: failed to resolve: could not find `pac` in the crate root
[INFO] [stdout]   --> src/pwm.rs:11:5
[INFO] [stdout]    |
[INFO] [stdout] 11 |     pac::{generic::Reg, Interrupt},
[INFO] [stdout]    |     ^^^ could not find `pac` in the crate root
[INFO] [stdout] 
[INFO] [stdout] 
[INFO] [stdout] error[E0432]: unresolved import `crate::pac`
[INFO] [stdout]   --> src/ppi/mod.rs:14:12
[INFO] [stdout]    |
[INFO] [stdout] 14 | use crate::pac::PPI;
[INFO] [stdout]    |            ^^^ could not find `pac` in the crate root
[INFO] [stdout] 
[INFO] [stdout] 
[INFO] [stdout] error[E0432]: unresolved import `crate::pac`
[INFO] [stdout]   --> src/pwm.rs:11:5
[INFO] [stdout]    |
[INFO] [stdout] 11 |     pac::{generic::Reg, Interrupt},
[INFO] [stdout]    |     ^^^ could not find `pac` in the crate root
[INFO] [stdout] 
[INFO] [stdout] 
[INFO] [stdout] error[E0432]: unresolved import `crate::pac`
[INFO] [stdout]  --> src/qdec.rs:8:12
[INFO] [stdout]   |
[INFO] [stdout] 8 |     crate::pac::QDEC,
[INFO] [stdout]   |            ^^^ could not find `pac` in the crate root
[INFO] [stdout] 
[INFO] [stdout] 
[INFO] [stdout] error[E0432]: unresolved import `crate::pac`
[INFO] [stdout]  --> src/rng.rs:7:12
[INFO] [stdout]   |
[INFO] [stdout] 7 | use crate::pac::RNG;
[INFO] [stdout]   |            ^^^ could not find `pac` in the crate root
[INFO] [stdout] 
[INFO] [stdout] 
[INFO] [stdout] error[E0432]: unresolved import `crate::pac`
[INFO] [stdout]  --> src/rtc.rs:9:12
[INFO] [stdout]   |
[INFO] [stdout] 9 | use crate::pac::{rtc0, Interrupt, NVIC, RTC0, RTC1};
[INFO] [stdout]   |            ^^^ could not find `pac` in the crate root
[INFO] [stdout] 
[INFO] [stdout] 
[INFO] [stdout] error[E0432]: unresolved import `crate::pac`
[INFO] [stdout]   --> src/saadc.rs:33:12
[INFO] [stdout]    |
[INFO] [stdout] 33 | use crate::pac::{saadc, SAADC};
[INFO] [stdout]    |            ^^^ could not find `pac` in the crate root
[INFO] [stdout] 
[INFO] [stdout] 
[INFO] [stdout] error[E0432]: unresolved import `crate::pac`
[INFO] [stdout]   --> src/spim.rs:12:12
[INFO] [stdout]    |
[INFO] [stdout] 12 | use crate::pac::{spim0, SPIM0};
[INFO] [stdout]    |            ^^^ could not find `pac` in the crate root
[INFO] [stdout] 
[INFO] [stdout] 
[INFO] [stdout] error[E0432]: unresolved import `crate::target_constants::EASY_DMA_SIZE`
[INFO] [stdout]   --> src/spim.rs:29:31
[INFO] [stdout]    |
[INFO] [stdout] 29 | use crate::target_constants::{EASY_DMA_SIZE, FORCE_COPY_BUFFER_SIZE};
[INFO] [stdout]    |                               ^^^^^^^^^^^^^ no `EASY_DMA_SIZE` in `target_constants`
[INFO] [stdout] 
[INFO] [stdout] 
[INFO] [stdout] error[E0433]: failed to resolve: could not find `pac` in the crate root
[INFO] [stdout]   --> src/spis.rs:19:12
[INFO] [stdout]    |
[INFO] [stdout] 19 | use crate::pac::{
[INFO] [stdout]    |            ^^^ could not find `pac` in the crate root
[INFO] [stdout] 
[INFO] [stdout] 
[INFO] [stdout] error[E0433]: failed to resolve: could not find `pac` in the crate root
[INFO] [stdout]   --> src/spis.rs:32:5
[INFO] [stdout]    |
[INFO] [stdout] 32 |     pac::{generic::Reg, Interrupt},
[INFO] [stdout]    |     ^^^ could not find `pac` in the crate root
[INFO] [stdout] 
[INFO] [stdout] 
[INFO] [stdout] error[E0432]: unresolved import `crate::pac`
[INFO] [stdout]   --> src/spis.rs:19:12
[INFO] [stdout]    |
[INFO] [stdout] 19 | use crate::pac::{
[INFO] [stdout]    |            ^^^ could not find `pac` in the crate root
[INFO] [stdout] 
[INFO] [stdout] 
[INFO] [stdout] error[E0432]: unresolved imports `crate::pac`, `crate::target_constants::EASY_DMA_SIZE`
[INFO] [stdout]   --> src/spis.rs:32:5
[INFO] [stdout]    |
[INFO] [stdout] 32 |     pac::{generic::Reg, Interrupt},
[INFO] [stdout]    |     ^^^ could not find `pac` in the crate root
[INFO] [stdout] 33 |     target_constants::{EASY_DMA_SIZE, SRAM_LOWER, SRAM_UPPER},
[INFO] [stdout]    |                        ^^^^^^^^^^^^^ no `EASY_DMA_SIZE` in `target_constants`
[INFO] [stdout] 
[INFO] [stdout] 
[INFO] [stdout] error[E0433]: failed to resolve: could not find `pac` in the crate root
[INFO] [stdout]   --> src/timer.rs:16:12
[INFO] [stdout]    |
[INFO] [stdout] 16 | use crate::pac::{
[INFO] [stdout]    |            ^^^ could not find `pac` in the crate root
[INFO] [stdout] 
[INFO] [stdout] 
[INFO] [stdout] error[E0432]: unresolved import `crate::pac`
[INFO] [stdout]  --> src/temp.rs:3:12
[INFO] [stdout]   |
[INFO] [stdout] 3 | use crate::pac::TEMP;
[INFO] [stdout]   |            ^^^ could not find `pac` in the crate root
[INFO] [stdout] 
[INFO] [stdout] 
[INFO] [stdout] error[E0432]: unresolved import `crate::pac`
[INFO] [stdout]   --> src/timer.rs:16:12
[INFO] [stdout]    |
[INFO] [stdout] 16 | use crate::pac::{
[INFO] [stdout]    |            ^^^ could not find `pac` in the crate root
[INFO] [stdout] 
[INFO] [stdout] 
[INFO] [stdout] error[E0432]: unresolved import `crate::pac`
[INFO] [stdout]   --> src/twim.rs:16:12
[INFO] [stdout]    |
[INFO] [stdout] 16 | use crate::pac::{twim0, TWIM0};
[INFO] [stdout]    |            ^^^ could not find `pac` in the crate root
[INFO] [stdout] 
[INFO] [stdout] 
[INFO] [stdout] error[E0432]: unresolved import `crate::target_constants::EASY_DMA_SIZE`
[INFO] [stdout]   --> src/twim.rs:24:24
[INFO] [stdout]    |
[INFO] [stdout] 24 |     target_constants::{EASY_DMA_SIZE, FORCE_COPY_BUFFER_SIZE},
[INFO] [stdout]    |                        ^^^^^^^^^^^^^ no `EASY_DMA_SIZE` in `target_constants`
[INFO] [stdout] 
[INFO] [stdout] 
[INFO] [stdout] error[E0433]: failed to resolve: could not find `pac` in the crate root
[INFO] [stdout]   --> src/twis.rs:25:5
[INFO] [stdout]    |
[INFO] [stdout] 25 |     pac::{generic::Reg, Interrupt},
[INFO] [stdout]    |     ^^^ could not find `pac` in the crate root
[INFO] [stdout] 
[INFO] [stdout] 
[INFO] [stdout] error[E0432]: unresolved import `crate::pac`
[INFO] [stdout]   --> src/twis.rs:13:12
[INFO] [stdout]    |
[INFO] [stdout] 13 | use crate::pac::{twis0, P0, TWIS0};
[INFO] [stdout]    |            ^^^ could not find `pac` in the crate root
[INFO] [stdout] 
[INFO] [stdout] 
[INFO] [stdout] error[E0432]: unresolved imports `crate::pac`, `crate::target_constants::EASY_DMA_SIZE`
[INFO] [stdout]   --> src/twis.rs:25:5
[INFO] [stdout]    |
[INFO] [stdout] 25 |     pac::{generic::Reg, Interrupt},
[INFO] [stdout]    |     ^^^ could not find `pac` in the crate root
[INFO] [stdout] 26 |     slice_in_ram_or,
[INFO] [stdout] 27 |     target_constants::{EASY_DMA_SIZE, SRAM_LOWER, SRAM_UPPER},
[INFO] [stdout]    |                        ^^^^^^^^^^^^^ no `EASY_DMA_SIZE` in `target_constants`
[INFO] [stdout] 
[INFO] [stdout] 
[INFO] [stdout] error[E0432]: unresolved import `crate::pac`
[INFO] [stdout]   --> src/uarte.rs:20:12
[INFO] [stdout]    |
[INFO] [stdout] 20 | use crate::pac::{uarte0, UARTE0};
[INFO] [stdout]    |            ^^^ could not find `pac` in the crate root
[INFO] [stdout] 
[INFO] [stdout] 
[INFO] [stdout] error[E0432]: unresolved import `crate::target_constants::EASY_DMA_SIZE`
[INFO] [stdout]   --> src/uarte.rs:25:5
[INFO] [stdout]    |
[INFO] [stdout] 25 | use crate::target_constants::EASY_DMA_SIZE;
[INFO] [stdout]    |     ^^^^^^^^^^^^^^^^^^^^^^^^^^^^^^^^^^^^^^ no `EASY_DMA_SIZE` in `target_constants`
[INFO] [stdout] 
[INFO] [stdout] 
[INFO] [stdout] error[E0432]: unresolved import `crate::pac`
[INFO] [stdout]  --> src/uicr.rs:9:12
[INFO] [stdout]   |
[INFO] [stdout] 9 | use crate::pac::{NVMC, UICR};
[INFO] [stdout]   |            ^^^ could not find `pac` in the crate root
[INFO] [stdout] 
[INFO] [stdout] 
[INFO] [stdout] error[E0432]: unresolved imports `crate::pac`, `i2s::_EVENTS_RXPTRUPD`, `i2s::_EVENTS_STOPPED`, `i2s::_EVENTS_TXPTRUPD`, `i2s::_TASKS_START`, `i2s::_TASKS_STOP`, `saadc::ch::config::GAIN_A`, `saadc::ch::config::REFSEL_A`, `saadc::ch::config::RESP_A`, `saadc::ch::config::TACQ_A`, `saadc::oversample::OVERSAMPLE_A`, `saadc::resolution::VAL_A`, `spim0::frequency::FREQUENCY_A`, `twim0::frequency::FREQUENCY_A`, `twis0::_EVENTS_ERROR`, `twis0::_EVENTS_READ`, `twis0::_EVENTS_RXSTARTED`, `twis0::_EVENTS_STOPPED`, `twis0::_EVENTS_TXSTARTED`, `twis0::_EVENTS_WRITE`, `twis0::_TASKS_PREPARERX`, `twis0::_TASKS_PREPARETX`, `twis0::_TASKS_RESUME`, `twis0::_TASKS_STOP`, `twis0::_TASKS_SUSPEND`, `uarte0::baudrate::BAUDRATE_A`, `uarte0::config::PARITY_A`, `super::P0`
[INFO] [stdout]    --> src/gpio.rs:364:17
[INFO] [stdout]     |
[INFO] [stdout] 364 |                   $PX
[INFO] [stdout]     |                   ^^^
[INFO] [stdout] ...
[INFO] [stdout] 586 | / gpio!(P0, p0, p0, Port::Port0, [
[INFO] [stdout] 587 | |     P0_00: (p0_00,  0, Disconnected),
[INFO] [stdout] 588 | |     P0_01: (p0_01,  1, Disconnected),
[INFO] [stdout] 589 | |     P0_02: (p0_02,  2, Disconnected),
[INFO] [stdout] ...   |
[INFO] [stdout] 618 | |     P0_31: (p0_31, 31, Disconnected),
[INFO] [stdout] 619 | | ]);
[INFO] [stdout]     | |___- in this macro invocation
[INFO] [stdout]     | 
[INFO] [stdout]    ::: src/wdt.rs:12:20
[INFO] [stdout]     |
[INFO] [stdout] 12  |           use crate::pac::WDT;
[INFO] [stdout]     |                      ^^^ could not find `pac` in the crate root
[INFO] [stdout]     | 
[INFO] [stdout]    ::: src/i2s.rs:16:11
[INFO] [stdout]     |
[INFO] [stdout] 16  |   use i2s::{_EVENTS_RXPTRUPD, _EVENTS_STOPPED, _EVENTS_TXPTRUPD, _TASKS_START, _TASKS_STOP};
[INFO] [stdout]     |             ^^^^^^^^^^^^^^^^  ^^^^^^^^^^^^^^^  ^^^^^^^^^^^^^^^^  ^^^^^^^^^^^^  ^^^^^^^^^^^
[INFO] [stdout]     | 
[INFO] [stdout]    ::: src/saadc.rs:42:18
[INFO] [stdout]     |
[INFO] [stdout] 42  |       ch::config::{GAIN_A as Gain, REFSEL_A as Reference, RESP_A as Resistor, TACQ_A as Time},
[INFO] [stdout]     |                    ^^^^^^^^^^^^^^  ^^^^^^^^^^^^^^^^^^^^^  ^^^^^^^^^^^^^^^^^^  ^^^^^^^^^^^^^^
[INFO] [stdout] 43  |       oversample::OVERSAMPLE_A as Oversample,
[INFO] [stdout]     |       ^^^^^^^^^^^^^^^^^^^^^^^^^^^^^^^^^^^^^^
[INFO] [stdout] 44  |       resolution::VAL_A as Resolution,
[INFO] [stdout]     |       ^^^^^^^^^^^^^^^^^^^^^^^^^^^^^^^
[INFO] [stdout]     | 
[INFO] [stdout]    ::: src/spim.rs:15:9
[INFO] [stdout]     |
[INFO] [stdout] 15  |   pub use spim0::frequency::FREQUENCY_A as Frequency;
[INFO] [stdout]     |           ^^^^^^^^^^^^^^^^^^^^^^^^^^^^^^^^^^^^^^^^^^
[INFO] [stdout]     | 
[INFO] [stdout]    ::: src/twim.rs:27:9
[INFO] [stdout]     |
[INFO] [stdout] 27  |   pub use twim0::frequency::FREQUENCY_A as Frequency;
[INFO] [stdout]     |           ^^^^^^^^^^^^^^^^^^^^^^^^^^^^^^^^^^^^^^^^^^
[INFO] [stdout]     | 
[INFO] [stdout]    ::: src/twis.rs:19:5
[INFO] [stdout]     |
[INFO] [stdout] 19  |       _EVENTS_ERROR, _EVENTS_READ, _EVENTS_RXSTARTED, _EVENTS_STOPPED, _EVENTS_TXSTARTED,
[INFO] [stdout]     |       ^^^^^^^^^^^^^  ^^^^^^^^^^^^  ^^^^^^^^^^^^^^^^^  ^^^^^^^^^^^^^^^  ^^^^^^^^^^^^^^^^^
[INFO] [stdout] 20  |       _EVENTS_WRITE, _TASKS_PREPARERX, _TASKS_PREPARETX, _TASKS_RESUME, _TASKS_STOP, _TASKS_SUSPEND,
[INFO] [stdout]     |       ^^^^^^^^^^^^^  ^^^^^^^^^^^^^^^^  ^^^^^^^^^^^^^^^^  ^^^^^^^^^^^^^  ^^^^^^^^^^^  ^^^^^^^^^^^^^^
[INFO] [stdout]     | 
[INFO] [stdout]    ::: src/uarte.rs:29:18
[INFO] [stdout]     |
[INFO] [stdout] 29  |   pub use uarte0::{baudrate::BAUDRATE_A as Baudrate, config::PARITY_A as Parity};
[INFO] [stdout]     |                    ^^^^^^^^^^^^^^^^^^^^^^^^^^^^^^^^  ^^^^^^^^^^^^^^^^^^^^^^^^^^
[INFO] [stdout]     |
[INFO] [stdout]     = note: this error originates in the macro `gpio` (in Nightly builds, run with -Z macro-backtrace for more info)
[INFO] [stdout] 
[INFO] [stdout] 
[INFO] [stdout] error[E0433]: failed to resolve: use of undeclared crate or module `pin_cnf`
[INFO] [stdout]    --> src/gpio.rs:328:25
[INFO] [stdout]     |
[INFO] [stdout] 328 |     fn variant(self) -> pin_cnf::DRIVE_A {
[INFO] [stdout]     |                         ^^^^^^^ use of undeclared crate or module `pin_cnf`
[INFO] [stdout] 
[INFO] [stdout] 
[INFO] [stdout] error[E0433]: failed to resolve: could not find `pac` in the crate root
[INFO] [stdout]     --> src/pwm.rs:1081:26
[INFO] [stdout]      |
[INFO] [stdout] 1081 | impl Instance for crate::pac::PWM0 {
[INFO] [stdout]      |                          ^^^ could not find `pac` in the crate root
[INFO] [stdout] 
[INFO] [stdout] 
[INFO] [stdout] error[E0433]: failed to resolve: could not find `pac` in the crate root
[INFO] [stdout]     --> src/pwm.rs:1090:26
[INFO] [stdout]      |
[INFO] [stdout] 1090 | impl Instance for crate::pac::PWM1 {
[INFO] [stdout]      |                          ^^^ could not find `pac` in the crate root
[INFO] [stdout] 
[INFO] [stdout] 
[INFO] [stdout] error[E0433]: failed to resolve: could not find `pac` in the crate root
[INFO] [stdout]     --> src/pwm.rs:1098:26
[INFO] [stdout]      |
[INFO] [stdout] 1098 | impl Instance for crate::pac::PWM2 {
[INFO] [stdout]      |                          ^^^ could not find `pac` in the crate root
[INFO] [stdout] 
[INFO] [stdout] 
[INFO] [stdout] error[E0433]: failed to resolve: could not find `pac` in the crate root
[INFO] [stdout]     --> src/pwm.rs:1111:26
[INFO] [stdout]      |
[INFO] [stdout] 1111 | impl Instance for crate::pac::PWM3 {
[INFO] [stdout]      |                          ^^^ could not find `pac` in the crate root
[INFO] [stdout] 
[INFO] [stdout] 
[INFO] [stdout] error[E0433]: failed to resolve: could not find `pac` in the crate root
[INFO] [stdout]     --> src/pwm.rs:1154:28
[INFO] [stdout]      |
[INFO] [stdout] 1154 |     impl Sealed for crate::pac::PWM0 {}
[INFO] [stdout]      |                            ^^^ could not find `pac` in the crate root
[INFO] [stdout] 
[INFO] [stdout] 
[INFO] [stdout] error[E0433]: failed to resolve: could not find `pac` in the crate root
[INFO] [stdout]     --> src/pwm.rs:1157:28
[INFO] [stdout]      |
[INFO] [stdout] 1157 |     impl Sealed for crate::pac::PWM1 {}
[INFO] [stdout]      |                            ^^^ could not find `pac` in the crate root
[INFO] [stdout] 
[INFO] [stdout] 
[INFO] [stdout] error[E0433]: failed to resolve: could not find `pac` in the crate root
[INFO] [stdout]     --> src/pwm.rs:1160:28
[INFO] [stdout]      |
[INFO] [stdout] 1160 |     impl Sealed for crate::pac::PWM2 {}
[INFO] [stdout]      |                            ^^^ could not find `pac` in the crate root
[INFO] [stdout] 
[INFO] [stdout] 
[INFO] [stdout] error[E0433]: failed to resolve: could not find `pac` in the crate root
[INFO] [stdout]     --> src/pwm.rs:1168:28
[INFO] [stdout]      |
[INFO] [stdout] 1168 |     impl Sealed for crate::pac::PWM3 {}
[INFO] [stdout]      |                            ^^^ could not find `pac` in the crate root
[INFO] [stdout] 
[INFO] [stdout] 
[INFO] [stdout] error[E0412]: cannot find type `DATARATE_A` in this scope
[INFO] [stdout]   --> src/ccm.rs:75:25
[INFO] [stdout]    |
[INFO] [stdout] 75 | impl From<DataRate> for DATARATE_A {
[INFO] [stdout]    |                         ^^^^^^^^^^ not found in this scope
[INFO] [stdout] 
[INFO] [stdout] 
[INFO] [stdout] error[E0412]: cannot find type `Reg` in this scope
[INFO] [stdout]    --> src/comp.rs:160:32
[INFO] [stdout]     |
[INFO] [stdout] 160 |     pub fn event_up(&self) -> &Reg<u32, _EVENTS_UP> {
[INFO] [stdout]     |                                ^^^ not found in this scope
[INFO] [stdout] 
[INFO] [stdout] 
[INFO] [stdout] error[E0412]: cannot find type `_EVENTS_UP` in this scope
[INFO] [stdout]    --> src/comp.rs:160:41
[INFO] [stdout]     |
[INFO] [stdout] 21  | impl Comp {
[INFO] [stdout]     |     - help: you might be missing a type parameter: `<_EVENTS_UP>`
[INFO] [stdout] ...
[INFO] [stdout] 160 |     pub fn event_up(&self) -> &Reg<u32, _EVENTS_UP> {
[INFO] [stdout]     |                                         ^^^^^^^^^^ not found in this scope
[INFO] [stdout] 
[INFO] [stdout] 
[INFO] [stdout] error[E0412]: cannot find type `Reg` in this scope
[INFO] [stdout]    --> src/comp.rs:166:34
[INFO] [stdout]     |
[INFO] [stdout] 166 |     pub fn event_down(&self) -> &Reg<u32, _EVENTS_DOWN> {
[INFO] [stdout]     |                                  ^^^ not found in this scope
[INFO] [stdout] 
[INFO] [stdout] 
[INFO] [stdout] error[E0412]: cannot find type `_EVENTS_DOWN` in this scope
[INFO] [stdout]    --> src/comp.rs:166:43
[INFO] [stdout]     |
[INFO] [stdout] 21  | impl Comp {
[INFO] [stdout]     |     - help: you might be missing a type parameter: `<_EVENTS_DOWN>`
[INFO] [stdout] ...
[INFO] [stdout] 166 |     pub fn event_down(&self) -> &Reg<u32, _EVENTS_DOWN> {
[INFO] [stdout]     |                                           ^^^^^^^^^^^^ not found in this scope
[INFO] [stdout] 
[INFO] [stdout] 
[INFO] [stdout] error[E0412]: cannot find type `Reg` in this scope
[INFO] [stdout]    --> src/comp.rs:172:35
[INFO] [stdout]     |
[INFO] [stdout] 172 |     pub fn event_cross(&self) -> &Reg<u32, _EVENTS_CROSS> {
[INFO] [stdout]     |                                   ^^^ not found in this scope
[INFO] [stdout] 
[INFO] [stdout] 
[INFO] [stdout] error[E0412]: cannot find type `_EVENTS_CROSS` in this scope
[INFO] [stdout]    --> src/comp.rs:172:44
[INFO] [stdout]     |
[INFO] [stdout] 21  | impl Comp {
[INFO] [stdout]     |     - help: you might be missing a type parameter: `<_EVENTS_CROSS>`
[INFO] [stdout] ...
[INFO] [stdout] 172 |     pub fn event_cross(&self) -> &Reg<u32, _EVENTS_CROSS> {
[INFO] [stdout]     |                                            ^^^^^^^^^^^^^ not found in this scope
[INFO] [stdout] 
[INFO] [stdout] 
[INFO] [stdout] error[E0412]: cannot find type `EXTREFSEL_A` in this scope
[INFO] [stdout]    --> src/comp.rs:243:10
[INFO] [stdout]     |
[INFO] [stdout] 243 |     ARef(EXTREFSEL_A),
[INFO] [stdout]     |          ^^^^^^^^^^^ not found in this scope
[INFO] [stdout] 
[INFO] [stdout] 
[INFO] [stdout] error[E0412]: cannot find type `PSEL_A` in this scope
[INFO] [stdout]    --> src/comp.rs:254:22
[INFO] [stdout]     |
[INFO] [stdout] 254 |     fn ain(&self) -> PSEL_A;
[INFO] [stdout]     |                      ^^^^^^ not found in this scope
[INFO] [stdout] 
[INFO] [stdout] 
[INFO] [stdout] error[E0412]: cannot find type `EXTREFSEL_A` in this scope
[INFO] [stdout]    --> src/comp.rs:258:23
[INFO] [stdout]     |
[INFO] [stdout] 258 |     fn aref(&self) -> EXTREFSEL_A;
[INFO] [stdout]     |                       ^^^^^^^^^^^ not found in this scope
[INFO] [stdout] 
[INFO] [stdout] 
[INFO] [stdout] error[E0412]: cannot find type `EXTREFSEL_A` in this scope
[INFO] [stdout]    --> src/comp.rs:277:35
[INFO] [stdout]     |
[INFO] [stdout] 277 |                   fn aref(&self) -> EXTREFSEL_A {
[INFO] [stdout]     |                                     ^^^^^^^^^^^ not found in this scope
[INFO] [stdout] ...
[INFO] [stdout] 285 | / comp_ref_pins! {
[INFO] [stdout] 286 | |     P0_02<Input<Floating>> => EXTREFSEL_A::ANALOGREFERENCE0,
[INFO] [stdout] 287 | |     P0_03<Input<Floating>> => EXTREFSEL_A::ANALOGREFERENCE1,
[INFO] [stdout] 288 | |     P0_04<Input<Floating>> => EXTREFSEL_A::ANALOGREFERENCE2,
[INFO] [stdout] ...   |
[INFO] [stdout] 293 | |     P0_31<Input<Floating>> => EXTREFSEL_A::ANALOGREFERENCE7,
[INFO] [stdout] 294 | | }
[INFO] [stdout]     | |_- in this macro invocation
[INFO] [stdout]     |
[INFO] [stdout]     = note: this error originates in the macro `comp_ref_pins` (in Nightly builds, run with -Z macro-backtrace for more info)
[INFO] [stdout] 
[INFO] [stdout] 
[INFO] [stdout] error[E0412]: cannot find type `PSEL_A` in this scope
[INFO] [stdout]    --> src/comp.rs:265:34
[INFO] [stdout]     |
[INFO] [stdout] 265 |                   fn ain(&self) -> PSEL_A {
[INFO] [stdout]     |                                    ^^^^^^ not found in this scope
[INFO] [stdout] ...
[INFO] [stdout] 297 | / comp_input_pins! {
[INFO] [stdout] 298 | |     P0_02<Input<Floating>> => PSEL_A::ANALOGINPUT0,
[INFO] [stdout] 299 | |     P0_03<Input<Floating>> => PSEL_A::ANALOGINPUT1,
[INFO] [stdout] 300 | |     P0_04<Input<Floating>> => PSEL_A::ANALOGINPUT2,
[INFO] [stdout] ...   |
[INFO] [stdout] 305 | |     P0_31<Input<Floating>> => PSEL_A::ANALOGINPUT7,
[INFO] [stdout] 306 | | }
[INFO] [stdout]     | |_- in this macro invocation
[INFO] [stdout]     |
[INFO] [stdout]     = note: this error originates in the macro `comp_input_pins` (in Nightly builds, run with -Z macro-backtrace for more info)
[INFO] [stdout] 
[INFO] [stdout] 
[INFO] [stdout] error[E0412]: cannot find type `Reg` in this scope
[INFO] [stdout]    --> src/gpiote.rs:144:29
[INFO] [stdout]     |
[INFO] [stdout] 144 |     pub fn event(&self) -> &Reg<u32, _EVENTS_IN> {
[INFO] [stdout]     |                             ^^^ not found in this scope
[INFO] [stdout] 
[INFO] [stdout] 
[INFO] [stdout] error[E0412]: cannot find type `_EVENTS_IN` in this scope
[INFO] [stdout]    --> src/gpiote.rs:144:38
[INFO] [stdout]     |
[INFO] [stdout] 100 | impl<'a> GpioteChannel<'_> {
[INFO] [stdout]     |        - help: you might be missing a type parameter: `, _EVENTS_IN`
[INFO] [stdout] ...
[INFO] [stdout] 144 |     pub fn event(&self) -> &Reg<u32, _EVENTS_IN> {
[INFO] [stdout]     |                                      ^^^^^^^^^^ not found in this scope
[INFO] [stdout] 
[INFO] [stdout] 
[INFO] [stdout] error[E0412]: cannot find type `Reg` in this scope
[INFO] [stdout]    --> src/gpiote.rs:149:32
[INFO] [stdout]     |
[INFO] [stdout] 149 |     pub fn task_out(&self) -> &Reg<u32, _TASKS_OUT> {
[INFO] [stdout]     |                                ^^^ not found in this scope
[INFO] [stdout] 
[INFO] [stdout] 
[INFO] [stdout] error[E0412]: cannot find type `_TASKS_OUT` in this scope
[INFO] [stdout]    --> src/gpiote.rs:149:41
[INFO] [stdout]     |
[INFO] [stdout] 100 | impl<'a> GpioteChannel<'_> {
[INFO] [stdout]     |        - help: you might be missing a type parameter: `, _TASKS_OUT`
[INFO] [stdout] ...
[INFO] [stdout] 149 |     pub fn task_out(&self) -> &Reg<u32, _TASKS_OUT> {
[INFO] [stdout]     |                                         ^^^^^^^^^^ not found in this scope
[INFO] [stdout] 
[INFO] [stdout] 
[INFO] [stdout] error[E0412]: cannot find type `Reg` in this scope
[INFO] [stdout]    --> src/gpiote.rs:155:32
[INFO] [stdout]     |
[INFO] [stdout] 155 |     pub fn task_clr(&self) -> &Reg<u32, _TASKS_CLR> {
[INFO] [stdout]     |                                ^^^ not found in this scope
[INFO] [stdout] 
[INFO] [stdout] 
[INFO] [stdout] error[E0412]: cannot find type `_TASKS_CLR` in this scope
[INFO] [stdout]    --> src/gpiote.rs:155:41
[INFO] [stdout]     |
[INFO] [stdout] 100 | impl<'a> GpioteChannel<'_> {
[INFO] [stdout]     |        - help: you might be missing a type parameter: `, _TASKS_CLR`
[INFO] [stdout] ...
[INFO] [stdout] 155 |     pub fn task_clr(&self) -> &Reg<u32, _TASKS_CLR> {
[INFO] [stdout]     |                                         ^^^^^^^^^^ not found in this scope
[INFO] [stdout] 
[INFO] [stdout] 
[INFO] [stdout] error[E0412]: cannot find type `Reg` in this scope
[INFO] [stdout]    --> src/gpiote.rs:161:32
[INFO] [stdout]     |
[INFO] [stdout] 161 |     pub fn task_set(&self) -> &Reg<u32, _TASKS_SET> {
[INFO] [stdout]     |                                ^^^ not found in this scope
[INFO] [stdout] 
[INFO] [stdout] 
[INFO] [stdout] error[E0412]: cannot find type `_TASKS_SET` in this scope
[INFO] [stdout]    --> src/gpiote.rs:161:41
[INFO] [stdout]     |
[INFO] [stdout] 100 | impl<'a> GpioteChannel<'_> {
[INFO] [stdout]     |        - help: you might be missing a type parameter: `, _TASKS_SET`
[INFO] [stdout] ...
[INFO] [stdout] 161 |     pub fn task_set(&self) -> &Reg<u32, _TASKS_SET> {
[INFO] [stdout]     |                                         ^^^^^^^^^^ not found in this scope
[INFO] [stdout] 
[INFO] [stdout] 
[INFO] [stdout] error[E0412]: cannot find type `Reg` in this scope
[INFO] [stdout]    --> src/gpiote.rs:192:29
[INFO] [stdout]     |
[INFO] [stdout] 192 |     pub fn event(&self) -> &Reg<u32, _EVENTS_PORT> {
[INFO] [stdout]     |                             ^^^ not found in this scope
[INFO] [stdout] 
[INFO] [stdout] 
[INFO] [stdout] error[E0412]: cannot find type `_EVENTS_PORT` in this scope
[INFO] [stdout]    --> src/gpiote.rs:192:38
[INFO] [stdout]     |
[INFO] [stdout] 170 | impl<'a> GpiotePort<'_> {
[INFO] [stdout]     |        - help: you might be missing a type parameter: `, _EVENTS_PORT`
[INFO] [stdout] ...
[INFO] [stdout] 192 |     pub fn event(&self) -> &Reg<u32, _EVENTS_PORT> {
[INFO] [stdout]     |                                      ^^^^^^^^^^^^ not found in this scope
[INFO] [stdout] 
[INFO] [stdout] 
[INFO] [stdout] error[E0412]: cannot find type `Reg` in this scope
[INFO] [stdout]    --> src/i2s.rs:427:37
[INFO] [stdout]     |
[INFO] [stdout] 427 |     pub fn event_stopped(&self) -> &Reg<u32, _EVENTS_STOPPED> {
[INFO] [stdout]     |                                     ^^^ not found in this scope
[INFO] [stdout] 
[INFO] [stdout] 
[INFO] [stdout] error[E0412]: cannot find type `_EVENTS_STOPPED` in this scope
[INFO] [stdout]    --> src/i2s.rs:427:46
[INFO] [stdout]     |
[INFO] [stdout] 25  | impl I2S {
[INFO] [stdout]     |     - help: you might be missing a type parameter: `<_EVENTS_STOPPED>`
[INFO] [stdout] ...
[INFO] [stdout] 427 |     pub fn event_stopped(&self) -> &Reg<u32, _EVENTS_STOPPED> {
[INFO] [stdout]     |                                              ^^^^^^^^^^^^^^^ not found in this scope
[INFO] [stdout] 
[INFO] [stdout] 
[INFO] [stdout] error[E0412]: cannot find type `Reg` in this scope
[INFO] [stdout]    --> src/i2s.rs:433:44
[INFO] [stdout]     |
[INFO] [stdout] 433 |     pub fn event_rx_ptr_updated(&self) -> &Reg<u32, _EVENTS_RXPTRUPD> {
[INFO] [stdout]     |                                            ^^^ not found in this scope
[INFO] [stdout] 
[INFO] [stdout] 
[INFO] [stdout] error[E0412]: cannot find type `_EVENTS_RXPTRUPD` in this scope
[INFO] [stdout]    --> src/i2s.rs:433:53
[INFO] [stdout]     |
[INFO] [stdout] 25  | impl I2S {
[INFO] [stdout]     |     - help: you might be missing a type parameter: `<_EVENTS_RXPTRUPD>`
[INFO] [stdout] ...
[INFO] [stdout] 433 |     pub fn event_rx_ptr_updated(&self) -> &Reg<u32, _EVENTS_RXPTRUPD> {
[INFO] [stdout]     |                                                     ^^^^^^^^^^^^^^^^ not found in this scope
[INFO] [stdout] 
[INFO] [stdout] 
[INFO] [stdout] error[E0412]: cannot find type `Reg` in this scope
[INFO] [stdout]    --> src/i2s.rs:439:44
[INFO] [stdout]     |
[INFO] [stdout] 439 |     pub fn event_tx_ptr_updated(&self) -> &Reg<u32, _EVENTS_TXPTRUPD> {
[INFO] [stdout]     |                                            ^^^ not found in this scope
[INFO] [stdout] 
[INFO] [stdout] 
[INFO] [stdout] error[E0412]: cannot find type `_EVENTS_TXPTRUPD` in this scope
[INFO] [stdout]    --> src/i2s.rs:439:53
[INFO] [stdout]     |
[INFO] [stdout] 25  | impl I2S {
[INFO] [stdout]     |     - help: you might be missing a type parameter: `<_EVENTS_TXPTRUPD>`
[INFO] [stdout] ...
[INFO] [stdout] 439 |     pub fn event_tx_ptr_updated(&self) -> &Reg<u32, _EVENTS_TXPTRUPD> {
[INFO] [stdout]     |                                                     ^^^^^^^^^^^^^^^^ not found in this scope
[INFO] [stdout] 
[INFO] [stdout] 
[INFO] [stdout] error[E0412]: cannot find type `Reg` in this scope
[INFO] [stdout]    --> src/i2s.rs:445:34
[INFO] [stdout]     |
[INFO] [stdout] 445 |     pub fn task_start(&self) -> &Reg<u32, _TASKS_START> {
[INFO] [stdout]     |                                  ^^^ not found in this scope
[INFO] [stdout] 
[INFO] [stdout] 
[INFO] [stdout] error[E0412]: cannot find type `_TASKS_START` in this scope
[INFO] [stdout]    --> src/i2s.rs:445:43
[INFO] [stdout]     |
[INFO] [stdout] 25  | impl I2S {
[INFO] [stdout]     |     - help: you might be missing a type parameter: `<_TASKS_START>`
[INFO] [stdout] ...
[INFO] [stdout] 445 |     pub fn task_start(&self) -> &Reg<u32, _TASKS_START> {
[INFO] [stdout]     |                                           ^^^^^^^^^^^^ not found in this scope
[INFO] [stdout] 
[INFO] [stdout] 
[INFO] [stdout] error[E0412]: cannot find type `Reg` in this scope
[INFO] [stdout]    --> src/i2s.rs:451:33
[INFO] [stdout]     |
[INFO] [stdout] 451 |     pub fn task_stop(&self) -> &Reg<u32, _TASKS_STOP> {
[INFO] [stdout]     |                                 ^^^ not found in this scope
[INFO] [stdout] 
[INFO] [stdout] 
[INFO] [stdout] error[E0412]: cannot find type `_TASKS_STOP` in this scope
[INFO] [stdout]    --> src/i2s.rs:451:42
[INFO] [stdout]     |
[INFO] [stdout] 25  | impl I2S {
[INFO] [stdout]     |     - help: you might be missing a type parameter: `<_TASKS_STOP>`
[INFO] [stdout] ...
[INFO] [stdout] 451 |     pub fn task_stop(&self) -> &Reg<u32, _TASKS_STOP> {
[INFO] [stdout]     |                                          ^^^^^^^^^^^ not found in this scope
[INFO] [stdout] 
[INFO] [stdout] 
[INFO] [stdout] error[E0412]: cannot find type `Reg` in this scope
[INFO] [stdout]    --> src/lpcomp.rs:131:32
[INFO] [stdout]     |
[INFO] [stdout] 131 |     pub fn event_up(&self) -> &Reg<u32, _EVENTS_UP> {
[INFO] [stdout]     |                                ^^^ not found in this scope
[INFO] [stdout] 
[INFO] [stdout] 
[INFO] [stdout] error[E0412]: cannot find type `_EVENTS_UP` in this scope
[INFO] [stdout]    --> src/lpcomp.rs:131:41
[INFO] [stdout]     |
[INFO] [stdout] 24  | impl LpComp {
[INFO] [stdout]     |     - help: you might be missing a type parameter: `<_EVENTS_UP>`
[INFO] [stdout] ...
[INFO] [stdout] 131 |     pub fn event_up(&self) -> &Reg<u32, _EVENTS_UP> {
[INFO] [stdout]     |                                         ^^^^^^^^^^ not found in this scope
[INFO] [stdout] 
[INFO] [stdout] 
[INFO] [stdout] error[E0412]: cannot find type `Reg` in this scope
[INFO] [stdout]    --> src/lpcomp.rs:137:34
[INFO] [stdout]     |
[INFO] [stdout] 137 |     pub fn event_down(&self) -> &Reg<u32, _EVENTS_DOWN> {
[INFO] [stdout]     |                                  ^^^ not found in this scope
[INFO] [stdout] 
[INFO] [stdout] 
[INFO] [stdout] error[E0412]: cannot find type `_EVENTS_DOWN` in this scope
[INFO] [stdout]    --> src/lpcomp.rs:137:43
[INFO] [stdout]     |
[INFO] [stdout] 24  | impl LpComp {
[INFO] [stdout]     |     - help: you might be missing a type parameter: `<_EVENTS_DOWN>`
[INFO] [stdout] ...
[INFO] [stdout] 137 |     pub fn event_down(&self) -> &Reg<u32, _EVENTS_DOWN> {
[INFO] [stdout]     |                                           ^^^^^^^^^^^^ not found in this scope
[INFO] [stdout] 
[INFO] [stdout] 
[INFO] [stdout] error[E0412]: cannot find type `Reg` in this scope
[INFO] [stdout]    --> src/lpcomp.rs:143:35
[INFO] [stdout]     |
[INFO] [stdout] 143 |     pub fn event_cross(&self) -> &Reg<u32, _EVENTS_CROSS> {
[INFO] [stdout]     |                                   ^^^ not found in this scope
[INFO] [stdout] 
[INFO] [stdout] 
[INFO] [stdout] error[E0412]: cannot find type `_EVENTS_CROSS` in this scope
[INFO] [stdout]    --> src/lpcomp.rs:143:44
[INFO] [stdout]     |
[INFO] [stdout] 24  | impl LpComp {
[INFO] [stdout]     |     - help: you might be missing a type parameter: `<_EVENTS_CROSS>`
[INFO] [stdout] ...
[INFO] [stdout] 143 |     pub fn event_cross(&self) -> &Reg<u32, _EVENTS_CROSS> {
[INFO] [stdout]     |                                            ^^^^^^^^^^^^^ not found in this scope
[INFO] [stdout] 
[INFO] [stdout] 
[INFO] [stdout] error[E0412]: cannot find type `PSEL_A` in this scope
[INFO] [stdout]    --> src/lpcomp.rs:231:22
[INFO] [stdout]     |
[INFO] [stdout] 231 |     fn ain(&self) -> PSEL_A;
[INFO] [stdout]     |                      ^^^^^^ not found in this scope
[INFO] [stdout] 
[INFO] [stdout] 
[INFO] [stdout] error[E0412]: cannot find type `EXTREFSEL_A` in this scope
[INFO] [stdout]    --> src/lpcomp.rs:235:23
[INFO] [stdout]     |
[INFO] [stdout] 235 |     fn aref(&self) -> EXTREFSEL_A;
[INFO] [stdout]     |                       ^^^^^^^^^^^ not found in this scope
[INFO] [stdout] 
[INFO] [stdout] 
[INFO] [stdout] error[E0412]: cannot find type `EXTREFSEL_A` in this scope
[INFO] [stdout]    --> src/lpcomp.rs:254:35
[INFO] [stdout]     |
[INFO] [stdout] 254 |                   fn aref(&self) -> EXTREFSEL_A {
[INFO] [stdout]     |                                     ^^^^^^^^^^^ not found in this scope
[INFO] [stdout] ...
[INFO] [stdout] 263 | / comp_ref_pins! {
[INFO] [stdout] 264 | |     P0_02<Input<Floating>> => EXTREFSEL_A::ANALOGREFERENCE0,
[INFO] [stdout] 265 | |     P0_03<Input<Floating>> => EXTREFSEL_A::ANALOGREFERENCE1,
[INFO] [stdout] 266 | | }
[INFO] [stdout]     | |_- in this macro invocation
[INFO] [stdout]     |
[INFO] [stdout]     = note: this error originates in the macro `comp_ref_pins` (in Nightly builds, run with -Z macro-backtrace for more info)
[INFO] [stdout] 
[INFO] [stdout] 
[INFO] [stdout] error[E0412]: cannot find type `PSEL_A` in this scope
[INFO] [stdout]    --> src/lpcomp.rs:242:34
[INFO] [stdout]     |
[INFO] [stdout] 242 |                   fn ain(&self) -> PSEL_A {
[INFO] [stdout]     |                                    ^^^^^^ not found in this scope
[INFO] [stdout] ...
[INFO] [stdout] 269 | / comp_input_pins! {
[INFO] [stdout] 270 | |     P0_02<Input<Floating>> => PSEL_A::ANALOGINPUT0,
[INFO] [stdout] 271 | |     P0_03<Input<Floating>> => PSEL_A::ANALOGINPUT1,
[INFO] [stdout] 272 | |     P0_04<Input<Floating>> => PSEL_A::ANALOGINPUT2,
[INFO] [stdout] ...   |
[INFO] [stdout] 277 | |     P0_31<Input<Floating>> => PSEL_A::ANALOGINPUT7,
[INFO] [stdout] 278 | | }
[INFO] [stdout]     | |_- in this macro invocation
[INFO] [stdout]     |
[INFO] [stdout]     = note: this error originates in the macro `comp_input_pins` (in Nightly builds, run with -Z macro-backtrace for more info)
[INFO] [stdout] 
[INFO] [stdout] 
[INFO] [stdout] error[E0412]: cannot find type `Reg` in this scope
[INFO] [stdout]    --> src/ppi/mod.rs:105:31
[INFO] [stdout]     |
[INFO] [stdout] 105 |     fn task_enable(&self) -> &Reg<u32, _EN>;
[INFO] [stdout]     |                               ^^^ not found in this scope
[INFO] [stdout] 
[INFO] [stdout] 
[INFO] [stdout] error[E0412]: cannot find type `_EN` in this scope
[INFO] [stdout]    --> src/ppi/mod.rs:105:40
[INFO] [stdout]     |
[INFO] [stdout] 103 | pub trait PpiChannelGroup: PpiChannelGroupSealed {
[INFO] [stdout]     |                          - help: you might be missing a type parameter: `<_EN>`
[INFO] [stdout] 104 |     /// Returns reference to `tasks_chg[x].en` endpoint for enabling channel group.
[INFO] [stdout] 105 |     fn task_enable(&self) -> &Reg<u32, _EN>;
[INFO] [stdout]     |                                        ^^^ not found in this scope
[INFO] [stdout] 
[INFO] [stdout] 
[INFO] [stdout] error[E0412]: cannot find type `Reg` in this scope
[INFO] [stdout]    --> src/ppi/mod.rs:107:32
[INFO] [stdout]     |
[INFO] [stdout] 107 |     fn task_disable(&self) -> &Reg<u32, _DIS>;
[INFO] [stdout]     |                                ^^^ not found in this scope
[INFO] [stdout] 
[INFO] [stdout] 
[INFO] [stdout] error[E0412]: cannot find type `_DIS` in this scope
[INFO] [stdout]    --> src/ppi/mod.rs:107:41
[INFO] [stdout]     |
[INFO] [stdout] 103 | pub trait PpiChannelGroup: PpiChannelGroupSealed {
[INFO] [stdout]     |                          - help: you might be missing a type parameter: `<_DIS>`
[INFO] [stdout] ...
[INFO] [stdout] 107 |     fn task_disable(&self) -> &Reg<u32, _DIS>;
[INFO] [stdout]     |                                         ^^^^ not found in this scope
[INFO] [stdout] 
[INFO] [stdout] 
[INFO] [stdout] error[E0412]: cannot find type `Reg` in this scope
[INFO] [stdout]    --> src/ppi/mod.rs:174:31
[INFO] [stdout]     |
[INFO] [stdout] 174 |     fn task_enable(&self) -> &Reg<u32, _EN> {
[INFO] [stdout]     |                               ^^^ not found in this scope
[INFO] [stdout] 
[INFO] [stdout] 
[INFO] [stdout] error[E0412]: cannot find type `_EN` in this scope
[INFO] [stdout]    --> src/ppi/mod.rs:174:40
[INFO] [stdout]     |
[INFO] [stdout] 172 | impl<G: ChannelGroup> PpiChannelGroup for G {
[INFO] [stdout]     |                     - help: you might be missing a type parameter: `, _EN`
[INFO] [stdout] 173 |     #[inline(always)]
[INFO] [stdout] 174 |     fn task_enable(&self) -> &Reg<u32, _EN> {
[INFO] [stdout]     |                                        ^^^ not found in this scope
[INFO] [stdout] 
[INFO] [stdout] 
[INFO] [stdout] error[E0412]: cannot find type `Reg` in this scope
[INFO] [stdout]    --> src/ppi/mod.rs:179:32
[INFO] [stdout]     |
[INFO] [stdout] 179 |     fn task_disable(&self) -> &Reg<u32, _DIS> {
[INFO] [stdout]     |                                ^^^ not found in this scope
[INFO] [stdout] 
[INFO] [stdout] 
[INFO] [stdout] error[E0412]: cannot find type `_DIS` in this scope
[INFO] [stdout]    --> src/ppi/mod.rs:179:41
[INFO] [stdout]     |
[INFO] [stdout] 172 | impl<G: ChannelGroup> PpiChannelGroup for G {
[INFO] [stdout]     |                     - help: you might be missing a type parameter: `, _DIS`
[INFO] [stdout] ...
[INFO] [stdout] 179 |     fn task_disable(&self) -> &Reg<u32, _DIS> {
[INFO] [stdout]     |                                         ^^^^ not found in this scope
[INFO] [stdout] 
[INFO] [stdout] 
[INFO] [stdout] error[E0412]: cannot find type `Reg` in this scope
[INFO] [stdout]    --> src/pwm.rs:626:37
[INFO] [stdout]     |
[INFO] [stdout] 626 |     pub fn event_stopped(&self) -> &Reg<u32, _EVENTS_STOPPED> {
[INFO] [stdout]     |                                     ^^^ not found in this scope
[INFO] [stdout] 
[INFO] [stdout] 
[INFO] [stdout] error[E0412]: cannot find type `_EVENTS_STOPPED` in this scope
[INFO] [stdout]    --> src/pwm.rs:626:46
[INFO] [stdout]     |
[INFO] [stdout] 30  | impl<T> Pwm<T>
[INFO] [stdout]     |       - help: you might be missing a type parameter: `, _EVENTS_STOPPED`
[INFO] [stdout] ...
[INFO] [stdout] 626 |     pub fn event_stopped(&self) -> &Reg<u32, _EVENTS_STOPPED> {
[INFO] [stdout]     |                                              ^^^^^^^^^^^^^^^ not found in this scope
[INFO] [stdout] 
[INFO] [stdout] 
[INFO] [stdout] error[E0412]: cannot find type `Reg` in this scope
[INFO] [stdout]    --> src/pwm.rs:632:40
[INFO] [stdout]     |
[INFO] [stdout] 632 |     pub fn event_loops_done(&self) -> &Reg<u32, _EVENTS_LOOPSDONE> {
[INFO] [stdout]     |                                        ^^^ not found in this scope
[INFO] [stdout] 
[INFO] [stdout] 
[INFO] [stdout] error[E0412]: cannot find type `_EVENTS_LOOPSDONE` in this scope
[INFO] [stdout]    --> src/pwm.rs:632:49
[INFO] [stdout]     |
[INFO] [stdout] 30  | impl<T> Pwm<T>
[INFO] [stdout]     |       - help: you might be missing a type parameter: `, _EVENTS_LOOPSDONE`
[INFO] [stdout] ...
[INFO] [stdout] 632 |     pub fn event_loops_done(&self) -> &Reg<u32, _EVENTS_LOOPSDONE> {
[INFO] [stdout]     |                                                 ^^^^^^^^^^^^^^^^^ not found in this scope
[INFO] [stdout] 
[INFO] [stdout] 
[INFO] [stdout] error[E0412]: cannot find type `Reg` in this scope
[INFO] [stdout]    --> src/pwm.rs:638:44
[INFO] [stdout]     |
[INFO] [stdout] 638 |     pub fn event_pwm_period_end(&self) -> &Reg<u32, _EVENTS_PWMPERIODEND> {
[INFO] [stdout]     |                                            ^^^ not found in this scope
[INFO] [stdout] 
[INFO] [stdout] 
[INFO] [stdout] error[E0412]: cannot find type `_EVENTS_PWMPERIODEND` in this scope
[INFO] [stdout]    --> src/pwm.rs:638:53
[INFO] [stdout]     |
[INFO] [stdout] 30  | impl<T> Pwm<T>
[INFO] [stdout]     |       - help: you might be missing a type parameter: `, _EVENTS_PWMPERIODEND`
[INFO] [stdout] ...
[INFO] [stdout] 638 |     pub fn event_pwm_period_end(&self) -> &Reg<u32, _EVENTS_PWMPERIODEND> {
[INFO] [stdout]     |                                                     ^^^^^^^^^^^^^^^^^^^^ not found in this scope
[INFO] [stdout] 
[INFO] [stdout] 
[INFO] [stdout] error[E0412]: cannot find type `Reg` in this scope
[INFO] [stdout]    --> src/pwm.rs:644:38
[INFO] [stdout]     |
[INFO] [stdout] 644 |     pub fn event_seq0_end(&self) -> &Reg<u32, _EVENTS_SEQEND> {
[INFO] [stdout]     |                                      ^^^ not found in this scope
[INFO] [stdout] 
[INFO] [stdout] 
[INFO] [stdout] error[E0412]: cannot find type `_EVENTS_SEQEND` in this scope
[INFO] [stdout]    --> src/pwm.rs:644:47
[INFO] [stdout]     |
[INFO] [stdout] 30  | impl<T> Pwm<T>
[INFO] [stdout]     |       - help: you might be missing a type parameter: `, _EVENTS_SEQEND`
[INFO] [stdout] ...
[INFO] [stdout] 644 |     pub fn event_seq0_end(&self) -> &Reg<u32, _EVENTS_SEQEND> {
[INFO] [stdout]     |                                               ^^^^^^^^^^^^^^ not found in this scope
[INFO] [stdout] 
[INFO] [stdout] 
[INFO] [stdout] error[E0412]: cannot find type `Reg` in this scope
[INFO] [stdout]    --> src/pwm.rs:650:38
[INFO] [stdout]     |
[INFO] [stdout] 650 |     pub fn event_seq1_end(&self) -> &Reg<u32, _EVENTS_SEQEND> {
[INFO] [stdout]     |                                      ^^^ not found in this scope
[INFO] [stdout] 
[INFO] [stdout] 
[INFO] [stdout] error[E0412]: cannot find type `_EVENTS_SEQEND` in this scope
[INFO] [stdout]    --> src/pwm.rs:650:47
[INFO] [stdout]     |
[INFO] [stdout] 30  | impl<T> Pwm<T>
[INFO] [stdout]     |       - help: you might be missing a type parameter: `, _EVENTS_SEQEND`
[INFO] [stdout] ...
[INFO] [stdout] 650 |     pub fn event_seq1_end(&self) -> &Reg<u32, _EVENTS_SEQEND> {
[INFO] [stdout]     |                                               ^^^^^^^^^^^^^^ not found in this scope
[INFO] [stdout] 
[INFO] [stdout] 
[INFO] [stdout] error[E0412]: cannot find type `Reg` in this scope
[INFO] [stdout]    --> src/pwm.rs:656:42
[INFO] [stdout]     |
[INFO] [stdout] 656 |     pub fn event_seq0_started(&self) -> &Reg<u32, _EVENTS_SEQSTARTED> {
[INFO] [stdout]     |                                          ^^^ not found in this scope
[INFO] [stdout] 
[INFO] [stdout] 
[INFO] [stdout] error[E0412]: cannot find type `_EVENTS_SEQSTARTED` in this scope
[INFO] [stdout]    --> src/pwm.rs:656:51
[INFO] [stdout]     |
[INFO] [stdout] 30  | impl<T> Pwm<T>
[INFO] [stdout]     |       - help: you might be missing a type parameter: `, _EVENTS_SEQSTARTED`
[INFO] [stdout] ...
[INFO] [stdout] 656 |     pub fn event_seq0_started(&self) -> &Reg<u32, _EVENTS_SEQSTARTED> {
[INFO] [stdout]     |                                                   ^^^^^^^^^^^^^^^^^^ not found in this scope
[INFO] [stdout] 
[INFO] [stdout] 
[INFO] [stdout] error[E0412]: cannot find type `Reg` in this scope
[INFO] [stdout]    --> src/pwm.rs:662:42
[INFO] [stdout]     |
[INFO] [stdout] 662 |     pub fn event_seq1_started(&self) -> &Reg<u32, _EVENTS_SEQSTARTED> {
[INFO] [stdout]     |                                          ^^^ not found in this scope
[INFO] [stdout] 
[INFO] [stdout] 
[INFO] [stdout] error[E0412]: cannot find type `_EVENTS_SEQSTARTED` in this scope
[INFO] [stdout]    --> src/pwm.rs:662:51
[INFO] [stdout]     |
[INFO] [stdout] 30  | impl<T> Pwm<T>
[INFO] [stdout]     |       - help: you might be missing a type parameter: `, _EVENTS_SEQSTARTED`
[INFO] [stdout] ...
[INFO] [stdout] 662 |     pub fn event_seq1_started(&self) -> &Reg<u32, _EVENTS_SEQSTARTED> {
[INFO] [stdout]     |                                                   ^^^^^^^^^^^^^^^^^^ not found in this scope
[INFO] [stdout] 
[INFO] [stdout] 
[INFO] [stdout] error[E0412]: cannot find type `Reg` in this scope
[INFO] [stdout]    --> src/pwm.rs:668:39
[INFO] [stdout]     |
[INFO] [stdout] 668 |     pub fn task_start_seq0(&self) -> &Reg<u32, _TASKS_SEQSTART> {
[INFO] [stdout]     |                                       ^^^ not found in this scope
[INFO] [stdout] 
[INFO] [stdout] 
[INFO] [stdout] error[E0412]: cannot find type `_TASKS_SEQSTART` in this scope
[INFO] [stdout]    --> src/pwm.rs:668:48
[INFO] [stdout]     |
[INFO] [stdout] 30  | impl<T> Pwm<T>
[INFO] [stdout]     |       - help: you might be missing a type parameter: `, _TASKS_SEQSTART`
[INFO] [stdout] ...
[INFO] [stdout] 668 |     pub fn task_start_seq0(&self) -> &Reg<u32, _TASKS_SEQSTART> {
[INFO] [stdout]     |                                                ^^^^^^^^^^^^^^^ not found in this scope
[INFO] [stdout] 
[INFO] [stdout] 
[INFO] [stdout] error[E0412]: cannot find type `Reg` in this scope
[INFO] [stdout]    --> src/pwm.rs:674:39
[INFO] [stdout]     |
[INFO] [stdout] 674 |     pub fn task_start_seq1(&self) -> &Reg<u32, _TASKS_SEQSTART> {
[INFO] [stdout]     |                                       ^^^ not found in this scope
[INFO] [stdout] 
[INFO] [stdout] 
[INFO] [stdout] error[E0412]: cannot find type `_TASKS_SEQSTART` in this scope
[INFO] [stdout]    --> src/pwm.rs:674:48
[INFO] [stdout]     |
[INFO] [stdout] 30  | impl<T> Pwm<T>
[INFO] [stdout]     |       - help: you might be missing a type parameter: `, _TASKS_SEQSTART`
[INFO] [stdout] ...
[INFO] [stdout] 674 |     pub fn task_start_seq1(&self) -> &Reg<u32, _TASKS_SEQSTART> {
[INFO] [stdout]     |                                                ^^^^^^^^^^^^^^^ not found in this scope
[INFO] [stdout] 
[INFO] [stdout] 
[INFO] [stdout] error[E0412]: cannot find type `Reg` in this scope
[INFO] [stdout]    --> src/pwm.rs:680:38
[INFO] [stdout]     |
[INFO] [stdout] 680 |     pub fn task_next_step(&self) -> &Reg<u32, _TASKS_NEXTSTEP> {
[INFO] [stdout]     |                                      ^^^ not found in this scope
[INFO] [stdout] 
[INFO] [stdout] 
[INFO] [stdout] error[E0412]: cannot find type `_TASKS_NEXTSTEP` in this scope
[INFO] [stdout]    --> src/pwm.rs:680:47
[INFO] [stdout]     |
[INFO] [stdout] 30  | impl<T> Pwm<T>
[INFO] [stdout]     |       - help: you might be missing a type parameter: `, _TASKS_NEXTSTEP`
[INFO] [stdout] ...
[INFO] [stdout] 680 |     pub fn task_next_step(&self) -> &Reg<u32, _TASKS_NEXTSTEP> {
[INFO] [stdout]     |                                               ^^^^^^^^^^^^^^^ not found in this scope
[INFO] [stdout] 
[INFO] [stdout] 
[INFO] [stdout] error[E0412]: cannot find type `Reg` in this scope
[INFO] [stdout]    --> src/pwm.rs:686:33
[INFO] [stdout]     |
[INFO] [stdout] 686 |     pub fn task_stop(&self) -> &Reg<u32, _TASKS_STOP> {
[INFO] [stdout]     |                                 ^^^ not found in this scope
[INFO] [stdout] 
[INFO] [stdout] 
[INFO] [stdout] error[E0412]: cannot find type `_TASKS_STOP` in this scope
[INFO] [stdout]    --> src/pwm.rs:686:42
[INFO] [stdout]     |
[INFO] [stdout] 30  | impl<T> Pwm<T>
[INFO] [stdout]     |       - help: you might be missing a type parameter: `, _TASKS_STOP`
[INFO] [stdout] ...
[INFO] [stdout] 686 |     pub fn task_stop(&self) -> &Reg<u32, _TASKS_STOP> {
[INFO] [stdout]     |                                          ^^^^^^^^^^^ not found in this scope
[INFO] [stdout] 
[INFO] [stdout] 
[INFO] [stdout] error[E0412]: cannot find type `RegisterBlock` in this scope
[INFO] [stdout]     --> src/pwm.rs:1064:53
[INFO] [stdout]      |
[INFO] [stdout] 1064 | pub trait Instance: sealed::Sealed + Deref<Target = RegisterBlock> {
[INFO] [stdout]      |                                                     ^^^^^^^^^^^^^ not found in this scope
[INFO] [stdout]      |
[INFO] [stdout] help: consider importing one of these items
[INFO] [stdout]      |
[INFO] [stdout] 6    | use cortex_m::peripheral::cbp::RegisterBlock;
[INFO] [stdout]      |
[INFO] [stdout] 6    | use cortex_m::peripheral::cpuid::RegisterBlock;
[INFO] [stdout]      |
[INFO] [stdout] 6    | use cortex_m::peripheral::dcb::RegisterBlock;
[INFO] [stdout]      |
[INFO] [stdout] 6    | use cortex_m::peripheral::dwt::RegisterBlock;
[INFO] [stdout]      |
[INFO] [stdout]        and 8 other candidates
[INFO] [stdout] 
[INFO] [stdout] 
[INFO] [stdout] error[E0412]: cannot find type `Resolution` in this scope
[INFO] [stdout]    --> src/saadc.rs:103:21
[INFO] [stdout]     |
[INFO] [stdout] 103 |     pub resolution: Resolution,
[INFO] [stdout]     |                     ^^^^^^^^^^ not found in this scope
[INFO] [stdout] 
[INFO] [stdout] 
[INFO] [stdout] error[E0412]: cannot find type `Oversample` in this scope
[INFO] [stdout]    --> src/saadc.rs:105:21
[INFO] [stdout]     |
[INFO] [stdout] 105 |     pub oversample: Oversample,
[INFO] [stdout]     |                     ^^^^^^^^^^ not found in this scope
[INFO] [stdout] 
[INFO] [stdout] 
[INFO] [stdout] error[E0412]: cannot find type `Reference` in this scope
[INFO] [stdout]    --> src/saadc.rs:107:20
[INFO] [stdout]     |
[INFO] [stdout] 107 |     pub reference: Reference,
[INFO] [stdout]     |                    ^^^^^^^^^ not found in this scope
[INFO] [stdout] 
[INFO] [stdout] 
[INFO] [stdout] error[E0412]: cannot find type `Gain` in this scope
[INFO] [stdout]    --> src/saadc.rs:109:15
[INFO] [stdout]     |
[INFO] [stdout] 109 |     pub gain: Gain,
[INFO] [stdout]     |               ^^^^ not found in this scope
[INFO] [stdout] 
[INFO] [stdout] 
[INFO] [stdout] error[E0412]: cannot find type `Resistor` in this scope
[INFO] [stdout]    --> src/saadc.rs:111:19
[INFO] [stdout]     |
[INFO] [stdout] 111 |     pub resistor: Resistor,
[INFO] [stdout]     |                   ^^^^^^^^ not found in this scope
[INFO] [stdout] 
[INFO] [stdout] 
[INFO] [stdout] error[E0412]: cannot find type `Time` in this scope
[INFO] [stdout]    --> src/saadc.rs:113:15
[INFO] [stdout]     |
[INFO] [stdout] 113 |     pub time: Time,
[INFO] [stdout]     |               ^^^^ not found in this scope
[INFO] [stdout] 
[INFO] [stdout] 
[INFO] [stdout] error[E0412]: cannot find type `Frequency` in this scope
[INFO] [stdout]    --> src/spim.rs:100:48
[INFO] [stdout]     |
[INFO] [stdout] 100 |     pub fn new(spim: T, pins: Pins, frequency: Frequency, mode: Mode, orc: u8) -> Self {
[INFO] [stdout]     |                                                ^^^^^^^^^ not found in this scope
[INFO] [stdout] 
[INFO] [stdout] 
[INFO] [stdout] error[E0412]: cannot find type `Reg` in this scope
[INFO] [stdout]    --> src/spis.rs:288:38
[INFO] [stdout]     |
[INFO] [stdout] 288 |     pub fn event_acquired(&self) -> &Reg<u32, _EVENTS_ACQUIRED> {
[INFO] [stdout]     |                                      ^^^ not found in this scope
[INFO] [stdout] 
[INFO] [stdout] 
[INFO] [stdout] error[E0412]: cannot find type `_EVENTS_ACQUIRED` in this scope
[INFO] [stdout]    --> src/spis.rs:288:47
[INFO] [stdout]     |
[INFO] [stdout] 43  | impl<T> Spis<T>
[INFO] [stdout]     |       - help: you might be missing a type parameter: `, _EVENTS_ACQUIRED`
[INFO] [stdout] ...
[INFO] [stdout] 288 |     pub fn event_acquired(&self) -> &Reg<u32, _EVENTS_ACQUIRED> {
[INFO] [stdout]     |                                               ^^^^^^^^^^^^^^^^ not found in this scope
[INFO] [stdout] 
[INFO] [stdout] 
[INFO] [stdout] error[E0412]: cannot find type `Reg` in this scope
[INFO] [stdout]    --> src/spis.rs:294:33
[INFO] [stdout]     |
[INFO] [stdout] 294 |     pub fn event_end(&self) -> &Reg<u32, _EVENTS_END> {
[INFO] [stdout]     |                                 ^^^ not found in this scope
[INFO] [stdout] 
[INFO] [stdout] 
[INFO] [stdout] error[E0412]: cannot find type `_EVENTS_END` in this scope
[INFO] [stdout]    --> src/spis.rs:294:42
[INFO] [stdout]     |
[INFO] [stdout] 43  | impl<T> Spis<T>
[INFO] [stdout]     |       - help: you might be missing a type parameter: `, _EVENTS_END`
[INFO] [stdout] ...
[INFO] [stdout] 294 |     pub fn event_end(&self) -> &Reg<u32, _EVENTS_END> {
[INFO] [stdout]     |                                          ^^^^^^^^^^^ not found in this scope
[INFO] [stdout] 
[INFO] [stdout] 
[INFO] [stdout] error[E0412]: cannot find type `Reg` in this scope
[INFO] [stdout]    --> src/spis.rs:300:36
[INFO] [stdout]     |
[INFO] [stdout] 300 |     pub fn event_end_rx(&self) -> &Reg<u32, _EVENTS_ENDRX> {
[INFO] [stdout]     |                                    ^^^ not found in this scope
[INFO] [stdout] 
[INFO] [stdout] 
[INFO] [stdout] error[E0412]: cannot find type `_EVENTS_ENDRX` in this scope
[INFO] [stdout]    --> src/spis.rs:300:45
[INFO] [stdout]     |
[INFO] [stdout] 43  | impl<T> Spis<T>
[INFO] [stdout]     |       - help: you might be missing a type parameter: `, _EVENTS_ENDRX`
[INFO] [stdout] ...
[INFO] [stdout] 300 |     pub fn event_end_rx(&self) -> &Reg<u32, _EVENTS_ENDRX> {
[INFO] [stdout]     |                                             ^^^^^^^^^^^^^ not found in this scope
[INFO] [stdout] 
[INFO] [stdout] 
[INFO] [stdout] error[E0412]: cannot find type `Reg` in this scope
[INFO] [stdout]    --> src/spis.rs:306:36
[INFO] [stdout]     |
[INFO] [stdout] 306 |     pub fn task_acquire(&self) -> &Reg<u32, _TASKS_ACQUIRE> {
[INFO] [stdout]     |                                    ^^^ not found in this scope
[INFO] [stdout] 
[INFO] [stdout] 
[INFO] [stdout] error[E0412]: cannot find type `_TASKS_ACQUIRE` in this scope
[INFO] [stdout]    --> src/spis.rs:306:45
[INFO] [stdout]     |
[INFO] [stdout] 43  | impl<T> Spis<T>
[INFO] [stdout]     |       - help: you might be missing a type parameter: `, _TASKS_ACQUIRE`
[INFO] [stdout] ...
[INFO] [stdout] 306 |     pub fn task_acquire(&self) -> &Reg<u32, _TASKS_ACQUIRE> {
[INFO] [stdout]     |                                             ^^^^^^^^^^^^^^ not found in this scope
[INFO] [stdout] 
[INFO] [stdout] 
[INFO] [stdout] error[E0412]: cannot find type `Reg` in this scope
[INFO] [stdout]    --> src/spis.rs:312:36
[INFO] [stdout]     |
[INFO] [stdout] 312 |     pub fn task_release(&self) -> &Reg<u32, _TASKS_RELEASE> {
[INFO] [stdout]     |                                    ^^^ not found in this scope
[INFO] [stdout] 
[INFO] [stdout] 
[INFO] [stdout] error[E0412]: cannot find type `_TASKS_RELEASE` in this scope
[INFO] [stdout]    --> src/spis.rs:312:45
[INFO] [stdout]     |
[INFO] [stdout] 43  | impl<T> Spis<T>
[INFO] [stdout]     |       - help: you might be missing a type parameter: `, _TASKS_RELEASE`
[INFO] [stdout] ...
[INFO] [stdout] 312 |     pub fn task_release(&self) -> &Reg<u32, _TASKS_RELEASE> {
[INFO] [stdout]     |                                             ^^^^^^^^^^^^^^ not found in this scope
[INFO] [stdout] 
[INFO] [stdout] 
[INFO] [stdout] error[E0412]: cannot find type `SPIS1` in module `super`
[INFO] [stdout]    --> src/spis.rs:597:28
[INFO] [stdout]     |
[INFO] [stdout] 597 |     impl Sealed for super::SPIS1 {}
[INFO] [stdout]     |                            ^^^^^ not found in `super`
[INFO] [stdout] 
[INFO] [stdout] 
[INFO] [stdout] error[E0412]: cannot find type `SPIS2` in module `super`
[INFO] [stdout]    --> src/spis.rs:599:28
[INFO] [stdout]     |
[INFO] [stdout] 599 |     impl Sealed for super::SPIS2 {}
[INFO] [stdout]     |                            ^^^^^ not found in `super`
[INFO] [stdout] 
[INFO] [stdout] 
[INFO] [stdout] error[E0412]: cannot find type `SPIS1` in this scope
[INFO] [stdout]    --> src/spis.rs:618:19
[INFO] [stdout]     |
[INFO] [stdout] 618 | impl Instance for SPIS1 {
[INFO] [stdout]     |                   ^^^^^ not found in this scope
[INFO] [stdout] 
[INFO] [stdout] 
[INFO] [stdout] error[E0412]: cannot find type `SPIS2` in this scope
[INFO] [stdout]    --> src/spis.rs:626:19
[INFO] [stdout]     |
[INFO] [stdout] 626 | impl Instance for SPIS2 {
[INFO] [stdout]     |                   ^^^^^ not found in this scope
[INFO] [stdout] 
[INFO] [stdout] 
[INFO] [stdout] error[E0412]: cannot find type `Reg` in this scope
[INFO] [stdout]    --> src/timer.rs:156:34
[INFO] [stdout]     |
[INFO] [stdout] 156 |     pub fn task_start(&self) -> &Reg<u32, _TASKS_START> {
[INFO] [stdout]     |                                  ^^^ not found in this scope
[INFO] [stdout] 
[INFO] [stdout] 
[INFO] [stdout] error[E0412]: cannot find type `_TASKS_START` in this scope
[INFO] [stdout]    --> src/timer.rs:156:43
[INFO] [stdout]     |
[INFO] [stdout] 89  | impl<T, U> Timer<T, U>
[INFO] [stdout]     |          - help: you might be missing a type parameter: `, _TASKS_START`
[INFO] [stdout] ...
[INFO] [stdout] 156 |     pub fn task_start(&self) -> &Reg<u32, _TASKS_START> {
[INFO] [stdout]     |                                           ^^^^^^^^^^^^ not found in this scope
[INFO] [stdout] 
[INFO] [stdout] 
[INFO] [stdout] error[E0412]: cannot find type `Reg` in this scope
[INFO] [stdout]    --> src/timer.rs:163:33
[INFO] [stdout]     |
[INFO] [stdout] 163 |     pub fn task_stop(&self) -> &Reg<u32, _TASKS_STOP> {
[INFO] [stdout]     |                                 ^^^ not found in this scope
[INFO] [stdout] 
[INFO] [stdout] 
[INFO] [stdout] error[E0412]: cannot find type `_TASKS_STOP` in this scope
[INFO] [stdout]    --> src/timer.rs:163:42
[INFO] [stdout]     |
[INFO] [stdout] 89  | impl<T, U> Timer<T, U>
[INFO] [stdout]     |          - help: you might be missing a type parameter: `, _TASKS_STOP`
[INFO] [stdout] ...
[INFO] [stdout] 163 |     pub fn task_stop(&self) -> &Reg<u32, _TASKS_STOP> {
[INFO] [stdout]     |                                          ^^^^^^^^^^^ not found in this scope
[INFO] [stdout] 
[INFO] [stdout] 
[INFO] [stdout] error[E0412]: cannot find type `Reg` in this scope
[INFO] [stdout]    --> src/timer.rs:170:34
[INFO] [stdout]     |
[INFO] [stdout] 170 |     pub fn task_count(&self) -> &Reg<u32, _TASKS_COUNT> {
[INFO] [stdout]     |                                  ^^^ not found in this scope
[INFO] [stdout] 
[INFO] [stdout] 
[INFO] [stdout] error[E0412]: cannot find type `_TASKS_COUNT` in this scope
[INFO] [stdout]    --> src/timer.rs:170:43
[INFO] [stdout]     |
[INFO] [stdout] 89  | impl<T, U> Timer<T, U>
[INFO] [stdout]     |          - help: you might be missing a type parameter: `, _TASKS_COUNT`
[INFO] [stdout] ...
[INFO] [stdout] 170 |     pub fn task_count(&self) -> &Reg<u32, _TASKS_COUNT> {
[INFO] [stdout]     |                                           ^^^^^^^^^^^^ not found in this scope
[INFO] [stdout] 
[INFO] [stdout] 
[INFO] [stdout] error[E0412]: cannot find type `Reg` in this scope
[INFO] [stdout]    --> src/timer.rs:177:34
[INFO] [stdout]     |
[INFO] [stdout] 177 |     pub fn task_clear(&self) -> &Reg<u32, _TASKS_CLEAR> {
[INFO] [stdout]     |                                  ^^^ not found in this scope
[INFO] [stdout] 
[INFO] [stdout] 
[INFO] [stdout] error[E0412]: cannot find type `_TASKS_CLEAR` in this scope
[INFO] [stdout]    --> src/timer.rs:177:43
[INFO] [stdout]     |
[INFO] [stdout] 89  | impl<T, U> Timer<T, U>
[INFO] [stdout]     |          - help: you might be missing a type parameter: `, _TASKS_CLEAR`
[INFO] [stdout] ...
[INFO] [stdout] 177 |     pub fn task_clear(&self) -> &Reg<u32, _TASKS_CLEAR> {
[INFO] [stdout]     |                                           ^^^^^^^^^^^^ not found in this scope
[INFO] [stdout] 
[INFO] [stdout] 
[INFO] [stdout] error[E0412]: cannot find type `Reg` in this scope
[INFO] [stdout]    --> src/timer.rs:184:40
[INFO] [stdout]     |
[INFO] [stdout] 184 |     pub fn task_capture_cc0(&self) -> &Reg<u32, _TASKS_CAPTURE> {
[INFO] [stdout]     |                                        ^^^ not found in this scope
[INFO] [stdout] 
[INFO] [stdout] 
[INFO] [stdout] error[E0412]: cannot find type `_TASKS_CAPTURE` in this scope
[INFO] [stdout]    --> src/timer.rs:184:49
[INFO] [stdout]     |
[INFO] [stdout] 89  | impl<T, U> Timer<T, U>
[INFO] [stdout]     |          - help: you might be missing a type parameter: `, _TASKS_CAPTURE`
[INFO] [stdout] ...
[INFO] [stdout] 184 |     pub fn task_capture_cc0(&self) -> &Reg<u32, _TASKS_CAPTURE> {
[INFO] [stdout]     |                                                 ^^^^^^^^^^^^^^ not found in this scope
[INFO] [stdout] 
[INFO] [stdout] 
[INFO] [stdout] error[E0412]: cannot find type `Reg` in this scope
[INFO] [stdout]    --> src/timer.rs:191:40
[INFO] [stdout]     |
[INFO] [stdout] 191 |     pub fn task_capture_cc1(&self) -> &Reg<u32, _TASKS_CAPTURE> {
[INFO] [stdout]     |                                        ^^^ not found in this scope
[INFO] [stdout] 
[INFO] [stdout] 
[INFO] [stdout] error[E0412]: cannot find type `_TASKS_CAPTURE` in this scope
[INFO] [stdout]    --> src/timer.rs:191:49
[INFO] [stdout]     |
[INFO] [stdout] 89  | impl<T, U> Timer<T, U>
[INFO] [stdout]     |          - help: you might be missing a type parameter: `, _TASKS_CAPTURE`
[INFO] [stdout] ...
[INFO] [stdout] 191 |     pub fn task_capture_cc1(&self) -> &Reg<u32, _TASKS_CAPTURE> {
[INFO] [stdout]     |                                                 ^^^^^^^^^^^^^^ not found in this scope
[INFO] [stdout] 
[INFO] [stdout] 
[INFO] [stdout] error[E0412]: cannot find type `Reg` in this scope
[INFO] [stdout]    --> src/timer.rs:198:40
[INFO] [stdout]     |
[INFO] [stdout] 198 |     pub fn task_capture_cc2(&self) -> &Reg<u32, _TASKS_CAPTURE> {
[INFO] [stdout]     |                                        ^^^ not found in this scope
[INFO] [stdout] 
[INFO] [stdout] 
[INFO] [stdout] error[E0412]: cannot find type `_TASKS_CAPTURE` in this scope
[INFO] [stdout]    --> src/timer.rs:198:49
[INFO] [stdout]     |
[INFO] [stdout] 89  | impl<T, U> Timer<T, U>
[INFO] [stdout]     |          - help: you might be missing a type parameter: `, _TASKS_CAPTURE`
[INFO] [stdout] ...
[INFO] [stdout] 198 |     pub fn task_capture_cc2(&self) -> &Reg<u32, _TASKS_CAPTURE> {
[INFO] [stdout]     |                                                 ^^^^^^^^^^^^^^ not found in this scope
[INFO] [stdout] 
[INFO] [stdout] 
[INFO] [stdout] error[E0412]: cannot find type `Reg` in this scope
[INFO] [stdout]    --> src/timer.rs:205:40
[INFO] [stdout]     |
[INFO] [stdout] 205 |     pub fn task_capture_cc3(&self) -> &Reg<u32, _TASKS_CAPTURE> {
[INFO] [stdout]     |                                        ^^^ not found in this scope
[INFO] [stdout] 
[INFO] [stdout] 
[INFO] [stdout] error[E0412]: cannot find type `_TASKS_CAPTURE` in this scope
[INFO] [stdout]    --> src/timer.rs:205:49
[INFO] [stdout]     |
[INFO] [stdout] 89  | impl<T, U> Timer<T, U>
[INFO] [stdout]     |          - help: you might be missing a type parameter: `, _TASKS_CAPTURE`
[INFO] [stdout] ...
[INFO] [stdout] 205 |     pub fn task_capture_cc3(&self) -> &Reg<u32, _TASKS_CAPTURE> {
[INFO] [stdout]     |                                                 ^^^^^^^^^^^^^^ not found in this scope
[INFO] [stdout] 
[INFO] [stdout] 
[INFO] [stdout] error[E0412]: cannot find type `Reg` in this scope
[INFO] [stdout]    --> src/timer.rs:213:41
[INFO] [stdout]     |
[INFO] [stdout] 213 |     pub fn event_compare_cc0(&self) -> &Reg<u32, _EVENTS_COMPARE> {
[INFO] [stdout]     |                                         ^^^ not found in this scope
[INFO] [stdout] 
[INFO] [stdout] 
[INFO] [stdout] error[E0412]: cannot find type `_EVENTS_COMPARE` in this scope
[INFO] [stdout]    --> src/timer.rs:213:50
[INFO] [stdout]     |
[INFO] [stdout] 89  | impl<T, U> Timer<T, U>
[INFO] [stdout]     |          - help: you might be missing a type parameter: `, _EVENTS_COMPARE`
[INFO] [stdout] ...
[INFO] [stdout] 213 |     pub fn event_compare_cc0(&self) -> &Reg<u32, _EVENTS_COMPARE> {
[INFO] [stdout]     |                                                  ^^^^^^^^^^^^^^^ not found in this scope
[INFO] [stdout] 
[INFO] [stdout] 
[INFO] [stdout] error[E0412]: cannot find type `Reg` in this scope
[INFO] [stdout]    --> src/timer.rs:221:41
[INFO] [stdout]     |
[INFO] [stdout] 221 |     pub fn event_compare_cc1(&self) -> &Reg<u32, _EVENTS_COMPARE> {
[INFO] [stdout]     |                                         ^^^ not found in this scope
[INFO] [stdout] 
[INFO] [stdout] 
[INFO] [stdout] error[E0412]: cannot find type `_EVENTS_COMPARE` in this scope
[INFO] [stdout]    --> src/timer.rs:221:50
[INFO] [stdout]     |
[INFO] [stdout] 89  | impl<T, U> Timer<T, U>
[INFO] [stdout]     |          - help: you might be missing a type parameter: `, _EVENTS_COMPARE`
[INFO] [stdout] ...
[INFO] [stdout] 221 |     pub fn event_compare_cc1(&self) -> &Reg<u32, _EVENTS_COMPARE> {
[INFO] [stdout]     |                                                  ^^^^^^^^^^^^^^^ not found in this scope
[INFO] [stdout] 
[INFO] [stdout] 
[INFO] [stdout] error[E0412]: cannot find type `Reg` in this scope
[INFO] [stdout]    --> src/timer.rs:229:41
[INFO] [stdout]     |
[INFO] [stdout] 229 |     pub fn event_compare_cc2(&self) -> &Reg<u32, _EVENTS_COMPARE> {
[INFO] [stdout]     |                                         ^^^ not found in this scope
[INFO] [stdout] 
[INFO] [stdout] 
[INFO] [stdout] error[E0412]: cannot find type `_EVENTS_COMPARE` in this scope
[INFO] [stdout]    --> src/timer.rs:229:50
[INFO] [stdout]     |
[INFO] [stdout] 89  | impl<T, U> Timer<T, U>
[INFO] [stdout]     |          - help: you might be missing a type parameter: `, _EVENTS_COMPARE`
[INFO] [stdout] ...
[INFO] [stdout] 229 |     pub fn event_compare_cc2(&self) -> &Reg<u32, _EVENTS_COMPARE> {
[INFO] [stdout]     |                                                  ^^^^^^^^^^^^^^^ not found in this scope
[INFO] [stdout] 
[INFO] [stdout] 
[INFO] [stdout] error[E0412]: cannot find type `Reg` in this scope
[INFO] [stdout]    --> src/timer.rs:237:41
[INFO] [stdout]     |
[INFO] [stdout] 237 |     pub fn event_compare_cc3(&self) -> &Reg<u32, _EVENTS_COMPARE> {
[INFO] [stdout]     |                                         ^^^ not found in this scope
[INFO] [stdout] 
[INFO] [stdout] 
[INFO] [stdout] error[E0412]: cannot find type `_EVENTS_COMPARE` in this scope
[INFO] [stdout]    --> src/timer.rs:237:50
[INFO] [stdout]     |
[INFO] [stdout] 89  | impl<T, U> Timer<T, U>
[INFO] [stdout]     |          - help: you might be missing a type parameter: `, _EVENTS_COMPARE`
[INFO] [stdout] ...
[INFO] [stdout] 237 |     pub fn event_compare_cc3(&self) -> &Reg<u32, _EVENTS_COMPARE> {
[INFO] [stdout]     |                                                  ^^^^^^^^^^^^^^^ not found in this scope
[INFO] [stdout] 
[INFO] [stdout] 
[INFO] [stdout] error[E0412]: cannot find type `RegBlock0` in this scope
[INFO] [stdout]    --> src/timer.rs:353:29
[INFO] [stdout]     |
[INFO] [stdout] 353 |     fn as_timer0(&self) -> &RegBlock0;
[INFO] [stdout]     |                             ^^^^^^^^^ not found in this scope
[INFO] [stdout] 
[INFO] [stdout] 
[INFO] [stdout] error[E0412]: cannot find type `RegBlock0` in this scope
[INFO] [stdout]    --> src/timer.rs:450:29
[INFO] [stdout]     |
[INFO] [stdout] 450 |     fn as_timer0(&self) -> &RegBlock0 {
[INFO] [stdout]     |                             ^^^^^^^^^ not found in this scope
[INFO] [stdout] 
[INFO] [stdout] 
[INFO] [stdout] error[E0412]: cannot find type `RegBlock0` in this scope
[INFO] [stdout]    --> src/timer.rs:459:29
[INFO] [stdout]     |
[INFO] [stdout] 459 |     fn as_timer0(&self) -> &RegBlock0 {
[INFO] [stdout]     |                             ^^^^^^^^^ not found in this scope
[INFO] [stdout] 
[INFO] [stdout] 
[INFO] [stdout] error[E0412]: cannot find type `RegBlock0` in this scope
[INFO] [stdout]    --> src/timer.rs:468:29
[INFO] [stdout]     |
[INFO] [stdout] 468 |     fn as_timer0(&self) -> &RegBlock0 {
[INFO] [stdout]     |                             ^^^^^^^^^ not found in this scope
[INFO] [stdout] 
[INFO] [stdout] 
[INFO] [stdout] error[E0412]: cannot find type `Frequency` in this scope
[INFO] [stdout]   --> src/twim.rs:44:48
[INFO] [stdout]    |
[INFO] [stdout] 44 |     pub fn new(twim: T, pins: Pins, frequency: Frequency) -> Self {
[INFO] [stdout]    |                                                ^^^^^^^^^ not found in this scope
[INFO] [stdout] 
[INFO] [stdout] 
[INFO] [stdout] error[E0412]: cannot find type `Reg` in this scope
[INFO] [stdout]    --> src/twis.rs:221:34
[INFO] [stdout]     |
[INFO] [stdout] 221 |     pub fn event_read(&self) -> &Reg<u32, _EVENTS_READ> {
[INFO] [stdout]     |                                  ^^^ not found in this scope
[INFO] [stdout] 
[INFO] [stdout] 
[INFO] [stdout] error[E0412]: cannot find type `_EVENTS_READ` in this scope
[INFO] [stdout]    --> src/twis.rs:221:43
[INFO] [stdout]     |
[INFO] [stdout] 34  | impl<T> Twis<T>
[INFO] [stdout]     |       - help: you might be missing a type parameter: `, _EVENTS_READ`
[INFO] [stdout] ...
[INFO] [stdout] 221 |     pub fn event_read(&self) -> &Reg<u32, _EVENTS_READ> {
[INFO] [stdout]     |                                           ^^^^^^^^^^^^ not found in this scope
[INFO] [stdout] 
[INFO] [stdout] 
[INFO] [stdout] error[E0412]: cannot find type `Reg` in this scope
[INFO] [stdout]    --> src/twis.rs:227:35
[INFO] [stdout]     |
[INFO] [stdout] 227 |     pub fn event_write(&self) -> &Reg<u32, _EVENTS_WRITE> {
[INFO] [stdout]     |                                   ^^^ not found in this scope
[INFO] [stdout] 
[INFO] [stdout] 
[INFO] [stdout] error[E0412]: cannot find type `_EVENTS_WRITE` in this scope
[INFO] [stdout]    --> src/twis.rs:227:44
[INFO] [stdout]     |
[INFO] [stdout] 34  | impl<T> Twis<T>
[INFO] [stdout]     |       - help: you might be missing a type parameter: `, _EVENTS_WRITE`
[INFO] [stdout] ...
[INFO] [stdout] 227 |     pub fn event_write(&self) -> &Reg<u32, _EVENTS_WRITE> {
[INFO] [stdout]     |                                            ^^^^^^^^^^^^^ not found in this scope
[INFO] [stdout] 
[INFO] [stdout] 
[INFO] [stdout] error[E0412]: cannot find type `Reg` in this scope
[INFO] [stdout]    --> src/twis.rs:233:37
[INFO] [stdout]     |
[INFO] [stdout] 233 |     pub fn event_stopped(&self) -> &Reg<u32, _EVENTS_STOPPED> {
[INFO] [stdout]     |                                     ^^^ not found in this scope
[INFO] [stdout] 
[INFO] [stdout] 
[INFO] [stdout] error[E0412]: cannot find type `_EVENTS_STOPPED` in this scope
[INFO] [stdout]    --> src/twis.rs:233:46
[INFO] [stdout]     |
[INFO] [stdout] 34  | impl<T> Twis<T>
[INFO] [stdout]     |       - help: you might be missing a type parameter: `, _EVENTS_STOPPED`
[INFO] [stdout] ...
[INFO] [stdout] 233 |     pub fn event_stopped(&self) -> &Reg<u32, _EVENTS_STOPPED> {
[INFO] [stdout]     |                                              ^^^^^^^^^^^^^^^ not found in this scope
[INFO] [stdout] 
[INFO] [stdout] 
[INFO] [stdout] error[E0412]: cannot find type `Reg` in this scope
[INFO] [stdout]    --> src/twis.rs:239:35
[INFO] [stdout]     |
[INFO] [stdout] 239 |     pub fn event_error(&self) -> &Reg<u32, _EVENTS_ERROR> {
[INFO] [stdout]     |                                   ^^^ not found in this scope
[INFO] [stdout] 
[INFO] [stdout] 
[INFO] [stdout] error[E0412]: cannot find type `_EVENTS_ERROR` in this scope
[INFO] [stdout]    --> src/twis.rs:239:44
[INFO] [stdout]     |
[INFO] [stdout] 34  | impl<T> Twis<T>
[INFO] [stdout]     |       - help: you might be missing a type parameter: `, _EVENTS_ERROR`
[INFO] [stdout] ...
[INFO] [stdout] 239 |     pub fn event_error(&self) -> &Reg<u32, _EVENTS_ERROR> {
[INFO] [stdout]     |                                            ^^^^^^^^^^^^^ not found in this scope
[INFO] [stdout] 
[INFO] [stdout] 
[INFO] [stdout] error[E0412]: cannot find type `Reg` in this scope
[INFO] [stdout]    --> src/twis.rs:245:40
[INFO] [stdout]     |
[INFO] [stdout] 245 |     pub fn event_rx_started(&self) -> &Reg<u32, _EVENTS_RXSTARTED> {
[INFO] [stdout]     |                                        ^^^ not found in this scope
[INFO] [stdout] 
[INFO] [stdout] 
[INFO] [stdout] error[E0412]: cannot find type `_EVENTS_RXSTARTED` in this scope
[INFO] [stdout]    --> src/twis.rs:245:49
[INFO] [stdout]     |
[INFO] [stdout] 34  | impl<T> Twis<T>
[INFO] [stdout]     |       - help: you might be missing a type parameter: `, _EVENTS_RXSTARTED`
[INFO] [stdout] ...
[INFO] [stdout] 245 |     pub fn event_rx_started(&self) -> &Reg<u32, _EVENTS_RXSTARTED> {
[INFO] [stdout]     |                                                 ^^^^^^^^^^^^^^^^^ not found in this scope
[INFO] [stdout] 
[INFO] [stdout] 
[INFO] [stdout] error[E0412]: cannot find type `Reg` in this scope
[INFO] [stdout]    --> src/twis.rs:251:40
[INFO] [stdout]     |
[INFO] [stdout] 251 |     pub fn event_tx_started(&self) -> &Reg<u32, _EVENTS_TXSTARTED> {
[INFO] [stdout]     |                                        ^^^ not found in this scope
[INFO] [stdout] 
[INFO] [stdout] 
[INFO] [stdout] error[E0412]: cannot find type `_EVENTS_TXSTARTED` in this scope
[INFO] [stdout]    --> src/twis.rs:251:49
[INFO] [stdout]     |
[INFO] [stdout] 34  | impl<T> Twis<T>
[INFO] [stdout]     |       - help: you might be missing a type parameter: `, _EVENTS_TXSTARTED`
[INFO] [stdout] ...
[INFO] [stdout] 251 |     pub fn event_tx_started(&self) -> &Reg<u32, _EVENTS_TXSTARTED> {
[INFO] [stdout]     |                                                 ^^^^^^^^^^^^^^^^^ not found in this scope
[INFO] [stdout] 
[INFO] [stdout] 
[INFO] [stdout] error[E0412]: cannot find type `Reg` in this scope
[INFO] [stdout]    --> src/twis.rs:257:33
[INFO] [stdout]     |
[INFO] [stdout] 257 |     pub fn task_stop(&self) -> &Reg<u32, _TASKS_STOP> {
[INFO] [stdout]     |                                 ^^^ not found in this scope
[INFO] [stdout] 
[INFO] [stdout] 
[INFO] [stdout] error[E0412]: cannot find type `_TASKS_STOP` in this scope
[INFO] [stdout]    --> src/twis.rs:257:42
[INFO] [stdout]     |
[INFO] [stdout] 34  | impl<T> Twis<T>
[INFO] [stdout]     |       - help: you might be missing a type parameter: `, _TASKS_STOP`
[INFO] [stdout] ...
[INFO] [stdout] 257 |     pub fn task_stop(&self) -> &Reg<u32, _TASKS_STOP> {
[INFO] [stdout]     |                                          ^^^^^^^^^^^ not found in this scope
[INFO] [stdout] 
[INFO] [stdout] 
[INFO] [stdout] error[E0412]: cannot find type `Reg` in this scope
[INFO] [stdout]    --> src/twis.rs:263:36
[INFO] [stdout]     |
[INFO] [stdout] 263 |     pub fn task_suspend(&self) -> &Reg<u32, _TASKS_SUSPEND> {
[INFO] [stdout]     |                                    ^^^ not found in this scope
[INFO] [stdout] 
[INFO] [stdout] 
[INFO] [stdout] error[E0412]: cannot find type `_TASKS_SUSPEND` in this scope
[INFO] [stdout]    --> src/twis.rs:263:45
[INFO] [stdout]     |
[INFO] [stdout] 34  | impl<T> Twis<T>
[INFO] [stdout]     |       - help: you might be missing a type parameter: `, _TASKS_SUSPEND`
[INFO] [stdout] ...
[INFO] [stdout] 263 |     pub fn task_suspend(&self) -> &Reg<u32, _TASKS_SUSPEND> {
[INFO] [stdout]     |                                             ^^^^^^^^^^^^^^ not found in this scope
[INFO] [stdout] 
[INFO] [stdout] 
[INFO] [stdout] error[E0412]: cannot find type `Reg` in this scope
[INFO] [stdout]    --> src/twis.rs:269:35
[INFO] [stdout]     |
[INFO] [stdout] 269 |     pub fn task_resume(&self) -> &Reg<u32, _TASKS_RESUME> {
[INFO] [stdout]     |                                   ^^^ not found in this scope
[INFO] [stdout] 
[INFO] [stdout] 
[INFO] [stdout] error[E0412]: cannot find type `_TASKS_RESUME` in this scope
[INFO] [stdout]    --> src/twis.rs:269:44
[INFO] [stdout]     |
[INFO] [stdout] 34  | impl<T> Twis<T>
[INFO] [stdout]     |       - help: you might be missing a type parameter: `, _TASKS_RESUME`
[INFO] [stdout] ...
[INFO] [stdout] 269 |     pub fn task_resume(&self) -> &Reg<u32, _TASKS_RESUME> {
[INFO] [stdout]     |                                            ^^^^^^^^^^^^^ not found in this scope
[INFO] [stdout] 
[INFO] [stdout] 
[INFO] [stdout] error[E0412]: cannot find type `Reg` in this scope
[INFO] [stdout]    --> src/twis.rs:275:39
[INFO] [stdout]     |
[INFO] [stdout] 275 |     pub fn task_prepare_rx(&self) -> &Reg<u32, _TASKS_PREPARERX> {
[INFO] [stdout]     |                                       ^^^ not found in this scope
[INFO] [stdout] 
[INFO] [stdout] 
[INFO] [stdout] error[E0412]: cannot find type `_TASKS_PREPARERX` in this scope
[INFO] [stdout]    --> src/twis.rs:275:48
[INFO] [stdout]     |
[INFO] [stdout] 34  | impl<T> Twis<T>
[INFO] [stdout]     |       - help: you might be missing a type parameter: `, _TASKS_PREPARERX`
[INFO] [stdout] ...
[INFO] [stdout] 275 |     pub fn task_prepare_rx(&self) -> &Reg<u32, _TASKS_PREPARERX> {
[INFO] [stdout]     |                                                ^^^^^^^^^^^^^^^^ not found in this scope
[INFO] [stdout] 
[INFO] [stdout] 
[INFO] [stdout] error[E0412]: cannot find type `Reg` in this scope
[INFO] [stdout]    --> src/twis.rs:281:39
[INFO] [stdout]     |
[INFO] [stdout] 281 |     pub fn task_prepare_tx(&self) -> &Reg<u32, _TASKS_PREPARETX> {
[INFO] [stdout]     |                                       ^^^ not found in this scope
[INFO] [stdout] 
[INFO] [stdout] 
[INFO] [stdout] error[E0412]: cannot find type `_TASKS_PREPARETX` in this scope
[INFO] [stdout]    --> src/twis.rs:281:48
[INFO] [stdout]     |
[INFO] [stdout] 34  | impl<T> Twis<T>
[INFO] [stdout]     |       - help: you might be missing a type parameter: `, _TASKS_PREPARETX`
[INFO] [stdout] ...
[INFO] [stdout] 281 |     pub fn task_prepare_tx(&self) -> &Reg<u32, _TASKS_PREPARETX> {
[INFO] [stdout]     |                                                ^^^^^^^^^^^^^^^^ not found in this scope
[INFO] [stdout] 
[INFO] [stdout] 
[INFO] [stdout] error[E0412]: cannot find type `Parity` in this scope
[INFO] [stdout]   --> src/uarte.rs:45:50
[INFO] [stdout]    |
[INFO] [stdout] 45 |     pub fn new(uarte: T, mut pins: Pins, parity: Parity, baudrate: Baudrate) -> Self {
[INFO] [stdout]    |                                                  ^^^^^^ not found in this scope
[INFO] [stdout] 
[INFO] [stdout] 
[INFO] [stdout] error[E0412]: cannot find type `Baudrate` in this scope
[INFO] [stdout]   --> src/uarte.rs:45:68
[INFO] [stdout]    |
[INFO] [stdout] 45 |     pub fn new(uarte: T, mut pins: Pins, parity: Parity, baudrate: Baudrate) -> Self {
[INFO] [stdout]    |                                                                    ^^^^^^^^ not found in this scope
[INFO] [stdout] 
[INFO] [stdout] 
[INFO] [stdout] error[E0425]: cannot find value `EASY_DMA_SIZE` in this scope
[INFO] [stdout]    --> src/lib.rs:125:50
[INFO] [stdout]     |
[INFO] [stdout] 125 |     const _CHECK_FORCE_COPY_BUFFER_SIZE: usize = EASY_DMA_SIZE - FORCE_COPY_BUFFER_SIZE;
[INFO] [stdout]     |                                                  ^^^^^^^^^^^^^ not found in this scope
[INFO] [stdout] 
[INFO] [stdout] 
[INFO] [stdout] error: Compilation failed, aborting rustdoc
[INFO] [stdout] 
[INFO] [stdout] 
[INFO] [stdout] error: aborting due to 203 previous errors
[INFO] [stdout] 
[INFO] [stdout] 
[INFO] [stdout] Some errors have detailed explanations: E0412, E0425, E0432, E0433.
[INFO] [stdout] 
[INFO] [stdout] For more information about an error, try `rustc --explain E0412`.
[INFO] [stdout] 
[INFO] [stderr] error: could not document `nrf-hal-common`
[INFO] [stderr] 
[INFO] [stderr] Caused by:
[INFO] [stderr]   process didn't exit successfully: `rustdoc --edition=2018 --crate-type lib --crate-name nrf_hal_common src/lib.rs -o /opt/rustwide/target/doc --error-format=json --json=diagnostic-rendered-ansi --document-private-items -L dependency=/opt/rustwide/target/debug/deps --extern cast=/opt/rustwide/target/debug/deps/libcast-c0deab703a417d98.rmeta --extern cfg_if=/opt/rustwide/target/debug/deps/libcfg_if-810dd9fbe1e28608.rmeta --extern cortex_m=/opt/rustwide/target/debug/deps/libcortex_m-c158dc6b26ba51c6.rmeta --extern embedded_dma=/opt/rustwide/target/debug/deps/libembedded_dma-666b81b0bc42e17d.rmeta --extern embedded_hal=/opt/rustwide/target/debug/deps/libembedded_hal-b17a394102f24d4d.rmeta --extern fixed=/opt/rustwide/target/debug/deps/libfixed-be7132cdd6a44bb2.rmeta --extern nb=/opt/rustwide/target/debug/deps/libnb-db7bfc6b24bee33a.rmeta --extern rand_core=/opt/rustwide/target/debug/deps/librand_core-79c585121b1f0734.rmeta --extern void=/opt/rustwide/target/debug/deps/libvoid-0e657513ed1301e7.rmeta --cap-lints=warn --crate-version 0.12.2` (exit status: 1)
[INFO] running `Command { std: "docker" "inspect" "f70516280a0440a90d76dce887b9715ac2f5a714b1130040a9c721cc206c1813", kill_on_drop: false }`
[INFO] running `Command { std: "docker" "rm" "-f" "f70516280a0440a90d76dce887b9715ac2f5a714b1130040a9c721cc206c1813", kill_on_drop: false }`
[INFO] [stdout] f70516280a0440a90d76dce887b9715ac2f5a714b1130040a9c721cc206c1813
