[INFO] fetching crate novusk_syscalls 0.1.0...
[INFO] documenting novusk_syscalls-0.1.0 against beta-2021-08-01 for beta-1.55-rustdoc-1
[INFO] extracting crate novusk_syscalls 0.1.0 into /workspace/builds/worker-80/source
[INFO] validating manifest of crates.io crate novusk_syscalls 0.1.0 on toolchain beta-2021-08-01
[INFO] running `Command { std: "/workspace/cargo-home/bin/cargo" "+beta-2021-08-01" "metadata" "--manifest-path" "Cargo.toml" "--no-deps", kill_on_drop: false }`
[INFO] started tweaking crates.io crate novusk_syscalls 0.1.0
[INFO] finished tweaking crates.io crate novusk_syscalls 0.1.0
[INFO] tweaked toml for crates.io crate novusk_syscalls 0.1.0 written to /workspace/builds/worker-80/source/Cargo.toml
[INFO] running `Command { std: "/workspace/cargo-home/bin/cargo" "+beta-2021-08-01" "generate-lockfile" "--manifest-path" "Cargo.toml" "-Zno-index-update", kill_on_drop: false }`
[INFO] running `Command { std: "/workspace/cargo-home/bin/cargo" "+beta-2021-08-01" "fetch" "--manifest-path" "Cargo.toml", kill_on_drop: false }`
[INFO] [stderr]  Downloading crates ...
[INFO] [stderr]   Downloaded ucs2 v0.3.2
[INFO] [stderr]   Downloaded register v1.0.2
[INFO] [stderr]   Downloaded tock-registers v0.6.0
[INFO] [stderr]   Downloaded uefi v0.8.1
[INFO] [stderr]   Downloaded uefi-macros v0.3.3
[INFO] running `Command { std: "docker" "create" "-v" "/var/lib/crater-agent-workspace/builds/worker-80/target:/opt/rustwide/target:rw,Z" "-v" "/var/lib/crater-agent-workspace/builds/worker-80/source:/opt/rustwide/workdir:ro,Z" "-v" "/var/lib/crater-agent-workspace/cargo-home:/opt/rustwide/cargo-home:ro,Z" "-v" "/var/lib/crater-agent-workspace/rustup-home:/opt/rustwide/rustup-home:ro,Z" "-e" "SOURCE_DIR=/opt/rustwide/workdir" "-e" "CARGO_TARGET_DIR=/opt/rustwide/target" "-e" "CARGO_HOME=/opt/rustwide/cargo-home" "-e" "RUSTUP_HOME=/opt/rustwide/rustup-home" "-w" "/opt/rustwide/workdir" "-m" "1610612736" "--user" "0:0" "--network" "none" "ghcr.io/rust-lang/crates-build-env/linux@sha256:34b6a614d2c27851fe6cbf88fbd1137609cefab8b10d0615aaeb6fd47975d74e" "/opt/rustwide/cargo-home/bin/cargo" "+beta-2021-08-01" "metadata" "--no-deps" "--format-version=1", kill_on_drop: false }`
[INFO] [stdout] 6bea84757ef9b57a547f378bb9781c33fa6a14418ce1fca06cfd8b8f8365ba4a
[INFO] running `Command { std: "docker" "start" "-a" "6bea84757ef9b57a547f378bb9781c33fa6a14418ce1fca06cfd8b8f8365ba4a", kill_on_drop: false }`
[INFO] running `Command { std: "docker" "inspect" "6bea84757ef9b57a547f378bb9781c33fa6a14418ce1fca06cfd8b8f8365ba4a", kill_on_drop: false }`
[INFO] running `Command { std: "docker" "rm" "-f" "6bea84757ef9b57a547f378bb9781c33fa6a14418ce1fca06cfd8b8f8365ba4a", kill_on_drop: false }`
[INFO] [stdout] 6bea84757ef9b57a547f378bb9781c33fa6a14418ce1fca06cfd8b8f8365ba4a
[INFO] running `Command { std: "docker" "create" "-v" "/var/lib/crater-agent-workspace/builds/worker-80/target:/opt/rustwide/target:rw,Z" "-v" "/var/lib/crater-agent-workspace/builds/worker-80/source:/opt/rustwide/workdir:ro,Z" "-v" "/var/lib/crater-agent-workspace/cargo-home:/opt/rustwide/cargo-home:ro,Z" "-v" "/var/lib/crater-agent-workspace/rustup-home:/opt/rustwide/rustup-home:ro,Z" "-e" "SOURCE_DIR=/opt/rustwide/workdir" "-e" "CARGO_TARGET_DIR=/opt/rustwide/target" "-e" "CARGO_INCREMENTAL=0" "-e" "RUST_BACKTRACE=full" "-e" "RUSTDOCFLAGS=--cap-lints=warn" "-e" "CARGO_HOME=/opt/rustwide/cargo-home" "-e" "RUSTUP_HOME=/opt/rustwide/rustup-home" "-w" "/opt/rustwide/workdir" "-m" "1610612736" "--user" "0:0" "--network" "none" "ghcr.io/rust-lang/crates-build-env/linux@sha256:34b6a614d2c27851fe6cbf88fbd1137609cefab8b10d0615aaeb6fd47975d74e" "/opt/rustwide/cargo-home/bin/cargo" "+beta-2021-08-01" "doc" "--frozen" "--no-deps" "--document-private-items" "--message-format=json", kill_on_drop: false }`
[INFO] [stdout] 2bd02a14076077261446df3b39211a08f1beab0c93e44d2047f7a9d1863e05d9
[INFO] running `Command { std: "docker" "start" "-a" "2bd02a14076077261446df3b39211a08f1beab0c93e44d2047f7a9d1863e05d9", kill_on_drop: false }`
[INFO] [stderr]     Blocking waiting for file lock on package cache
[INFO] [stderr]     Blocking waiting for file lock on package cache
[INFO] [stderr]    Compiling syn v1.0.74
[INFO] [stderr]     Checking bit_field v0.10.1
[INFO] [stderr]     Checking ucs2 v0.3.2
[INFO] [stderr]    Compiling uefi-macros v0.3.3
[INFO] [stderr]     Checking uefi v0.8.1
[INFO] [stdout] error[E0557]: feature has been removed
[INFO] [stdout]   --> /opt/rustwide/cargo-home/registry/src/github.com-1ecc6299db9ec823/uefi-0.8.1/src/lib.rs:31:12
[INFO] [stdout]    |
[INFO] [stdout] 31 | #![feature(const_fn)]
[INFO] [stdout]    |            ^^^^^^^^ feature has been removed
[INFO] [stdout]    |
[INFO] [stdout]    = note: split into finer-grained feature gates
[INFO] [stdout] 
[INFO] [stdout] 
[INFO] [stdout] error[E0437]: type `Ok` is not a member of trait `ops::Try`
[INFO] [stdout]    --> /opt/rustwide/cargo-home/registry/src/github.com-1ecc6299db9ec823/uefi-0.8.1/src/result/status.rs:175:5
[INFO] [stdout]     |
[INFO] [stdout] 175 |     type Ok = Completion<()>;
[INFO] [stdout]     |     ^^^^^^^^^^^^^^^^^^^^^^^^^ not a member of trait `ops::Try`
[INFO] [stdout] 
[INFO] [stdout] 
[INFO] [stdout] error[E0437]: type `Error` is not a member of trait `ops::Try`
[INFO] [stdout]    --> /opt/rustwide/cargo-home/registry/src/github.com-1ecc6299db9ec823/uefi-0.8.1/src/result/status.rs:176:5
[INFO] [stdout]     |
[INFO] [stdout] 176 |     type Error = Error<()>;
[INFO] [stdout]     |     ^^^^^^^^^^^^^^^^^^^^^^^ not a member of trait `ops::Try`
[INFO] [stdout] 
[INFO] [stdout] 
[INFO] [stdout] error[E0407]: method `into_result` is not a member of trait `ops::Try`
[INFO] [stdout]    --> /opt/rustwide/cargo-home/registry/src/github.com-1ecc6299db9ec823/uefi-0.8.1/src/result/status.rs:178:5
[INFO] [stdout]     |
[INFO] [stdout] 178 | /     fn into_result(self) -> Result<(), ()> {
[INFO] [stdout] 179 | |         self.into()
[INFO] [stdout] 180 | |     }
[INFO] [stdout]     | |_____^ not a member of trait `ops::Try`
[INFO] [stdout] 
[INFO] [stdout] 
[INFO] [stdout] error[E0407]: method `from_error` is not a member of trait `ops::Try`
[INFO] [stdout]    --> /opt/rustwide/cargo-home/registry/src/github.com-1ecc6299db9ec823/uefi-0.8.1/src/result/status.rs:182:5
[INFO] [stdout]     |
[INFO] [stdout] 182 | /     fn from_error(error: Self::Error) -> Self {
[INFO] [stdout] 183 | |         error.status()
[INFO] [stdout] 184 | |     }
[INFO] [stdout]     | |_____^ not a member of trait `ops::Try`
[INFO] [stdout] 
[INFO] [stdout] 
[INFO] [stdout] error[E0407]: method `from_ok` is not a member of trait `ops::Try`
[INFO] [stdout]    --> /opt/rustwide/cargo-home/registry/src/github.com-1ecc6299db9ec823/uefi-0.8.1/src/result/status.rs:186:5
[INFO] [stdout]     |
[INFO] [stdout] 186 | /     fn from_ok(ok: Self::Ok) -> Self {
[INFO] [stdout] 187 | |         ok.status()
[INFO] [stdout] 188 | |     }
[INFO] [stdout]     | |_____^ not a member of trait `ops::Try`
[INFO] [stdout] 
[INFO] [stdout] 
[INFO] [stdout] error[E0554]: `#![feature]` may not be used on the beta release channel
[INFO] [stdout]   --> /opt/rustwide/cargo-home/registry/src/github.com-1ecc6299db9ec823/uefi-0.8.1/src/lib.rs:27:1
[INFO] [stdout]    |
[INFO] [stdout] 27 | #![feature(auto_traits)]
[INFO] [stdout]    | ^^^^^^^^^^^^^^^^^^^^^^^^
[INFO] [stdout] 
[INFO] [stdout] 
[INFO] [stdout] error[E0554]: `#![feature]` may not be used on the beta release channel
[INFO] [stdout]   --> /opt/rustwide/cargo-home/registry/src/github.com-1ecc6299db9ec823/uefi-0.8.1/src/lib.rs:28:1
[INFO] [stdout]    |
[INFO] [stdout] 28 | #![feature(try_trait)]
[INFO] [stdout]    | ^^^^^^^^^^^^^^^^^^^^^^
[INFO] [stdout] 
[INFO] [stdout] 
[INFO] [stdout] error[E0554]: `#![feature]` may not be used on the beta release channel
[INFO] [stdout]   --> /opt/rustwide/cargo-home/registry/src/github.com-1ecc6299db9ec823/uefi-0.8.1/src/lib.rs:29:1
[INFO] [stdout]    |
[INFO] [stdout] 29 | #![feature(abi_efiapi)]
[INFO] [stdout]    | ^^^^^^^^^^^^^^^^^^^^^^^
[INFO] [stdout] 
[INFO] [stdout] 
[INFO] [stdout] error[E0554]: `#![feature]` may not be used on the beta release channel
[INFO] [stdout]   --> /opt/rustwide/cargo-home/registry/src/github.com-1ecc6299db9ec823/uefi-0.8.1/src/lib.rs:30:1
[INFO] [stdout]    |
[INFO] [stdout] 30 | #![feature(negative_impls)]
[INFO] [stdout]    | ^^^^^^^^^^^^^^^^^^^^^^^^^^^
[INFO] [stdout] 
[INFO] [stdout] 
[INFO] [stdout] error[E0554]: `#![feature]` may not be used on the beta release channel
[INFO] [stdout]   --> /opt/rustwide/cargo-home/registry/src/github.com-1ecc6299db9ec823/uefi-0.8.1/src/lib.rs:31:1
[INFO] [stdout]    |
[INFO] [stdout] 31 | #![feature(const_fn)]
[INFO] [stdout]    | ^^^^^^^^^^^^^^^^^^^^^
[INFO] [stdout] 
[INFO] [stdout] 
[INFO] [stdout] error[E0554]: `#![feature]` may not be used on the beta release channel
[INFO] [stdout]   --> /opt/rustwide/cargo-home/registry/src/github.com-1ecc6299db9ec823/uefi-0.8.1/src/lib.rs:32:1
[INFO] [stdout]    |
[INFO] [stdout] 32 | #![feature(const_panic)]
[INFO] [stdout]    | ^^^^^^^^^^^^^^^^^^^^^^^^
[INFO] [stdout] 
[INFO] [stdout] 
[INFO] [stdout] error[E0658]: use of unstable library feature 'try_trait_v2'
[INFO] [stdout]    --> /opt/rustwide/cargo-home/registry/src/github.com-1ecc6299db9ec823/uefi-0.8.1/src/result/status.rs:174:6
[INFO] [stdout]     |
[INFO] [stdout] 174 | impl ops::Try for Status {
[INFO] [stdout]     |      ^^^^^^^^
[INFO] [stdout]     |
[INFO] [stdout]     = note: see issue #84277 <https://github.com/rust-lang/rust/issues/84277> for more information
[INFO] [stdout] 
[INFO] [stdout] 
[INFO] [stdout] error[E0220]: associated type `Error` not found for `Self`
[INFO] [stdout]    --> /opt/rustwide/cargo-home/registry/src/github.com-1ecc6299db9ec823/uefi-0.8.1/src/result/status.rs:182:32
[INFO] [stdout]     |
[INFO] [stdout] 182 |     fn from_error(error: Self::Error) -> Self {
[INFO] [stdout]     |                                ^^^^^ associated type `Error` not found
[INFO] [stdout] 
[INFO] [stdout] 
[INFO] [stdout] error[E0220]: associated type `Ok` not found for `Self`
[INFO] [stdout]    --> /opt/rustwide/cargo-home/registry/src/github.com-1ecc6299db9ec823/uefi-0.8.1/src/result/status.rs:186:26
[INFO] [stdout]     |
[INFO] [stdout] 186 |     fn from_ok(ok: Self::Ok) -> Self {
[INFO] [stdout]     |                          ^^ associated type `Ok` not found
[INFO] [stdout] 
[INFO] [stdout] 
[INFO] [stdout] error: aborting due to 15 previous errors
[INFO] [stdout] 
[INFO] [stdout] 
[INFO] [stdout] Some errors have detailed explanations: E0220, E0407, E0437, E0554, E0557, E0658.
[INFO] [stdout] 
[INFO] [stdout] For more information about an error, try `rustc --explain E0220`.
[INFO] [stdout] 
[INFO] [stderr] error: could not compile `uefi` due to 16 previous errors
[INFO] running `Command { std: "docker" "inspect" "2bd02a14076077261446df3b39211a08f1beab0c93e44d2047f7a9d1863e05d9", kill_on_drop: false }`
[INFO] running `Command { std: "docker" "rm" "-f" "2bd02a14076077261446df3b39211a08f1beab0c93e44d2047f7a9d1863e05d9", kill_on_drop: false }`
[INFO] [stdout] 2bd02a14076077261446df3b39211a08f1beab0c93e44d2047f7a9d1863e05d9
