[INFO] fetching crate neovim-rs 0.1.0...
[INFO] documenting neovim-rs-0.1.0 against beta-2021-08-01 for beta-1.55-rustdoc-1
[INFO] extracting crate neovim-rs 0.1.0 into /workspace/builds/worker-10/source
[INFO] validating manifest of crates.io crate neovim-rs 0.1.0 on toolchain beta-2021-08-01
[INFO] running `Command { std: "/workspace/cargo-home/bin/cargo" "+beta-2021-08-01" "metadata" "--manifest-path" "Cargo.toml" "--no-deps", kill_on_drop: false }`
[INFO] started tweaking crates.io crate neovim-rs 0.1.0
[INFO] finished tweaking crates.io crate neovim-rs 0.1.0
[INFO] tweaked toml for crates.io crate neovim-rs 0.1.0 written to /workspace/builds/worker-10/source/Cargo.toml
[INFO] running `Command { std: "/workspace/cargo-home/bin/cargo" "+beta-2021-08-01" "generate-lockfile" "--manifest-path" "Cargo.toml" "-Zno-index-update", kill_on_drop: false }`
[INFO] [stderr]     Blocking waiting for file lock on package cache
[INFO] running `Command { std: "/workspace/cargo-home/bin/cargo" "+beta-2021-08-01" "fetch" "--manifest-path" "Cargo.toml", kill_on_drop: false }`
[INFO] running `Command { std: "docker" "create" "-v" "/var/lib/crater-agent-workspace/builds/worker-10/target:/opt/rustwide/target:rw,Z" "-v" "/var/lib/crater-agent-workspace/builds/worker-10/source:/opt/rustwide/workdir:ro,Z" "-v" "/var/lib/crater-agent-workspace/cargo-home:/opt/rustwide/cargo-home:ro,Z" "-v" "/var/lib/crater-agent-workspace/rustup-home:/opt/rustwide/rustup-home:ro,Z" "-e" "SOURCE_DIR=/opt/rustwide/workdir" "-e" "CARGO_TARGET_DIR=/opt/rustwide/target" "-e" "CARGO_HOME=/opt/rustwide/cargo-home" "-e" "RUSTUP_HOME=/opt/rustwide/rustup-home" "-w" "/opt/rustwide/workdir" "-m" "1610612736" "--user" "0:0" "--network" "none" "ghcr.io/rust-lang/crates-build-env/linux@sha256:34b6a614d2c27851fe6cbf88fbd1137609cefab8b10d0615aaeb6fd47975d74e" "/opt/rustwide/cargo-home/bin/cargo" "+beta-2021-08-01" "metadata" "--no-deps" "--format-version=1", kill_on_drop: false }`
[INFO] [stdout] 467028c34d11f46b535f83e5c35f40ee666f05c0769ef0ff1b36f1d465d9c53f
[INFO] running `Command { std: "docker" "start" "-a" "467028c34d11f46b535f83e5c35f40ee666f05c0769ef0ff1b36f1d465d9c53f", kill_on_drop: false }`
[INFO] running `Command { std: "docker" "inspect" "467028c34d11f46b535f83e5c35f40ee666f05c0769ef0ff1b36f1d465d9c53f", kill_on_drop: false }`
[INFO] running `Command { std: "docker" "rm" "-f" "467028c34d11f46b535f83e5c35f40ee666f05c0769ef0ff1b36f1d465d9c53f", kill_on_drop: false }`
[INFO] [stdout] 467028c34d11f46b535f83e5c35f40ee666f05c0769ef0ff1b36f1d465d9c53f
[INFO] running `Command { std: "docker" "create" "-v" "/var/lib/crater-agent-workspace/builds/worker-10/target:/opt/rustwide/target:rw,Z" "-v" "/var/lib/crater-agent-workspace/builds/worker-10/source:/opt/rustwide/workdir:ro,Z" "-v" "/var/lib/crater-agent-workspace/cargo-home:/opt/rustwide/cargo-home:ro,Z" "-v" "/var/lib/crater-agent-workspace/rustup-home:/opt/rustwide/rustup-home:ro,Z" "-e" "SOURCE_DIR=/opt/rustwide/workdir" "-e" "CARGO_TARGET_DIR=/opt/rustwide/target" "-e" "CARGO_INCREMENTAL=0" "-e" "RUST_BACKTRACE=full" "-e" "RUSTDOCFLAGS=--cap-lints=warn" "-e" "CARGO_HOME=/opt/rustwide/cargo-home" "-e" "RUSTUP_HOME=/opt/rustwide/rustup-home" "-w" "/opt/rustwide/workdir" "-m" "1610612736" "--user" "0:0" "--network" "none" "ghcr.io/rust-lang/crates-build-env/linux@sha256:34b6a614d2c27851fe6cbf88fbd1137609cefab8b10d0615aaeb6fd47975d74e" "/opt/rustwide/cargo-home/bin/cargo" "+beta-2021-08-01" "doc" "--frozen" "--no-deps" "--document-private-items" "--message-format=json", kill_on_drop: false }`
[INFO] [stdout] eb32491c1864f047e705d9714f91ba267feb83472ef03301b013579719e58092
[INFO] running `Command { std: "docker" "start" "-a" "eb32491c1864f047e705d9714f91ba267feb83472ef03301b013579719e58092", kill_on_drop: false }`
[INFO] [stderr]    Compiling neovim-rs v0.1.0 (/opt/rustwide/workdir)
[INFO] [stderr]  Documenting neovim-rs v0.1.0 (/opt/rustwide/workdir)
[INFO] [stdout] warning: lint `raw_pointer_derive` has been removed: using derive with raw pointers is ok
[INFO] [stdout]  --> src/lib.rs:2:10
[INFO] [stdout]   |
[INFO] [stdout] 2 | #![allow(raw_pointer_derive)]
[INFO] [stdout]   |          ^^^^^^^^^^^^^^^^^^
[INFO] [stdout]   |
[INFO] [stdout]   = note: `#[warn(renamed_and_removed_lints)]` on by default
[INFO] [stdout] 
[INFO] [stdout] 
[INFO] [stdout] error[E0433]: failed to resolve: could not find `funcs` in `libc`
[INFO] [stdout]  --> src/ffi.rs:4:15
[INFO] [stdout]   |
[INFO] [stdout] 4 | pub use libc::funcs::c95::stdlib::malloc;
[INFO] [stdout]   |               ^^^^^ could not find `funcs` in `libc`
[INFO] [stdout] 
[INFO] [stdout] 
[INFO] [stdout] error[E0433]: failed to resolve: could not find `types` in `libc`
[INFO] [stdout]  --> src/ffi.rs:5:15
[INFO] [stdout]   |
[INFO] [stdout] 5 | pub use libc::types::os::arch::c95::size_t;
[INFO] [stdout]   |               ^^^^^ could not find `types` in `libc`
[INFO] [stdout] 
[INFO] [stdout] 
[INFO] [stdout] error[E0412]: cannot find type `size_t` in this scope
[INFO] [stdout]   --> src/ffi.rs:12:15
[INFO] [stdout]    |
[INFO] [stdout] 12 |     pub size: size_t,
[INFO] [stdout]    |               ^^^^^^ not found in this scope
[INFO] [stdout]    |
[INFO] [stdout] help: consider importing this type alias
[INFO] [stdout]    |
[INFO] [stdout] 3  | use libc::size_t;
[INFO] [stdout]    |
[INFO] [stdout] 
[INFO] [stdout] 
[INFO] [stdout] error[E0412]: cannot find type `size_t` in this scope
[INFO] [stdout]   --> src/ffi.rs:14:16
[INFO] [stdout]    |
[INFO] [stdout] 14 |     pub alloc: size_t
[INFO] [stdout]    |                ^^^^^^ not found in this scope
[INFO] [stdout]    |
[INFO] [stdout] help: consider importing this type alias
[INFO] [stdout]    |
[INFO] [stdout] 3  | use libc::size_t;
[INFO] [stdout]    |
[INFO] [stdout] 
[INFO] [stdout] 
[INFO] [stdout] error[E0412]: cannot find type `size_t` in this scope
[INFO] [stdout]    --> src/ffi.rs:121:15
[INFO] [stdout]     |
[INFO] [stdout] 121 |     pub size: size_t
[INFO] [stdout]     |               ^^^^^^ not found in this scope
[INFO] [stdout]     |
[INFO] [stdout] help: consider importing this type alias
[INFO] [stdout]     |
[INFO] [stdout] 3   | use libc::size_t;
[INFO] [stdout]     |
[INFO] [stdout] 
[INFO] [stdout] 
[INFO] [stdout] error[E0412]: cannot find type `size_t` in this scope
[INFO] [stdout]    --> src/ffi.rs:128:15
[INFO] [stdout]     |
[INFO] [stdout] 128 |     pub size: size_t,
[INFO] [stdout]     |               ^^^^^^ not found in this scope
[INFO] [stdout]     |
[INFO] [stdout] help: consider importing this type alias
[INFO] [stdout]     |
[INFO] [stdout] 3   | use libc::size_t;
[INFO] [stdout]     |
[INFO] [stdout] 
[INFO] [stdout] 
[INFO] [stdout] error[E0412]: cannot find type `size_t` in this scope
[INFO] [stdout]    --> src/ffi.rs:129:19
[INFO] [stdout]     |
[INFO] [stdout] 129 |     pub capacity: size_t
[INFO] [stdout]     |                   ^^^^^^ not found in this scope
[INFO] [stdout]     |
[INFO] [stdout] help: consider importing this type alias
[INFO] [stdout]     |
[INFO] [stdout] 3   | use libc::size_t;
[INFO] [stdout]     |
[INFO] [stdout] 
[INFO] [stdout] 
[INFO] [stdout] error[E0412]: cannot find type `size_t` in this scope
[INFO] [stdout]    --> src/ffi.rs:136:15
[INFO] [stdout]     |
[INFO] [stdout] 136 |     pub size: size_t,
[INFO] [stdout]     |               ^^^^^^ not found in this scope
[INFO] [stdout]     |
[INFO] [stdout] help: consider importing this type alias
[INFO] [stdout]     |
[INFO] [stdout] 3   | use libc::size_t;
[INFO] [stdout]     |
[INFO] [stdout] 
[INFO] [stdout] 
[INFO] [stdout] error[E0412]: cannot find type `size_t` in this scope
[INFO] [stdout]    --> src/ffi.rs:137:19
[INFO] [stdout]     |
[INFO] [stdout] 137 |     pub capacity: size_t
[INFO] [stdout]     |                   ^^^^^^ not found in this scope
[INFO] [stdout]     |
[INFO] [stdout] help: consider importing this type alias
[INFO] [stdout]     |
[INFO] [stdout] 3   | use libc::size_t;
[INFO] [stdout]     |
[INFO] [stdout] 
[INFO] [stdout] 
[INFO] [stdout] error[E0554]: `#![feature]` may not be used on the beta release channel
[INFO] [stdout]  --> src/lib.rs:1:1
[INFO] [stdout]   |
[INFO] [stdout] 1 | #![feature(collections, libc)]
[INFO] [stdout]   | ^^^^^^^^^^^^^^^^^^^^^^^^^^^^^^
[INFO] [stdout] 
[INFO] [stdout] 
[INFO] [stdout] error: Compilation failed, aborting rustdoc
[INFO] [stdout] 
[INFO] [stdout] 
[INFO] [stdout] error: aborting due to 11 previous errors; 1 warning emitted
[INFO] [stdout] 
[INFO] [stdout] 
[INFO] [stdout] Some errors have detailed explanations: E0412, E0433, E0554.
[INFO] [stdout] 
[INFO] [stdout] For more information about an error, try `rustc --explain E0412`.
[INFO] [stdout] 
[INFO] [stderr] error: could not document `neovim-rs`
[INFO] [stderr] 
[INFO] [stderr] Caused by:
[INFO] [stderr]   process didn't exit successfully: `rustdoc --crate-type rlib --crate-name neovim src/lib.rs -o /opt/rustwide/target/doc --error-format=json --json=diagnostic-rendered-ansi --document-private-items -L dependency=/opt/rustwide/target/debug/deps --cap-lints=warn --crate-version 0.1.0` (exit status: 1)
[INFO] running `Command { std: "docker" "inspect" "eb32491c1864f047e705d9714f91ba267feb83472ef03301b013579719e58092", kill_on_drop: false }`
[INFO] running `Command { std: "docker" "rm" "-f" "eb32491c1864f047e705d9714f91ba267feb83472ef03301b013579719e58092", kill_on_drop: false }`
[INFO] [stdout] eb32491c1864f047e705d9714f91ba267feb83472ef03301b013579719e58092
