[INFO] fetching crate near-bindgen 0.6.0...
[INFO] documenting near-bindgen-0.6.0 against 1.54.0 for beta-1.55-rustdoc-1
[INFO] extracting crate near-bindgen 0.6.0 into /workspace/builds/worker-10/source
[INFO] validating manifest of crates.io crate near-bindgen 0.6.0 on toolchain 1.54.0
[INFO] running `Command { std: "/workspace/cargo-home/bin/cargo" "+1.54.0" "metadata" "--manifest-path" "Cargo.toml" "--no-deps", kill_on_drop: false }`
[INFO] started tweaking crates.io crate near-bindgen 0.6.0
[INFO] removed 0 missing tests
[INFO] finished tweaking crates.io crate near-bindgen 0.6.0
[INFO] tweaked toml for crates.io crate near-bindgen 0.6.0 written to /workspace/builds/worker-10/source/Cargo.toml
[INFO] running `Command { std: "/workspace/cargo-home/bin/cargo" "+1.54.0" "generate-lockfile" "--manifest-path" "Cargo.toml" "-Zno-index-update", kill_on_drop: false }`
[INFO] running `Command { std: "/workspace/cargo-home/bin/cargo" "+1.54.0" "fetch" "--manifest-path" "Cargo.toml", kill_on_drop: false }`
[INFO] [stderr]     Blocking waiting for file lock on package cache
[INFO] running `Command { std: "docker" "create" "-v" "/var/lib/crater-agent-workspace/builds/worker-10/target:/opt/rustwide/target:rw,Z" "-v" "/var/lib/crater-agent-workspace/builds/worker-10/source:/opt/rustwide/workdir:ro,Z" "-v" "/var/lib/crater-agent-workspace/cargo-home:/opt/rustwide/cargo-home:ro,Z" "-v" "/var/lib/crater-agent-workspace/rustup-home:/opt/rustwide/rustup-home:ro,Z" "-e" "SOURCE_DIR=/opt/rustwide/workdir" "-e" "CARGO_TARGET_DIR=/opt/rustwide/target" "-e" "CARGO_HOME=/opt/rustwide/cargo-home" "-e" "RUSTUP_HOME=/opt/rustwide/rustup-home" "-w" "/opt/rustwide/workdir" "-m" "1610612736" "--user" "0:0" "--network" "none" "ghcr.io/rust-lang/crates-build-env/linux@sha256:34b6a614d2c27851fe6cbf88fbd1137609cefab8b10d0615aaeb6fd47975d74e" "/opt/rustwide/cargo-home/bin/cargo" "+1.54.0" "metadata" "--no-deps" "--format-version=1", kill_on_drop: false }`
[INFO] [stdout] 165af6a81e4bb2ccc847fb6ff262d879e590d2594f477a3d1df2860eb1481e8d
[INFO] running `Command { std: "docker" "start" "-a" "165af6a81e4bb2ccc847fb6ff262d879e590d2594f477a3d1df2860eb1481e8d", kill_on_drop: false }`
[INFO] running `Command { std: "docker" "inspect" "165af6a81e4bb2ccc847fb6ff262d879e590d2594f477a3d1df2860eb1481e8d", kill_on_drop: false }`
[INFO] running `Command { std: "docker" "rm" "-f" "165af6a81e4bb2ccc847fb6ff262d879e590d2594f477a3d1df2860eb1481e8d", kill_on_drop: false }`
[INFO] [stdout] 165af6a81e4bb2ccc847fb6ff262d879e590d2594f477a3d1df2860eb1481e8d
[INFO] running `Command { std: "docker" "create" "-v" "/var/lib/crater-agent-workspace/builds/worker-10/target:/opt/rustwide/target:rw,Z" "-v" "/var/lib/crater-agent-workspace/builds/worker-10/source:/opt/rustwide/workdir:ro,Z" "-v" "/var/lib/crater-agent-workspace/cargo-home:/opt/rustwide/cargo-home:ro,Z" "-v" "/var/lib/crater-agent-workspace/rustup-home:/opt/rustwide/rustup-home:ro,Z" "-e" "SOURCE_DIR=/opt/rustwide/workdir" "-e" "CARGO_TARGET_DIR=/opt/rustwide/target" "-e" "CARGO_INCREMENTAL=0" "-e" "RUST_BACKTRACE=full" "-e" "RUSTDOCFLAGS=--cap-lints=warn" "-e" "CARGO_HOME=/opt/rustwide/cargo-home" "-e" "RUSTUP_HOME=/opt/rustwide/rustup-home" "-w" "/opt/rustwide/workdir" "-m" "1610612736" "--user" "0:0" "--network" "none" "ghcr.io/rust-lang/crates-build-env/linux@sha256:34b6a614d2c27851fe6cbf88fbd1137609cefab8b10d0615aaeb6fd47975d74e" "/opt/rustwide/cargo-home/bin/cargo" "+1.54.0" "doc" "--frozen" "--no-deps" "--document-private-items" "--message-format=json", kill_on_drop: false }`
[INFO] [stdout] 5907dd4a29a84f2dc46fa0aab8e6c9de8a4b95acedaac411b85b6be5ec6e326f
[INFO] running `Command { std: "docker" "start" "-a" "5907dd4a29a84f2dc46fa0aab8e6c9de8a4b95acedaac411b85b6be5ec6e326f", kill_on_drop: false }`
[INFO] [stderr]    Compiling syn v1.0.74
[INFO] [stderr]     Checking bs58 v0.3.1
[INFO] [stderr]     Checking sha3 v0.8.2
[INFO] [stderr]    Compiling borsh-derive-internal v0.6.2
[INFO] [stderr]    Compiling borsh-schema-derive-internal v0.6.2
[INFO] [stderr]    Compiling near-bindgen-core v0.6.0
[INFO] [stdout] error[E0432]: unresolved import `syn::export`
[INFO] [stdout]  --> /opt/rustwide/cargo-home/registry/src/github.com-1ecc6299db9ec823/borsh-schema-derive-internal-0.6.2/src/helpers.rs:2:10
[INFO] [stdout]   |
[INFO] [stdout] 2 | use syn::export::TokenStream2;
[INFO] [stdout]   |          ^^^^^^ could not find `export` in `syn`
[INFO] [stdout] 
[INFO] [stdout] 
[INFO] [stdout] error[E0432]: unresolved import `syn::export`
[INFO] [stdout]  --> /opt/rustwide/cargo-home/registry/src/github.com-1ecc6299db9ec823/borsh-schema-derive-internal-0.6.2/src/enum_schema.rs:3:10
[INFO] [stdout]   |
[INFO] [stdout] 3 | use syn::export::{Span, ToTokens, TokenStream2};
[INFO] [stdout]   |          ^^^^^^ could not find `export` in `syn`
[INFO] [stdout] 
[INFO] [stdout] 
[INFO] [stdout] error[E0432]: unresolved import `syn::export`
[INFO] [stdout]  --> /opt/rustwide/cargo-home/registry/src/github.com-1ecc6299db9ec823/borsh-schema-derive-internal-0.6.2/src/struct_schema.rs:3:10
[INFO] [stdout]   |
[INFO] [stdout] 3 | use syn::export::{ToTokens, TokenStream2};
[INFO] [stdout]   |          ^^^^^^ could not find `export` in `syn`
[INFO] [stdout] 
[INFO] [stdout] 
[INFO] [stdout] error[E0432]: unresolved import `syn::export`
[INFO] [stdout]  --> /opt/rustwide/cargo-home/registry/src/github.com-1ecc6299db9ec823/borsh-derive-internal-0.6.2/src/enum_de.rs:3:10
[INFO] [stdout]   |
[INFO] [stdout] 3 | use syn::export::TokenStream2;
[INFO] [stdout]   |          ^^^^^^ could not find `export` in `syn`
[INFO] [stdout] 
[INFO] [stdout] 
[INFO] [stdout] error[E0432]: unresolved import `syn::export`
[INFO] [stdout]  --> /opt/rustwide/cargo-home/registry/src/github.com-1ecc6299db9ec823/borsh-derive-internal-0.6.2/src/enum_ser.rs:3:10
[INFO] [stdout]   |
[INFO] [stdout] 3 | use syn::export::{Span, TokenStream2};
[INFO] [stdout]   |          ^^^^^^ could not find `export` in `syn`
[INFO] [stdout] 
[INFO] [stdout] 
[INFO] [stdout] error[E0432]: unresolved import `syn::export`
[INFO] [stdout]  --> /opt/rustwide/cargo-home/registry/src/github.com-1ecc6299db9ec823/borsh-derive-internal-0.6.2/src/struct_de.rs:3:10
[INFO] [stdout]   |
[INFO] [stdout] 3 | use syn::export::TokenStream2;
[INFO] [stdout]   |          ^^^^^^ could not find `export` in `syn`
[INFO] [stdout] 
[INFO] [stdout] 
[INFO] [stdout] error[E0432]: unresolved import `syn::export`
[INFO] [stdout]  --> /opt/rustwide/cargo-home/registry/src/github.com-1ecc6299db9ec823/borsh-derive-internal-0.6.2/src/struct_ser.rs:3:10
[INFO] [stdout]   |
[INFO] [stdout] 3 | use syn::export::{Span, TokenStream2};
[INFO] [stdout]   |          ^^^^^^ could not find `export` in `syn`
[INFO] [stdout] 
[INFO] [stdout] 
[INFO] [stdout] error[E0432]: unresolved import `syn::export`
[INFO] [stdout]  --> /opt/rustwide/cargo-home/registry/src/github.com-1ecc6299db9ec823/borsh-derive-internal-0.6.2/src/union_de.rs:1:10
[INFO] [stdout]   |
[INFO] [stdout] 1 | use syn::export::TokenStream2;
[INFO] [stdout]   |          ^^^^^^ could not find `export` in `syn`
[INFO] [stdout] 
[INFO] [stdout] 
[INFO] [stdout] error[E0432]: unresolved import `syn::export`
[INFO] [stdout]  --> /opt/rustwide/cargo-home/registry/src/github.com-1ecc6299db9ec823/borsh-derive-internal-0.6.2/src/union_ser.rs:1:10
[INFO] [stdout]   |
[INFO] [stdout] 1 | use syn::export::TokenStream2;
[INFO] [stdout]   |          ^^^^^^ could not find `export` in `syn`
[INFO] [stdout] 
[INFO] [stdout] 
[INFO] [stdout] error[E0432]: unresolved import `syn::export`
[INFO] [stdout]  --> /opt/rustwide/cargo-home/registry/src/github.com-1ecc6299db9ec823/near-bindgen-core-0.6.0/src/code_generator/attr_sig_info.rs:1:10
[INFO] [stdout]   |
[INFO] [stdout] 1 | use syn::export::TokenStream2;
[INFO] [stdout]   |          ^^^^^^ could not find `export` in `syn`
[INFO] [stdout] 
[INFO] [stdout] 
[INFO] [stdout] error[E0432]: unresolved import `syn::export`
[INFO] [stdout]  --> /opt/rustwide/cargo-home/registry/src/github.com-1ecc6299db9ec823/near-bindgen-core-0.6.0/src/code_generator/impl_item_method_info.rs:3:10
[INFO] [stdout]   |
[INFO] [stdout] 3 | use syn::export::TokenStream2;
[INFO] [stdout]   |          ^^^^^^ could not find `export` in `syn`
[INFO] [stdout] 
[INFO] [stdout] 
[INFO] [stdout] error[E0432]: unresolved import `syn::export`
[INFO] [stdout]  --> /opt/rustwide/cargo-home/registry/src/github.com-1ecc6299db9ec823/near-bindgen-core-0.6.0/src/code_generator/item_trait_info.rs:3:10
[INFO] [stdout]   |
[INFO] [stdout] 3 | use syn::export::TokenStream2;
[INFO] [stdout]   |          ^^^^^^ could not find `export` in `syn`
[INFO] [stdout] 
[INFO] [stdout] 
[INFO] [stdout] error[E0432]: unresolved import `syn::export`
[INFO] [stdout]  --> /opt/rustwide/cargo-home/registry/src/github.com-1ecc6299db9ec823/near-bindgen-core-0.6.0/src/code_generator/trait_item_method_info.rs:3:10
[INFO] [stdout]   |
[INFO] [stdout] 3 | use syn::export::TokenStream2;
[INFO] [stdout]   |          ^^^^^^ could not find `export` in `syn`
[INFO] [stdout] 
[INFO] [stdout] 
[INFO] [stdout] error[E0432]: unresolved import `syn::export`
[INFO] [stdout]  --> /opt/rustwide/cargo-home/registry/src/github.com-1ecc6299db9ec823/near-bindgen-core-0.6.0/src/code_generator/item_impl_info.rs:2:10
[INFO] [stdout]   |
[INFO] [stdout] 2 | use syn::export::TokenStream2;
[INFO] [stdout]   |          ^^^^^^ could not find `export` in `syn`
[INFO] [stdout] 
[INFO] [stdout] 
[INFO] [stdout] error[E0432]: unresolved import `syn::export`
[INFO] [stdout]  --> /opt/rustwide/cargo-home/registry/src/github.com-1ecc6299db9ec823/near-bindgen-core-0.6.0/src/info_extractor/arg_info.rs:4:10
[INFO] [stdout]   |
[INFO] [stdout] 4 | use syn::export::Span;
[INFO] [stdout]   |          ^^^^^^ could not find `export` in `syn`
[INFO] [stdout] 
[INFO] [stdout] 
[INFO] [stdout] error[E0432]: unresolved import `syn::export`
[INFO] [stdout]  --> /opt/rustwide/cargo-home/registry/src/github.com-1ecc6299db9ec823/near-bindgen-core-0.6.0/src/info_extractor/attr_sig_info.rs:5:10
[INFO] [stdout]   |
[INFO] [stdout] 5 | use syn::export::Span;
[INFO] [stdout]   |          ^^^^^^ could not find `export` in `syn`
[INFO] [stdout] 
[INFO] [stdout] 
[INFO] [stdout] error[E0432]: unresolved import `syn::export`
[INFO] [stdout]  --> /opt/rustwide/cargo-home/registry/src/github.com-1ecc6299db9ec823/near-bindgen-core-0.6.0/src/info_extractor/trait_item_method_info.rs:2:10
[INFO] [stdout]   |
[INFO] [stdout] 2 | use syn::export::Span;
[INFO] [stdout]   |          ^^^^^^ could not find `export` in `syn`
[INFO] [stdout] 
[INFO] [stdout] 
[INFO] [stdout] error[E0432]: unresolved import `syn::export`
[INFO] [stdout]  --> /opt/rustwide/cargo-home/registry/src/github.com-1ecc6299db9ec823/near-bindgen-core-0.6.0/src/info_extractor/item_trait_info.rs:3:10
[INFO] [stdout]   |
[INFO] [stdout] 3 | use syn::export::Span;
[INFO] [stdout]   |          ^^^^^^ could not find `export` in `syn`
[INFO] [stdout] 
[INFO] [stdout] 
[INFO] [stdout] error[E0432]: unresolved import `syn::export`
[INFO] [stdout]  --> /opt/rustwide/cargo-home/registry/src/github.com-1ecc6299db9ec823/near-bindgen-core-0.6.0/src/metadata/metadata_generator.rs:4:10
[INFO] [stdout]   |
[INFO] [stdout] 4 | use syn::export::TokenStream2;
[INFO] [stdout]   |          ^^^^^^ could not find `export` in `syn`
[INFO] [stdout] 
[INFO] [stdout] 
[INFO] [stdout] error[E0432]: unresolved import `syn::export`
[INFO] [stdout]  --> /opt/rustwide/cargo-home/registry/src/github.com-1ecc6299db9ec823/near-bindgen-core-0.6.0/src/metadata/metadata_visitor.rs:8:10
[INFO] [stdout]   |
[INFO] [stdout] 8 | use syn::export::{ToTokens, TokenStream2};
[INFO] [stdout]   |          ^^^^^^ could not find `export` in `syn`
[INFO] [stdout] 
[INFO] [stdout] 
[INFO] [stdout] error: aborting due to 6 previous errors
[INFO] [stdout] 
[INFO] [stdout] 
[INFO] [stdout] For more information about this error, try `rustc --explain E0432`.
[INFO] [stdout] 
[INFO] [stderr] error: could not compile `borsh-derive-internal`
[INFO] [stderr] 
[INFO] [stderr] To learn more, run the command again with --verbose.
[INFO] [stderr] warning: build failed, waiting for other jobs to finish...
[INFO] [stdout] error[E0599]: no method named `to_token_stream` found for reference `&syn::Ident` in the current scope
[INFO] [stdout]   --> /opt/rustwide/cargo-home/registry/src/github.com-1ecc6299db9ec823/borsh-schema-derive-internal-0.6.2/src/enum_schema.rs:11:25
[INFO] [stdout]    |
[INFO] [stdout] 11 |     let name_str = name.to_token_stream().to_string();
[INFO] [stdout]    |                         ^^^^^^^^^^^^^^^ method not found in `&syn::Ident`
[INFO] [stdout]    |
[INFO] [stdout]    = help: items from traits can only be used if the trait is in scope
[INFO] [stdout]    = note: the following trait is implemented but not in scope; perhaps add a `use` for it:
[INFO] [stdout]            `use quote::ToTokens;`
[INFO] [stdout] 
[INFO] [stdout] 
[INFO] [stdout] error[E0599]: no method named `to_token_stream` found for struct `syn::Ident` in the current scope
[INFO] [stdout]   --> /opt/rustwide/cargo-home/registry/src/github.com-1ecc6299db9ec823/borsh-schema-derive-internal-0.6.2/src/enum_schema.rs:25:46
[INFO] [stdout]    |
[INFO] [stdout] 25 |         let variant_name_str = variant.ident.to_token_stream().to_string();
[INFO] [stdout]    |                                              ^^^^^^^^^^^^^^^ method not found in `syn::Ident`
[INFO] [stdout]    | 
[INFO] [stdout]   ::: /opt/rustwide/cargo-home/registry/src/github.com-1ecc6299db9ec823/quote-1.0.9/src/to_tokens.rs:61:8
[INFO] [stdout]    |
[INFO] [stdout] 61 |     fn to_token_stream(&self) -> TokenStream {
[INFO] [stdout]    |        --------------- the method is available for `syn::Ident` here
[INFO] [stdout]    |
[INFO] [stdout]    = help: items from traits can only be used if the trait is in scope
[INFO] [stdout]    = note: the following trait is implemented but not in scope; perhaps add a `use` for it:
[INFO] [stdout]            `use quote::ToTokens;`
[INFO] [stdout] 
[INFO] [stdout] 
[INFO] [stdout] error[E0599]: no method named `to_token_stream` found for reference `&syn::Ident` in the current scope
[INFO] [stdout]  --> /opt/rustwide/cargo-home/registry/src/github.com-1ecc6299db9ec823/borsh-schema-derive-internal-0.6.2/src/struct_schema.rs:8:25
[INFO] [stdout]   |
[INFO] [stdout] 8 |     let name_str = name.to_token_stream().to_string();
[INFO] [stdout]   |                         ^^^^^^^^^^^^^^^ method not found in `&syn::Ident`
[INFO] [stdout]   |
[INFO] [stdout]   = help: items from traits can only be used if the trait is in scope
[INFO] [stdout]   = note: the following trait is implemented but not in scope; perhaps add a `use` for it:
[INFO] [stdout]           `use quote::ToTokens;`
[INFO] [stdout] 
[INFO] [stdout] 
[INFO] [stdout] error[E0599]: no method named `to_token_stream` found for reference `&syn::Ident` in the current scope
[INFO] [stdout]   --> /opt/rustwide/cargo-home/registry/src/github.com-1ecc6299db9ec823/borsh-schema-derive-internal-0.6.2/src/struct_schema.rs:24:64
[INFO] [stdout]    |
[INFO] [stdout] 24 |                 let field_name = field.ident.as_ref().unwrap().to_token_stream().to_string();
[INFO] [stdout]    |                                                                ^^^^^^^^^^^^^^^ method not found in `&syn::Ident`
[INFO] [stdout]    |
[INFO] [stdout]    = help: items from traits can only be used if the trait is in scope
[INFO] [stdout]    = note: the following trait is implemented but not in scope; perhaps add a `use` for it:
[INFO] [stdout]            `use quote::ToTokens;`
[INFO] [stdout] 
[INFO] [stdout] 
[INFO] [stdout] error: aborting due to 7 previous errors
[INFO] [stdout] 
[INFO] [stdout] 
[INFO] [stdout] Some errors have detailed explanations: E0432, E0599.
[INFO] [stdout] 
[INFO] [stdout] For more information about an error, try `rustc --explain E0432`.
[INFO] [stdout] 
[INFO] [stdout] error[E0631]: type mismatch in closure arguments
[INFO] [stdout]    --> /opt/rustwide/cargo-home/registry/src/github.com-1ecc6299db9ec823/near-bindgen-core-0.6.0/src/code_generator/attr_sig_info.rs:151:14
[INFO] [stdout]     |
[INFO] [stdout] 151 |             .fold(TokenStream2::new(), |acc, (idx, arg)| {
[INFO] [stdout]     |              ^^^^                      ----------------- found signature of `fn(_, (_, ArgInfo)) -> _`
[INFO] [stdout]     |              |
[INFO] [stdout]     |              expected signature of `fn([type error], (usize, &ArgInfo)) -> _`
[INFO] [stdout] 
[INFO] [stdout] 
[INFO] [stdout] error[E0631]: type mismatch in closure arguments
[INFO] [stdout]    --> /opt/rustwide/cargo-home/registry/src/github.com-1ecc6299db9ec823/near-bindgen-core-0.6.0/src/code_generator/attr_sig_info.rs:185:14
[INFO] [stdout]     |
[INFO] [stdout] 185 |             .fold(TokenStream2::new(), |acc, arg| {
[INFO] [stdout]     |              ^^^^                      ---------- found signature of `fn(_, ArgInfo) -> _`
[INFO] [stdout]     |              |
[INFO] [stdout]     |              expected signature of `fn([type error], &ArgInfo) -> _`
[INFO] [stdout] 
[INFO] [stdout] 
[INFO] [stdout] error[E0599]: no method named `to_token_stream` found for struct `syn::Path` in the current scope
[INFO] [stdout]   --> /opt/rustwide/cargo-home/registry/src/github.com-1ecc6299db9ec823/near-bindgen-core-0.6.0/src/metadata/metadata_visitor.rs:25:35
[INFO] [stdout]    |
[INFO] [stdout] 25 |             .any(|attr| attr.path.to_token_stream().to_string().as_str() == "near_bindgen");
[INFO] [stdout]    |                                   ^^^^^^^^^^^^^^^ method not found in `syn::Path`
[INFO] [stdout]    | 
[INFO] [stdout]   ::: /opt/rustwide/cargo-home/registry/src/github.com-1ecc6299db9ec823/quote-1.0.9/src/to_tokens.rs:61:8
[INFO] [stdout]    |
[INFO] [stdout] 61 |     fn to_token_stream(&self) -> TokenStream {
[INFO] [stdout]    |        --------------- the method is available for `syn::Path` here
[INFO] [stdout]    |
[INFO] [stdout]    = help: items from traits can only be used if the trait is in scope
[INFO] [stdout]    = note: the following trait is implemented but not in scope; perhaps add a `use` for it:
[INFO] [stdout]            `use quote::ToTokens;`
[INFO] [stdout] 
[INFO] [stdout] 
[INFO] [stdout] error: aborting due to 14 previous errors
[INFO] [stdout] 
[INFO] [stdout] 
[INFO] [stdout] Some errors have detailed explanations: E0432, E0599, E0631.
[INFO] [stdout] 
[INFO] [stdout] For more information about an error, try `rustc --explain E0432`.
[INFO] [stdout] 
[INFO] [stderr] error: build failed
[INFO] running `Command { std: "docker" "inspect" "5907dd4a29a84f2dc46fa0aab8e6c9de8a4b95acedaac411b85b6be5ec6e326f", kill_on_drop: false }`
[INFO] running `Command { std: "docker" "rm" "-f" "5907dd4a29a84f2dc46fa0aab8e6c9de8a4b95acedaac411b85b6be5ec6e326f", kill_on_drop: false }`
[INFO] [stdout] 5907dd4a29a84f2dc46fa0aab8e6c9de8a4b95acedaac411b85b6be5ec6e326f
