[INFO] fetching crate named_pipe 0.4.1...
[INFO] documenting named_pipe-0.4.1 against beta-2021-08-01 for beta-1.55-rustdoc-1
[INFO] extracting crate named_pipe 0.4.1 into /workspace/builds/worker-110/source
[INFO] validating manifest of crates.io crate named_pipe 0.4.1 on toolchain beta-2021-08-01
[INFO] running `Command { std: "/workspace/cargo-home/bin/cargo" "+beta-2021-08-01" "metadata" "--manifest-path" "Cargo.toml" "--no-deps", kill_on_drop: false }`
[INFO] started tweaking crates.io crate named_pipe 0.4.1
[INFO] finished tweaking crates.io crate named_pipe 0.4.1
[INFO] tweaked toml for crates.io crate named_pipe 0.4.1 written to /workspace/builds/worker-110/source/Cargo.toml
[INFO] running `Command { std: "/workspace/cargo-home/bin/cargo" "+beta-2021-08-01" "generate-lockfile" "--manifest-path" "Cargo.toml" "-Zno-index-update", kill_on_drop: false }`
[INFO] [stderr]     Blocking waiting for file lock on package cache
[INFO] running `Command { std: "/workspace/cargo-home/bin/cargo" "+beta-2021-08-01" "fetch" "--manifest-path" "Cargo.toml", kill_on_drop: false }`
[INFO] [stderr]     Blocking waiting for file lock on package cache
[INFO] [stderr]     Blocking waiting for file lock on package cache
[INFO] running `Command { std: "docker" "create" "-v" "/var/lib/crater-agent-workspace/builds/worker-110/target:/opt/rustwide/target:rw,Z" "-v" "/var/lib/crater-agent-workspace/builds/worker-110/source:/opt/rustwide/workdir:ro,Z" "-v" "/var/lib/crater-agent-workspace/cargo-home:/opt/rustwide/cargo-home:ro,Z" "-v" "/var/lib/crater-agent-workspace/rustup-home:/opt/rustwide/rustup-home:ro,Z" "-e" "SOURCE_DIR=/opt/rustwide/workdir" "-e" "CARGO_TARGET_DIR=/opt/rustwide/target" "-e" "CARGO_HOME=/opt/rustwide/cargo-home" "-e" "RUSTUP_HOME=/opt/rustwide/rustup-home" "-w" "/opt/rustwide/workdir" "-m" "1610612736" "--user" "0:0" "--network" "none" "ghcr.io/rust-lang/crates-build-env/linux@sha256:34b6a614d2c27851fe6cbf88fbd1137609cefab8b10d0615aaeb6fd47975d74e" "/opt/rustwide/cargo-home/bin/cargo" "+beta-2021-08-01" "metadata" "--no-deps" "--format-version=1", kill_on_drop: false }`
[INFO] [stdout] 251bb9fdbec2e4e875cde22ad9ceb84ef73d7fb89076f0fe6214d180bfe737eb
[INFO] running `Command { std: "docker" "start" "-a" "251bb9fdbec2e4e875cde22ad9ceb84ef73d7fb89076f0fe6214d180bfe737eb", kill_on_drop: false }`
[INFO] running `Command { std: "docker" "inspect" "251bb9fdbec2e4e875cde22ad9ceb84ef73d7fb89076f0fe6214d180bfe737eb", kill_on_drop: false }`
[INFO] running `Command { std: "docker" "rm" "-f" "251bb9fdbec2e4e875cde22ad9ceb84ef73d7fb89076f0fe6214d180bfe737eb", kill_on_drop: false }`
[INFO] [stdout] 251bb9fdbec2e4e875cde22ad9ceb84ef73d7fb89076f0fe6214d180bfe737eb
[INFO] running `Command { std: "docker" "create" "-v" "/var/lib/crater-agent-workspace/builds/worker-110/target:/opt/rustwide/target:rw,Z" "-v" "/var/lib/crater-agent-workspace/builds/worker-110/source:/opt/rustwide/workdir:ro,Z" "-v" "/var/lib/crater-agent-workspace/cargo-home:/opt/rustwide/cargo-home:ro,Z" "-v" "/var/lib/crater-agent-workspace/rustup-home:/opt/rustwide/rustup-home:ro,Z" "-e" "SOURCE_DIR=/opt/rustwide/workdir" "-e" "CARGO_TARGET_DIR=/opt/rustwide/target" "-e" "CARGO_INCREMENTAL=0" "-e" "RUST_BACKTRACE=full" "-e" "RUSTDOCFLAGS=--cap-lints=warn" "-e" "CARGO_HOME=/opt/rustwide/cargo-home" "-e" "RUSTUP_HOME=/opt/rustwide/rustup-home" "-w" "/opt/rustwide/workdir" "-m" "1610612736" "--user" "0:0" "--network" "none" "ghcr.io/rust-lang/crates-build-env/linux@sha256:34b6a614d2c27851fe6cbf88fbd1137609cefab8b10d0615aaeb6fd47975d74e" "/opt/rustwide/cargo-home/bin/cargo" "+beta-2021-08-01" "doc" "--frozen" "--no-deps" "--document-private-items" "--message-format=json", kill_on_drop: false }`
[INFO] [stdout] 94fa05a1f9f283790cb22acb9e6ed969074c04ab824ef7fed28ab9c714695f25
[INFO] running `Command { std: "docker" "start" "-a" "94fa05a1f9f283790cb22acb9e6ed969074c04ab824ef7fed28ab9c714695f25", kill_on_drop: false }`
[INFO] [stderr]     Blocking waiting for file lock on package cache
[INFO] [stderr]    Compiling winapi v0.3.9
[INFO] [stderr]  Documenting named_pipe v0.4.1 (/opt/rustwide/workdir)
[INFO] [stdout] error[E0433]: failed to resolve: could not find `shared` in `winapi`
[INFO] [stdout]   --> src/lib.rs:30:5
[INFO] [stdout]    |
[INFO] [stdout] 30 |     shared::{minwindef::*, ntdef::HANDLE, winerror::*},
[INFO] [stdout]    |     ^^^^^^ could not find `shared` in `winapi`
[INFO] [stdout] 
[INFO] [stdout] 
[INFO] [stdout] error[E0433]: failed to resolve: could not find `um` in `winapi`
[INFO] [stdout]   --> src/lib.rs:31:5
[INFO] [stdout]    |
[INFO] [stdout] 31 |     um::{
[INFO] [stdout]    |     ^^ could not find `um` in `winapi`
[INFO] [stdout] 
[INFO] [stdout] 
[INFO] [stdout] error[E0433]: failed to resolve: could not find `windows` in `os`
[INFO] [stdout]   --> src/lib.rs:42:14
[INFO] [stdout]    |
[INFO] [stdout] 42 | use std::os::windows::ffi::OsStrExt;
[INFO] [stdout]    |              ^^^^^^^ could not find `windows` in `os`
[INFO] [stdout] 
[INFO] [stdout] 
[INFO] [stdout] error[E0432]: unresolved import `winapi::ctypes`
[INFO] [stdout]   --> src/lib.rs:29:5
[INFO] [stdout]    |
[INFO] [stdout] 29 |     ctypes::*,
[INFO] [stdout]    |     ^^^^^^ could not find `ctypes` in `winapi`
[INFO] [stdout] 
[INFO] [stdout] 
[INFO] [stdout] error[E0412]: cannot find type `HANDLE` in this scope
[INFO] [stdout]   --> src/lib.rs:49:12
[INFO] [stdout]    |
[INFO] [stdout] 49 |     value: HANDLE,
[INFO] [stdout]    |            ^^^^^^ not found in this scope
[INFO] [stdout] 
[INFO] [stdout] 
[INFO] [stdout] error[E0412]: cannot find type `OVERLAPPED` in this scope
[INFO] [stdout]   --> src/lib.rs:98:14
[INFO] [stdout]    |
[INFO] [stdout] 97 | struct Overlapped {
[INFO] [stdout]    |                  - help: you might be missing a type parameter: `<OVERLAPPED>`
[INFO] [stdout] 98 |     ovl: Box<OVERLAPPED>,
[INFO] [stdout]    |              ^^^^^^^^^^ not found in this scope
[INFO] [stdout] 
[INFO] [stdout] 
[INFO] [stdout] error[E0412]: cannot find type `OVERLAPPED` in this scope
[INFO] [stdout]    --> src/lib.rs:132:35
[INFO] [stdout]     |
[INFO] [stdout] 132 |     fn get_mut(&mut self) -> &mut OVERLAPPED {
[INFO] [stdout]     |                                   ^^^^^^^^^^ not found in this scope
[INFO] [stdout] 
[INFO] [stdout] 
[INFO] [stdout] error[E0412]: cannot find type `DWORD` in this scope
[INFO] [stdout]    --> src/lib.rs:502:43
[INFO] [stdout]     |
[INFO] [stdout] 502 |     fn create_file(name: &Vec<u16>, mode: DWORD) -> io::Result<Handle> {
[INFO] [stdout]     |                                           ^^^^^ not found in this scope
[INFO] [stdout] 
[INFO] [stdout] 
[INFO] [stdout] error[E0412]: cannot find type `HANDLE` in this scope
[INFO] [stdout]    --> src/lib.rs:718:13
[INFO] [stdout]     |
[INFO] [stdout] 718 |     handle: HANDLE,
[INFO] [stdout]     |             ^^^^^^ not found in this scope
[INFO] [stdout] 
[INFO] [stdout] 
[INFO] [stdout] error[E0412]: cannot find type `HANDLE` in this scope
[INFO] [stdout]    --> src/lib.rs:725:18
[INFO] [stdout]     |
[INFO] [stdout] 725 |     pipe_handle: HANDLE,
[INFO] [stdout]     |                  ^^^^^^ not found in this scope
[INFO] [stdout] 
[INFO] [stdout] 
[INFO] [stdout] error[E0412]: cannot find type `HANDLE` in this scope
[INFO] [stdout]    --> src/lib.rs:726:19
[INFO] [stdout]     |
[INFO] [stdout] 726 |     event_handle: HANDLE,
[INFO] [stdout]     |                   ^^^^^^ not found in this scope
[INFO] [stdout] 
[INFO] [stdout] 
[INFO] [stdout] error: Compilation failed, aborting rustdoc
[INFO] [stdout] 
[INFO] [stdout] 
[INFO] [stdout] error: aborting due to 12 previous errors
[INFO] [stdout] 
[INFO] [stdout] 
[INFO] [stdout] Some errors have detailed explanations: E0412, E0432, E0433.
[INFO] [stdout] 
[INFO] [stdout] For more information about an error, try `rustc --explain E0412`.
[INFO] [stdout] 
[INFO] [stderr] error: could not document `named_pipe`
[INFO] [stderr] 
[INFO] [stderr] Caused by:
[INFO] [stderr]   process didn't exit successfully: `rustdoc --edition=2018 --crate-type lib --crate-name named_pipe src/lib.rs -o /opt/rustwide/target/doc --error-format=json --json=diagnostic-rendered-ansi --document-private-items -L dependency=/opt/rustwide/target/debug/deps --extern winapi=/opt/rustwide/target/debug/deps/libwinapi-8ce450921eee858f.rmeta --cap-lints=warn --crate-version 0.4.1` (exit status: 1)
[INFO] running `Command { std: "docker" "inspect" "94fa05a1f9f283790cb22acb9e6ed969074c04ab824ef7fed28ab9c714695f25", kill_on_drop: false }`
[INFO] running `Command { std: "docker" "rm" "-f" "94fa05a1f9f283790cb22acb9e6ed969074c04ab824ef7fed28ab9c714695f25", kill_on_drop: false }`
[INFO] [stdout] 94fa05a1f9f283790cb22acb9e6ed969074c04ab824ef7fed28ab9c714695f25
