[INFO] fetching crate mysqlbinlog-network 1.0.9...
[INFO] documenting mysqlbinlog-network-1.0.9 against beta-2021-08-01 for beta-1.55-rustdoc-1
[INFO] extracting crate mysqlbinlog-network 1.0.9 into /workspace/builds/worker-56/source
[INFO] validating manifest of crates.io crate mysqlbinlog-network 1.0.9 on toolchain beta-2021-08-01
[INFO] running `Command { std: "/workspace/cargo-home/bin/cargo" "+beta-2021-08-01" "metadata" "--manifest-path" "Cargo.toml" "--no-deps", kill_on_drop: false }`
[INFO] started tweaking crates.io crate mysqlbinlog-network 1.0.9
[INFO] finished tweaking crates.io crate mysqlbinlog-network 1.0.9
[INFO] tweaked toml for crates.io crate mysqlbinlog-network 1.0.9 written to /workspace/builds/worker-56/source/Cargo.toml
[INFO] crate crates.io crate mysqlbinlog-network 1.0.9 already has a lockfile, it will not be regenerated
[INFO] running `Command { std: "/workspace/cargo-home/bin/cargo" "+beta-2021-08-01" "fetch" "--manifest-path" "Cargo.toml", kill_on_drop: false }`
[INFO] [stderr]     Blocking waiting for file lock on package cache
[INFO] [stderr]  Downloading crates ...
[INFO] [stderr]   Downloaded pem v0.8.3
[INFO] [stderr]   Downloaded twox-hash v1.6.0
[INFO] [stderr]   Downloaded lru v0.6.5
[INFO] [stderr]   Downloaded assert_matches v1.5.0
[INFO] [stderr]   Downloaded bufstream v0.1.4
[INFO] [stderr]   Downloaded named_pipe v0.4.1
[INFO] [stderr]   Downloaded derive_utils v0.11.2
[INFO] [stderr]   Downloaded lexical v5.2.2
[INFO] [stderr]   Downloaded nix v0.19.1
[INFO] [stderr]   Downloaded io-enum v0.2.6
[INFO] [stderr]   Downloaded mysql_common v0.24.1
[INFO] [stderr]   Downloaded mysql v20.1.0
[INFO] [stderr]   Downloaded rust_decimal v1.14.3
[INFO] [stderr]   Downloaded sys-info v0.7.0
[INFO] running `Command { std: "docker" "create" "-v" "/var/lib/crater-agent-workspace/builds/worker-56/target:/opt/rustwide/target:rw,Z" "-v" "/var/lib/crater-agent-workspace/builds/worker-56/source:/opt/rustwide/workdir:ro,Z" "-v" "/var/lib/crater-agent-workspace/cargo-home:/opt/rustwide/cargo-home:ro,Z" "-v" "/var/lib/crater-agent-workspace/rustup-home:/opt/rustwide/rustup-home:ro,Z" "-e" "SOURCE_DIR=/opt/rustwide/workdir" "-e" "CARGO_TARGET_DIR=/opt/rustwide/target" "-e" "CARGO_HOME=/opt/rustwide/cargo-home" "-e" "RUSTUP_HOME=/opt/rustwide/rustup-home" "-w" "/opt/rustwide/workdir" "-m" "1610612736" "--user" "0:0" "--network" "none" "ghcr.io/rust-lang/crates-build-env/linux@sha256:34b6a614d2c27851fe6cbf88fbd1137609cefab8b10d0615aaeb6fd47975d74e" "/opt/rustwide/cargo-home/bin/cargo" "+beta-2021-08-01" "metadata" "--no-deps" "--format-version=1", kill_on_drop: false }`
[INFO] [stdout] fc33ee8b56c036c27aa9f06951642f858c3e50165b264307f664e4bfb0a85547
[INFO] running `Command { std: "docker" "start" "-a" "fc33ee8b56c036c27aa9f06951642f858c3e50165b264307f664e4bfb0a85547", kill_on_drop: false }`
[INFO] running `Command { std: "docker" "inspect" "fc33ee8b56c036c27aa9f06951642f858c3e50165b264307f664e4bfb0a85547", kill_on_drop: false }`
[INFO] running `Command { std: "docker" "rm" "-f" "fc33ee8b56c036c27aa9f06951642f858c3e50165b264307f664e4bfb0a85547", kill_on_drop: false }`
[INFO] [stdout] fc33ee8b56c036c27aa9f06951642f858c3e50165b264307f664e4bfb0a85547
[INFO] running `Command { std: "docker" "create" "-v" "/var/lib/crater-agent-workspace/builds/worker-56/target:/opt/rustwide/target:rw,Z" "-v" "/var/lib/crater-agent-workspace/builds/worker-56/source:/opt/rustwide/workdir:ro,Z" "-v" "/var/lib/crater-agent-workspace/cargo-home:/opt/rustwide/cargo-home:ro,Z" "-v" "/var/lib/crater-agent-workspace/rustup-home:/opt/rustwide/rustup-home:ro,Z" "-e" "SOURCE_DIR=/opt/rustwide/workdir" "-e" "CARGO_TARGET_DIR=/opt/rustwide/target" "-e" "CARGO_INCREMENTAL=0" "-e" "RUST_BACKTRACE=full" "-e" "RUSTDOCFLAGS=--cap-lints=warn" "-e" "CARGO_HOME=/opt/rustwide/cargo-home" "-e" "RUSTUP_HOME=/opt/rustwide/rustup-home" "-w" "/opt/rustwide/workdir" "-m" "1610612736" "--user" "0:0" "--network" "none" "ghcr.io/rust-lang/crates-build-env/linux@sha256:34b6a614d2c27851fe6cbf88fbd1137609cefab8b10d0615aaeb6fd47975d74e" "/opt/rustwide/cargo-home/bin/cargo" "+beta-2021-08-01" "doc" "--frozen" "--no-deps" "--document-private-items" "--message-format=json", kill_on_drop: false }`
[INFO] [stdout] 1f63912eacdfa8ac8e4b393a53ddc77cf7c7dfdb330b1ed2dfa70914cc764a61
[INFO] running `Command { std: "docker" "start" "-a" "1f63912eacdfa8ac8e4b393a53ddc77cf7c7dfdb330b1ed2dfa70914cc764a61", kill_on_drop: false }`
[INFO] [stderr]     Blocking waiting for file lock on package cache
[INFO] [stderr] warning: output filename collision.
[INFO] [stderr] The bin target `mysqlbinlog-network` in package `mysqlbinlog-network v1.0.9 (/opt/rustwide/workdir)` has the same output filename as the lib target `mysqlbinlog_network` in package `mysqlbinlog-network v1.0.9 (/opt/rustwide/workdir)`.
[INFO] [stderr] Colliding filename is: /opt/rustwide/target/doc/mysqlbinlog_network/index.html
[INFO] [stderr] The output filenames should be unique.
[INFO] [stderr] This is a known bug where multiple crates with the same name use
[INFO] [stderr] the same path; see <https://github.com/rust-lang/cargo/issues/6313>.
[INFO] [stderr] If this looks unexpected, it may be a bug in Cargo. Please file a bug report at
[INFO] [stderr] https://github.com/rust-lang/cargo/issues/ with as much information as you
[INFO] [stderr] can provide.
[INFO] [stderr] cargo 1.55.0-beta (1f76a218b 2021-07-29) running on `x86_64-unknown-linux-gnu` target `x86_64-unknown-linux-gnu`
[INFO] [stderr] First unit: Unit { pkg: Package { id: PackageId { name: "mysqlbinlog-network", version: "1.0.9", source: "/opt/rustwide/workdir" }, ..: ".." }, target: TargetInner { name: "mysqlbinlog-network", doc: true, ..: with_path("/opt/rustwide/workdir/src/main.rs", Edition2018) }, profile: Profile { name: "doc", debuginfo: Some(2), debug_assertions: true, overflow_checks: true, ..: default() }, kind: Host, mode: Doc { deps: false }, features: [], is_std: false, dep_hash: 277922370117423468 }
[INFO] [stderr] Second unit: Unit { pkg: Package { id: PackageId { name: "mysqlbinlog-network", version: "1.0.9", source: "/opt/rustwide/workdir" }, ..: ".." }, target: TargetInner { ..: lib_target("mysqlbinlog_network", ["lib"], "/opt/rustwide/workdir/src/lib.rs", Edition2018) }, profile: Profile { name: "doc", debuginfo: Some(2), debug_assertions: true, overflow_checks: true, ..: default() }, kind: Host, mode: Doc { deps: false }, features: [], is_std: false, dep_hash: 2906117850439007419 }
[INFO] [stderr]    Compiling autocfg v1.0.1
[INFO] [stderr]    Compiling libc v0.2.97
[INFO] [stderr]     Checking cfg-if v1.0.0
[INFO] [stderr]    Compiling cc v1.0.68
[INFO] [stderr]    Compiling proc-macro2 v1.0.27
[INFO] [stderr]    Compiling unicode-xid v0.2.2
[INFO] [stderr]    Compiling pkg-config v0.3.19
[INFO] [stderr]    Compiling syn v1.0.73
[INFO] [stderr]    Compiling version_check v0.9.3
[INFO] [stderr]    Compiling bitflags v1.2.1
[INFO] [stderr]    Compiling getrandom v0.1.16
[INFO] [stderr]    Compiling serde v1.0.126
[INFO] [stderr]    Compiling typenum v1.13.0
[INFO] [stderr]    Compiling memchr v2.4.0
[INFO] [stderr]    Compiling proc-macro-hack v0.5.19
[INFO] [stderr]    Compiling ryu v1.0.5
[INFO] [stderr]    Compiling crc32fast v1.2.1
[INFO] [stderr]     Checking ppv-lite86 v0.2.10
[INFO] [stderr]     Checking arrayvec v0.5.2
[INFO] [stderr]    Compiling lexical-core v0.7.6
[INFO] [stderr]     Checking byte-tools v0.3.1
[INFO] [stderr]     Checking tinyvec_macros v0.1.0
[INFO] [stderr]     Checking static_assertions v1.1.0
[INFO] [stderr]     Checking matches v0.1.8
[INFO] [stderr]    Compiling const_fn v0.4.8
[INFO] [stderr]     Checking regex-syntax v0.6.25
[INFO] [stderr]     Checking once_cell v1.8.0
[INFO] [stderr]     Checking byteorder v1.4.3
[INFO] [stderr]    Compiling serde_json v1.0.64
[INFO] [stderr]     Checking foreign-types-shared v0.1.1
[INFO] [stderr]    Compiling openssl v0.10.35
[INFO] [stderr]    Compiling log v0.4.14
[INFO] [stderr]     Checking ahash v0.4.7
[INFO] [stderr]     Checking percent-encoding v2.1.0
[INFO] [stderr]     Checking cfg-if v0.1.10
[INFO] [stderr]     Checking opaque-debug v0.2.3
[INFO] [stderr]     Checking itoa v0.4.7
[INFO] [stderr]     Checking fake-simd v0.1.2
[INFO] [stderr]    Compiling native-tls v0.2.7
[INFO] [stderr]    Compiling serde_derive v1.0.126
[INFO] [stderr]     Checking sha1 v0.6.0
[INFO] [stderr]    Compiling mysql v20.1.0
[INFO] [stderr]     Checking base64 v0.12.3
[INFO] [stderr]     Checking base64 v0.13.0
[INFO] [stderr]     Checking lazy_static v1.4.0
[INFO] [stderr]     Checking bytes v0.5.6
[INFO] [stderr]     Checking uuid v0.8.2
[INFO] [stderr]     Checking openssl-probe v0.1.4
[INFO] [stderr]     Checking bufstream v0.1.4
[INFO] [stderr]     Checking tinyvec v1.2.0
[INFO] [stderr]     Checking foreign-types v0.3.2
[INFO] [stderr]     Checking unicode-bidi v0.3.5
[INFO] [stderr]     Checking block-padding v0.1.5
[INFO] [stderr]     Checking form_urlencoded v1.0.1
[INFO] [stderr]     Checking hashbrown v0.9.1
[INFO] [stderr]    Compiling num-traits v0.2.14
[INFO] [stderr]    Compiling num-integer v0.1.44
[INFO] [stderr]    Compiling num-bigint v0.2.6
[INFO] [stderr]    Compiling io-enum v0.2.6
[INFO] [stderr]    Compiling standback v0.2.17
[INFO] [stderr]    Compiling time v0.2.27
[INFO] [stderr]     Checking lru v0.6.5
[INFO] [stderr]    Compiling openssl-sys v0.9.65
[INFO] [stderr]    Compiling libz-sys v1.1.3
[INFO] [stderr]    Compiling sys-info v0.7.0
[INFO] [stderr]    Compiling quote v1.0.9
[INFO] [stderr]     Checking unicode-normalization v0.1.19
[INFO] [stderr]     Checking aho-corasick v0.7.18
[INFO] [stderr]     Checking generic-array v0.12.4
[INFO] [stderr]     Checking digest v0.8.1
[INFO] [stderr]     Checking block-buffer v0.7.3
[INFO] [stderr]     Checking sha2 v0.8.2
[INFO] [stderr]     Checking idna v0.2.3
[INFO] [stderr]     Checking time v0.1.43
[INFO] [stderr]     Checking flate2 v1.0.20
[INFO] [stderr]     Checking nix v0.19.1
[INFO] [stderr]     Checking socket2 v0.3.19
[INFO] [stderr]     Checking regex v1.5.4
[INFO] [stderr]     Checking lexical v5.2.2
[INFO] [stderr]     Checking rand_core v0.5.1
[INFO] [stderr]     Checking rand_chacha v0.2.2
[INFO] [stderr]     Checking url v2.2.2
[INFO] [stderr]     Checking rand v0.7.3
[INFO] [stderr]     Checking pem v0.8.3
[INFO] [stderr]     Checking bigdecimal v0.1.2
[INFO] [stderr]     Checking rust_decimal v1.14.3
[INFO] [stderr]     Checking chrono v0.4.19
[INFO] [stderr]     Checking twox-hash v1.6.0
[INFO] [stderr]    Compiling derive_utils v0.11.2
[INFO] [stderr]    Compiling time-macros-impl v0.1.2
[INFO] [stderr]    Compiling thiserror-impl v1.0.25
[INFO] [stderr]     Checking time-macros v0.1.1
[INFO] [stderr]     Checking thiserror v1.0.25
[INFO] [stderr]     Checking mysql_common v0.24.1
[INFO] [stderr]     Checking mysqlbinlog-network v1.0.9 (/opt/rustwide/workdir)
[INFO] [stderr]  Documenting mysqlbinlog-network v1.0.9 (/opt/rustwide/workdir)
[INFO] [stdout] warning: unused import: `std::str::FromStr`
[INFO] [stdout]   --> src/client/sync.rs:17:5
[INFO] [stdout]    |
[INFO] [stdout] 17 | use std::str::FromStr;
[INFO] [stdout]    |     ^^^^^^^^^^^^^^^^^
[INFO] [stdout]    |
[INFO] [stdout]    = note: `#[warn(unused_imports)]` on by default
[INFO] [stdout] 
[INFO] [stdout] 
[INFO] [stdout] error[E0624]: associated function `write_command` is private
[INFO] [stdout]    --> src/client/sync.rs:84:14
[INFO] [stdout]     |
[INFO] [stdout] 84  |         self.write_command(Command::COM_REGISTER_SLAVE, data.as_slice())?;
[INFO] [stdout]     |              ^^^^^^^^^^^^^ private associated function
[INFO] [stdout]     | 
[INFO] [stdout]    ::: /opt/rustwide/cargo-home/registry/src/github.com-1ecc6299db9ec823/mysql-20.1.0/src/conn/mod.rs:713:5
[INFO] [stdout]     |
[INFO] [stdout] 713 |     fn write_command(&mut self, cmd: Command, data: &[u8]) -> Result<()> {
[INFO] [stdout]     |     -------------------------------------------------------------------- private associated function defined here
[INFO] [stdout] 
[INFO] [stdout] 
[INFO] [stdout] error[E0624]: associated function `read_packet` is private
[INFO] [stdout]    --> src/client/sync.rs:85:24
[INFO] [stdout]     |
[INFO] [stdout] 85  |         let rsl = self.read_packet()?;
[INFO] [stdout]     |                        ^^^^^^^^^^^ private associated function
[INFO] [stdout]     | 
[INFO] [stdout]    ::: /opt/rustwide/cargo-home/registry/src/github.com-1ecc6299db9ec823/mysql-20.1.0/src/conn/mod.rs:397:5
[INFO] [stdout]     |
[INFO] [stdout] 397 |     fn read_packet(&mut self) -> Result<Vec<u8>> {
[INFO] [stdout]     |     -------------------------------------------- private associated function defined here
[INFO] [stdout] 
[INFO] [stdout] 
[INFO] [stdout] error[E0624]: associated function `write_command` is private
[INFO] [stdout]    --> src/client/sync.rs:103:18
[INFO] [stdout]     |
[INFO] [stdout] 103 |             self.write_command(Command::COM_BINLOG_DUMP, data.as_slice())?;
[INFO] [stdout]     |                  ^^^^^^^^^^^^^ private associated function
[INFO] [stdout]     | 
[INFO] [stdout]    ::: /opt/rustwide/cargo-home/registry/src/github.com-1ecc6299db9ec823/mysql-20.1.0/src/conn/mod.rs:713:5
[INFO] [stdout]     |
[INFO] [stdout] 713 |     fn write_command(&mut self, cmd: Command, data: &[u8]) -> Result<()> {
[INFO] [stdout]     |     -------------------------------------------------------------------- private associated function defined here
[INFO] [stdout] 
[INFO] [stdout] 
[INFO] [stdout] error[E0624]: associated function `write_command` is private
[INFO] [stdout]    --> src/client/sync.rs:116:18
[INFO] [stdout]     |
[INFO] [stdout] 116 |             self.write_command(Command::COM_BINLOG_DUMP_GTID, data.as_slice())?;
[INFO] [stdout]     |                  ^^^^^^^^^^^^^ private associated function
[INFO] [stdout]     | 
[INFO] [stdout]    ::: /opt/rustwide/cargo-home/registry/src/github.com-1ecc6299db9ec823/mysql-20.1.0/src/conn/mod.rs:713:5
[INFO] [stdout]     |
[INFO] [stdout] 713 |     fn write_command(&mut self, cmd: Command, data: &[u8]) -> Result<()> {
[INFO] [stdout]     |     -------------------------------------------------------------------- private associated function defined here
[INFO] [stdout] 
[INFO] [stdout] 
[INFO] [stdout] error[E0624]: associated function `read_packet` is private
[INFO] [stdout]    --> src/client/sync.rs:249:24
[INFO] [stdout]     |
[INFO] [stdout] 249 |             match self.read_packet() {
[INFO] [stdout]     |                        ^^^^^^^^^^^ private associated function
[INFO] [stdout]     | 
[INFO] [stdout]    ::: /opt/rustwide/cargo-home/registry/src/github.com-1ecc6299db9ec823/mysql-20.1.0/src/conn/mod.rs:397:5
[INFO] [stdout]     |
[INFO] [stdout] 397 |     fn read_packet(&mut self) -> Result<Vec<u8>> {
[INFO] [stdout]     |     -------------------------------------------- private associated function defined here
[INFO] [stdout] 
[INFO] [stdout] 
[INFO] [stdout] error: aborting due to 5 previous errors; 1 warning emitted
[INFO] [stdout] 
[INFO] [stdout] 
[INFO] [stdout] For more information about this error, try `rustc --explain E0624`.
[INFO] [stdout] 
[INFO] [stderr] error: could not compile `mysqlbinlog-network` due to 6 previous errors; 1 warning emitted
[INFO] [stderr] warning: build failed, waiting for other jobs to finish...
[INFO] [stdout] warning: unresolved link to `Event`
[INFO] [stdout]  --> src/mysql_binlog/table_map.rs:6:66
[INFO] [stdout]   |
[INFO] [stdout] 6 | /// Opaque reference to a table map, intended to be consumed by [`Event`]
[INFO] [stdout]   |                                                                  ^^^^^^^ no item named `Event` in scope
[INFO] [stdout]   |
[INFO] [stdout]   = note: `#[warn(rustdoc::broken_intra_doc_links)]` on by default
[INFO] [stdout]   = help: to escape `[` and `]` characters, add '\' before them like `\[` or `\]`
[INFO] [stdout] 
[INFO] [stdout] 
[INFO] [stdout] warning: 1 warning emitted
[INFO] [stdout] 
[INFO] [stdout] 
[INFO] [stderr] error: build failed
[INFO] running `Command { std: "docker" "inspect" "1f63912eacdfa8ac8e4b393a53ddc77cf7c7dfdb330b1ed2dfa70914cc764a61", kill_on_drop: false }`
[INFO] running `Command { std: "docker" "rm" "-f" "1f63912eacdfa8ac8e4b393a53ddc77cf7c7dfdb330b1ed2dfa70914cc764a61", kill_on_drop: false }`
[INFO] [stdout] 1f63912eacdfa8ac8e4b393a53ddc77cf7c7dfdb330b1ed2dfa70914cc764a61
