[INFO] fetching crate mqf 1.0.0...
[INFO] documenting mqf-1.0.0 against 1.54.0 for beta-1.55-rustdoc-1
[INFO] extracting crate mqf 1.0.0 into /workspace/builds/worker-62/source
[INFO] validating manifest of crates.io crate mqf 1.0.0 on toolchain 1.54.0
[INFO] running `Command { std: "/workspace/cargo-home/bin/cargo" "+1.54.0" "metadata" "--manifest-path" "Cargo.toml" "--no-deps", kill_on_drop: false }`
[INFO] started tweaking crates.io crate mqf 1.0.0
[INFO] finished tweaking crates.io crate mqf 1.0.0
[INFO] tweaked toml for crates.io crate mqf 1.0.0 written to /workspace/builds/worker-62/source/Cargo.toml
[INFO] running `Command { std: "/workspace/cargo-home/bin/cargo" "+1.54.0" "generate-lockfile" "--manifest-path" "Cargo.toml" "-Zno-index-update", kill_on_drop: false }`
[INFO] [stderr]     Blocking waiting for file lock on package cache
[INFO] running `Command { std: "/workspace/cargo-home/bin/cargo" "+1.54.0" "fetch" "--manifest-path" "Cargo.toml", kill_on_drop: false }`
[INFO] [stderr]  Downloading crates ...
[INFO] [stderr]   Downloaded bindgen v0.51.1
[INFO] running `Command { std: "docker" "create" "-v" "/var/lib/crater-agent-workspace/builds/worker-62/target:/opt/rustwide/target:rw,Z" "-v" "/var/lib/crater-agent-workspace/builds/worker-62/source:/opt/rustwide/workdir:ro,Z" "-v" "/var/lib/crater-agent-workspace/cargo-home:/opt/rustwide/cargo-home:ro,Z" "-v" "/var/lib/crater-agent-workspace/rustup-home:/opt/rustwide/rustup-home:ro,Z" "-e" "SOURCE_DIR=/opt/rustwide/workdir" "-e" "CARGO_TARGET_DIR=/opt/rustwide/target" "-e" "CARGO_HOME=/opt/rustwide/cargo-home" "-e" "RUSTUP_HOME=/opt/rustwide/rustup-home" "-w" "/opt/rustwide/workdir" "-m" "1610612736" "--user" "0:0" "--network" "none" "ghcr.io/rust-lang/crates-build-env/linux@sha256:34b6a614d2c27851fe6cbf88fbd1137609cefab8b10d0615aaeb6fd47975d74e" "/opt/rustwide/cargo-home/bin/cargo" "+1.54.0" "metadata" "--no-deps" "--format-version=1", kill_on_drop: false }`
[INFO] [stdout] f98266af09d5e6ddfc5409b4eeae0c4471d3d0fe63818ba59aad76a4a8275323
[INFO] running `Command { std: "docker" "start" "-a" "f98266af09d5e6ddfc5409b4eeae0c4471d3d0fe63818ba59aad76a4a8275323", kill_on_drop: false }`
[INFO] running `Command { std: "docker" "inspect" "f98266af09d5e6ddfc5409b4eeae0c4471d3d0fe63818ba59aad76a4a8275323", kill_on_drop: false }`
[INFO] running `Command { std: "docker" "rm" "-f" "f98266af09d5e6ddfc5409b4eeae0c4471d3d0fe63818ba59aad76a4a8275323", kill_on_drop: false }`
[INFO] [stdout] f98266af09d5e6ddfc5409b4eeae0c4471d3d0fe63818ba59aad76a4a8275323
[INFO] running `Command { std: "docker" "create" "-v" "/var/lib/crater-agent-workspace/builds/worker-62/target:/opt/rustwide/target:rw,Z" "-v" "/var/lib/crater-agent-workspace/builds/worker-62/source:/opt/rustwide/workdir:ro,Z" "-v" "/var/lib/crater-agent-workspace/cargo-home:/opt/rustwide/cargo-home:ro,Z" "-v" "/var/lib/crater-agent-workspace/rustup-home:/opt/rustwide/rustup-home:ro,Z" "-e" "SOURCE_DIR=/opt/rustwide/workdir" "-e" "CARGO_TARGET_DIR=/opt/rustwide/target" "-e" "CARGO_INCREMENTAL=0" "-e" "RUST_BACKTRACE=full" "-e" "RUSTDOCFLAGS=--cap-lints=warn" "-e" "CARGO_HOME=/opt/rustwide/cargo-home" "-e" "RUSTUP_HOME=/opt/rustwide/rustup-home" "-w" "/opt/rustwide/workdir" "-m" "1610612736" "--user" "0:0" "--network" "none" "ghcr.io/rust-lang/crates-build-env/linux@sha256:34b6a614d2c27851fe6cbf88fbd1137609cefab8b10d0615aaeb6fd47975d74e" "/opt/rustwide/cargo-home/bin/cargo" "+1.54.0" "doc" "--frozen" "--no-deps" "--document-private-items" "--message-format=json", kill_on_drop: false }`
[INFO] [stdout] fd50a71d191087e67d64ca986f9064e3930ae52636d2c14e240fec499451fdd8
[INFO] running `Command { std: "docker" "start" "-a" "fd50a71d191087e67d64ca986f9064e3930ae52636d2c14e240fec499451fdd8", kill_on_drop: false }`
[INFO] [stderr]    Compiling memchr v2.4.0
[INFO] [stderr]    Compiling version_check v0.1.5
[INFO] [stderr]    Compiling glob v0.3.0
[INFO] [stderr]    Compiling proc-macro2 v1.0.28
[INFO] [stderr]    Compiling log v0.4.14
[INFO] [stderr]    Compiling unicode-width v0.1.8
[INFO] [stderr]    Compiling regex-syntax v0.6.25
[INFO] [stderr]    Compiling quick-error v1.2.3
[INFO] [stderr]    Compiling ansi_term v0.11.0
[INFO] [stderr]    Compiling termcolor v1.1.2
[INFO] [stderr]    Compiling vec_map v0.8.2
[INFO] [stderr]    Compiling strsim v0.8.0
[INFO] [stderr]    Compiling bindgen v0.51.1
[INFO] [stderr]    Compiling peeking_take_while v0.1.2
[INFO] [stderr]    Compiling lazy_static v1.4.0
[INFO] [stderr]    Compiling cfg-if v0.1.10
[INFO] [stderr]    Compiling rustc-hash v1.1.0
[INFO] [stderr]    Compiling shlex v0.1.1
[INFO] [stderr]    Compiling libloading v0.5.2
[INFO] [stderr]    Compiling cmake v0.1.45
[INFO] [stderr]    Compiling bitflags v1.2.1
[INFO] [stderr]    Compiling atty v0.2.14
[INFO] [stderr]    Compiling which v3.1.1
[INFO] [stderr]    Compiling humantime v1.3.0
[INFO] [stderr]    Compiling textwrap v0.11.0
[INFO] [stderr]    Compiling nom v4.2.3
[INFO] [stderr]    Compiling clang-sys v0.28.1
[INFO] [stderr]    Compiling clap v2.33.3
[INFO] [stderr]    Compiling aho-corasick v0.7.18
[INFO] [stderr]    Compiling quote v1.0.9
[INFO] [stderr]    Compiling cexpr v0.3.6
[INFO] [stderr]    Compiling regex v1.5.4
[INFO] [stderr]    Compiling env_logger v0.6.2
[INFO] [stderr]    Compiling mqf v1.0.0 (/opt/rustwide/workdir)
[INFO] [stderr] error: failed to run custom build command for `mqf v1.0.0 (/opt/rustwide/workdir)`
[INFO] [stderr] 
[INFO] [stderr] Caused by:
[INFO] [stderr]   process didn't exit successfully: `/opt/rustwide/target/debug/build/mqf-cf3498e57d250bef/build-script-build` (exit status: 101)
[INFO] [stderr]   --- stdout
[INFO] [stderr]   running: "cmake" "/opt/rustwide/workdir/." "-DBUILD_STATIC_LIBS=ON" "-DCMAKE_INSTALL_PREFIX=/opt/rustwide/target/debug/build/mqf-f38ff9b108cc318f/out" "-DCMAKE_C_FLAGS= -ffunction-sections -fdata-sections -fPIC -m64" "-DCMAKE_C_COMPILER=/usr/bin/cc" "-DCMAKE_CXX_FLAGS= -ffunction-sections -fdata-sections -fPIC -m64" "-DCMAKE_CXX_COMPILER=/usr/bin/c++" "-DCMAKE_ASM_FLAGS= -ffunction-sections -fdata-sections -fPIC -m64" "-DCMAKE_ASM_COMPILER=/usr/bin/cc" "-DCMAKE_BUILD_TYPE=Debug"
[INFO] [stderr]   -- The C compiler identification is GNU 9.3.0
[INFO] [stderr]   -- The CXX compiler identification is GNU 9.3.0
[INFO] [stderr]   -- Check for working C compiler: /usr/bin/cc
[INFO] [stderr]   -- Check for working C compiler: /usr/bin/cc -- works
[INFO] [stderr]   -- Detecting C compiler ABI info
[INFO] [stderr]   -- Detecting C compiler ABI info - done
[INFO] [stderr]   -- Detecting C compile features
[INFO] [stderr]   -- Detecting C compile features - done
[INFO] [stderr]   -- Check for working CXX compiler: /usr/bin/c++
[INFO] [stderr]   -- Check for working CXX compiler: /usr/bin/c++ -- works
[INFO] [stderr]   -- Detecting CXX compiler ABI info
[INFO] [stderr]   -- Detecting CXX compiler ABI info - done
[INFO] [stderr]   -- Detecting CXX compile features
[INFO] [stderr]   -- Detecting CXX compile features - done
[INFO] [stderr]   -- Performing Test CXX_HAS_FLAGS_WEXTRA
[INFO] [stderr]   -- Performing Test CXX_HAS_FLAGS_WEXTRA - Success
[INFO] [stderr]   -- Performing Test CXX_HAS_TEMPLATE_DEPTH
[INFO] [stderr]   -- Performing Test CXX_HAS_TEMPLATE_DEPTH - Success
[INFO] [stderr]   -- Performing Test CXX_HAS_STD_CXX11
[INFO] [stderr]   -- Performing Test CXX_HAS_STD_CXX11 - Success
[INFO] [stderr]   -- Performing Test STXXL_HAVE_CXX11_RANGE_FOR_LOOP
[INFO] [stderr]   -- Performing Test STXXL_HAVE_CXX11_RANGE_FOR_LOOP - Success
[INFO] [stderr]   -- Looking for C++ include pthread.h
[INFO] [stderr]   -- Looking for C++ include pthread.h - found
[INFO] [stderr]   -- Looking for pthread.h
[INFO] [stderr]   -- Looking for pthread.h - found
[INFO] [stderr]   -- Performing Test CMAKE_HAVE_LIBC_PTHREAD
[INFO] [stderr]   -- Performing Test CMAKE_HAVE_LIBC_PTHREAD - Failed
[INFO] [stderr]   -- Looking for pthread_create in pthreads
[INFO] [stderr]   -- Looking for pthread_create in pthreads - not found
[INFO] [stderr]   -- Looking for pthread_create in pthread
[INFO] [stderr]   -- Looking for pthread_create in pthread - found
[INFO] [stderr]   -- Found Threads: TRUE  
[INFO] [stderr]   -- Checking for 64-bit off_t
[INFO] [stderr]   -- Checking for 64-bit off_t - present
[INFO] [stderr]   -- Checking for fseeko/ftello
[INFO] [stderr]   -- Checking for fseeko/ftello - present
[INFO] [stderr]   -- Performing Test STXXL_HAVE_O_DIRECT
[INFO] [stderr]   -- Performing Test STXXL_HAVE_O_DIRECT - Success
[INFO] [stderr]   -- Looking for mmap
[INFO] [stderr]   -- Looking for mmap - found
[INFO] [stderr]   -- Performing Test STXXL_HAVE_LINUXAIO_FILE
[INFO] [stderr]   -- Performing Test STXXL_HAVE_LINUXAIO_FILE - Success
[INFO] [stderr]   -- Performing Test STXXL_HAVE_SYNC_ADD_AND_FETCH
[INFO] [stderr]   -- Performing Test STXXL_HAVE_SYNC_ADD_AND_FETCH - Success
[INFO] [stderr]   -- Found OpenMP_C: -fopenmp (found version "4.5") 
[INFO] [stderr]   -- Found OpenMP_CXX: -fopenmp (found version "4.5") 
[INFO] [stderr]   -- Found OpenMP: TRUE (found version "4.5")  
[INFO] [stderr]   -- OpenMP found, enabling built-in parallel algorithms.
[INFO] [stderr]   -- Looking for C++ include parallel/algorithm
[INFO] [stderr]   -- Looking for C++ include parallel/algorithm - found
[INFO] [stderr]   -- Using POSIX pthread library functions.
[INFO] [stderr]   -- Looking for mallinfo
[INFO] [stderr]   -- Looking for mallinfo - found
[INFO] [stderr]   -- Looking for mlock
[INFO] [stderr]   -- Looking for mlock - found
[INFO] [stderr]   -- Configuring done
[INFO] [stderr]   -- Generating done
[INFO] [stderr]   -- Build files have been written to: /opt/rustwide/target/debug/build/mqf-f38ff9b108cc318f/out/build
[INFO] [stderr]   running: "cmake" "--build" "." "--target" "MQF" "--config" "Debug" "--"
[INFO] [stderr]   Scanning dependencies of target stxxl
[INFO] [stderr]   [  2%] Building CXX object ThirdParty/stxxl/lib/CMakeFiles/stxxl.dir/common/cmdline.cpp.o
[INFO] [stderr]   [  4%] Building CXX object ThirdParty/stxxl/lib/CMakeFiles/stxxl.dir/common/rand.cpp.o
[INFO] [stderr]   [  7%] Building CXX object ThirdParty/stxxl/lib/CMakeFiles/stxxl.dir/common/utils.cpp.o
[INFO] [stderr]   [ 11%] Building CXX object ThirdParty/stxxl/lib/CMakeFiles/stxxl.dir/common/log.cpp.o
[INFO] [stderr]   [ 11%] Building CXX object ThirdParty/stxxl/lib/CMakeFiles/stxxl.dir/io/boostfd_file.cpp.o
[INFO] [stderr]   [ 16%] Building CXX object ThirdParty/stxxl/lib/CMakeFiles/stxxl.dir/common/seed.cpp.o
[INFO] [stderr]   [ 16%] Building CXX object ThirdParty/stxxl/lib/CMakeFiles/stxxl.dir/common/verbose.cpp.o
[INFO] [stderr]   [ 21%] Building CXX object ThirdParty/stxxl/lib/CMakeFiles/stxxl.dir/io/create_file.cpp.o
[INFO] [stderr]   [ 21%] Building CXX object ThirdParty/stxxl/lib/CMakeFiles/stxxl.dir/io/disk_queued_file.cpp.o
[INFO] [stderr]   [ 23%] Building CXX object ThirdParty/stxxl/lib/CMakeFiles/stxxl.dir/common/exithandler.cpp.o
[INFO] [stderr]   [ 26%] Building CXX object ThirdParty/stxxl/lib/CMakeFiles/stxxl.dir/io/file.cpp.o
[INFO] [stderr]   [ 28%] Building CXX object ThirdParty/stxxl/lib/CMakeFiles/stxxl.dir/io/fileperblock_file.cpp.o
[INFO] [stderr]   [ 30%] Building CXX object ThirdParty/stxxl/lib/CMakeFiles/stxxl.dir/io/iostats.cpp.o
[INFO] [stderr]   [ 33%] Building CXX object ThirdParty/stxxl/lib/CMakeFiles/stxxl.dir/io/request.cpp.o
[INFO] [stderr]   [ 35%] Building CXX object ThirdParty/stxxl/lib/CMakeFiles/stxxl.dir/io/mem_file.cpp.o
[INFO] [stderr]   [ 38%] Building CXX object ThirdParty/stxxl/lib/CMakeFiles/stxxl.dir/common/version.cpp.o
[INFO] [stderr]   [ 40%] Building CXX object ThirdParty/stxxl/lib/CMakeFiles/stxxl.dir/io/request_queue_impl_1q.cpp.o
[INFO] [stderr]   [ 45%] Building CXX object ThirdParty/stxxl/lib/CMakeFiles/stxxl.dir/io/request_with_state.cpp.o
[INFO] [stderr]   [ 45%] Building CXX object ThirdParty/stxxl/lib/CMakeFiles/stxxl.dir/io/request_queue_impl_worker.cpp.o
[INFO] [stderr]   [ 47%] Building CXX object ThirdParty/stxxl/lib/CMakeFiles/stxxl.dir/io/request_with_waiters.cpp.o
[INFO] [stderr]   [ 50%] Building CXX object ThirdParty/stxxl/lib/CMakeFiles/stxxl.dir/io/serving_request.cpp.o
[INFO] [stderr]   [ 52%] Building CXX object ThirdParty/stxxl/lib/CMakeFiles/stxxl.dir/io/request_queue_impl_qwqr.cpp.o
[INFO] [stderr]   [ 57%] Building CXX object ThirdParty/stxxl/lib/CMakeFiles/stxxl.dir/io/wbtl_file.cpp.o
[INFO] [stderr]   [ 57%] Building CXX object ThirdParty/stxxl/lib/CMakeFiles/stxxl.dir/io/wincall_file.cpp.o
[INFO] [stderr]   [ 61%] Building CXX object ThirdParty/stxxl/lib/CMakeFiles/stxxl.dir/io/syscall_file.cpp.o
[INFO] [stderr]   [ 61%] Building CXX object ThirdParty/stxxl/lib/CMakeFiles/stxxl.dir/io/wfs_file_base.cpp.o
[INFO] [stderr]   [ 64%] Building CXX object ThirdParty/stxxl/lib/CMakeFiles/stxxl.dir/mng/config.cpp.o
[INFO] [stderr]   [ 66%] Building CXX object ThirdParty/stxxl/lib/CMakeFiles/stxxl.dir/io/ufs_file_base.cpp.o
[INFO] [stderr]   [ 69%] Building CXX object ThirdParty/stxxl/lib/CMakeFiles/stxxl.dir/algo/async_schedule.cpp.o
[INFO] [stderr]   [ 73%] Building CXX object ThirdParty/stxxl/lib/CMakeFiles/stxxl.dir/mng/block_manager.cpp.o
[INFO] [stderr]   [ 73%] Building CXX object ThirdParty/stxxl/lib/CMakeFiles/stxxl.dir/io/simdisk_file.cpp.o
[INFO] [stderr]   [ 76%] Building CXX object ThirdParty/stxxl/lib/CMakeFiles/stxxl.dir/mng/disk_allocator.cpp.o
[INFO] [stderr]   [ 78%] Building CXX object ThirdParty/stxxl/lib/CMakeFiles/stxxl.dir/io/linuxaio_request.cpp.o
[INFO] [stderr]   [ 80%] Building CXX object ThirdParty/stxxl/lib/CMakeFiles/stxxl.dir/io/linuxaio_file.cpp.o
[INFO] [stderr]   [ 83%] Building CXX object ThirdParty/stxxl/lib/CMakeFiles/stxxl.dir/io/mmap_file.cpp.o
[INFO] [stderr]   [ 85%] Building CXX object ThirdParty/stxxl/lib/CMakeFiles/stxxl.dir/io/linuxaio_queue.cpp.o
[INFO] [stderr] 
[INFO] [stderr]   --- stderr
[INFO] [stderr]   CMake Warning (dev) in CMakeLists.txt:
[INFO] [stderr]     No project() command is present.  The top-level CMakeLists.txt file must
[INFO] [stderr]     contain a literal, direct call to the project() command.  Add a line of
[INFO] [stderr]     code such as
[INFO] [stderr] 
[INFO] [stderr]       project(ProjectName)
[INFO] [stderr] 
[INFO] [stderr]     near the top of the file, but after cmake_minimum_required().
[INFO] [stderr] 
[INFO] [stderr]     CMake is pretending there is a "project(Project)" command on the first
[INFO] [stderr]     line.
[INFO] [stderr]   This warning is for project developers.  Use -Wno-dev to suppress it.
[INFO] [stderr] 
[INFO] [stderr]   CMake Warning:
[INFO] [stderr]     Manually-specified variables were not used by the project:
[INFO] [stderr] 
[INFO] [stderr]       CMAKE_ASM_COMPILER
[INFO] [stderr]       CMAKE_ASM_FLAGS
[INFO] [stderr] 
[INFO] [stderr] 
[INFO] [stderr]   c++: fatal error: Killed signal terminated program cc1plus
[INFO] [stderr]   compilation terminated.
[INFO] [stderr]   make[3]: *** [ThirdParty/stxxl/lib/CMakeFiles/stxxl.dir/build.make:193: ThirdParty/stxxl/lib/CMakeFiles/stxxl.dir/io/disk_queued_file.cpp.o] Error 1
[INFO] [stderr]   make[3]: *** Waiting for unfinished jobs....
[INFO] [stderr]   c++: fatal error: Killed signal terminated program cc1plus
[INFO] [stderr]   compilation terminated.
[INFO] [stderr]   make[3]: *** [ThirdParty/stxxl/lib/CMakeFiles/stxxl.dir/build.make:518: ThirdParty/stxxl/lib/CMakeFiles/stxxl.dir/io/linuxaio_request.cpp.o] Error 1
[INFO] [stderr]   c++: fatal error: Killed signal terminated program cc1plus
[INFO] [stderr]   compilation terminated.
[INFO] [stderr]   make[3]: *** [ThirdParty/stxxl/lib/CMakeFiles/stxxl.dir/build.make:284: ThirdParty/stxxl/lib/CMakeFiles/stxxl.dir/io/request_queue_impl_qwqr.cpp.o] Error 1
[INFO] [stderr]   c++: fatal error: Killed signal terminated program cc1plus
[INFO] [stderr]   compilation terminated.
[INFO] [stderr]   make[3]: *** [ThirdParty/stxxl/lib/CMakeFiles/stxxl.dir/build.make:323: ThirdParty/stxxl/lib/CMakeFiles/stxxl.dir/io/request_with_waiters.cpp.o] Error 1
[INFO] [stderr]   make[2]: *** [CMakeFiles/Makefile2:1392: ThirdParty/stxxl/lib/CMakeFiles/stxxl.dir/all] Error 2
[INFO] [stderr]   make[1]: *** [CMakeFiles/Makefile2:1507: src/CMakeFiles/MQF.dir/rule] Error 2
[INFO] [stderr]   make: *** [Makefile:613: MQF] Error 2
[INFO] [stderr]   thread 'main' panicked at '
[INFO] [stderr]   command did not execute successfully, got: exit status: 2
[INFO] [stderr] 
[INFO] [stderr]   build script failed, must exit now', /opt/rustwide/cargo-home/registry/src/github.com-1ecc6299db9ec823/cmake-0.1.45/src/lib.rs:894:5
[INFO] [stderr]   stack backtrace:
[INFO] [stderr]      0:     0x5629ea105af0 - std::backtrace_rs::backtrace::libunwind::trace::h34055254b57d8e79
[INFO] [stderr]                                  at /rustc/a178d0322ce20e33eac124758e837cbd80a6f633/library/std/src/../../backtrace/src/backtrace/libunwind.rs:90:5
[INFO] [stderr]      1:     0x5629ea105af0 - std::backtrace_rs::backtrace::trace_unsynchronized::h8f1e3fbd9afff6ec
[INFO] [stderr]                                  at /rustc/a178d0322ce20e33eac124758e837cbd80a6f633/library/std/src/../../backtrace/src/backtrace/mod.rs:66:5
[INFO] [stderr]      2:     0x5629ea105af0 - std::sys_common::backtrace::_print_fmt::h3a99a796b770c360
[INFO] [stderr]                                  at /rustc/a178d0322ce20e33eac124758e837cbd80a6f633/library/std/src/sys_common/backtrace.rs:67:5
[INFO] [stderr]      3:     0x5629ea105af0 - <std::sys_common::backtrace::_print::DisplayBacktrace as core::fmt::Display>::fmt::h32d1f94a80615d18
[INFO] [stderr]                                  at /rustc/a178d0322ce20e33eac124758e837cbd80a6f633/library/std/src/sys_common/backtrace.rs:46:22
[INFO] [stderr]      4:     0x5629ea12b7ec - core::fmt::write::h306731c068f7162c
[INFO] [stderr]                                  at /rustc/a178d0322ce20e33eac124758e837cbd80a6f633/library/core/src/fmt/mod.rs:1110:17
[INFO] [stderr]      5:     0x5629ea1025b5 - std::io::Write::write_fmt::hd2fa90334eee2a21
[INFO] [stderr]                                  at /rustc/a178d0322ce20e33eac124758e837cbd80a6f633/library/std/src/io/mod.rs:1588:15
[INFO] [stderr]      6:     0x5629ea10825b - std::sys_common::backtrace::_print::h5abaa2601a852287
[INFO] [stderr]                                  at /rustc/a178d0322ce20e33eac124758e837cbd80a6f633/library/std/src/sys_common/backtrace.rs:49:5
[INFO] [stderr]      7:     0x5629ea10825b - std::sys_common::backtrace::print::h8d81445442bb638f
[INFO] [stderr]                                  at /rustc/a178d0322ce20e33eac124758e837cbd80a6f633/library/std/src/sys_common/backtrace.rs:36:9
[INFO] [stderr]      8:     0x5629ea10825b - std::panicking::default_hook::{{closure}}::hcfe804496a9fa747
[INFO] [stderr]                                  at /rustc/a178d0322ce20e33eac124758e837cbd80a6f633/library/std/src/panicking.rs:208:50
[INFO] [stderr]      9:     0x5629ea107d31 - std::panicking::default_hook::hbea8e3ccf2ba8901
[INFO] [stderr]                                  at /rustc/a178d0322ce20e33eac124758e837cbd80a6f633/library/std/src/panicking.rs:225:9
[INFO] [stderr]     10:     0x5629ea108924 - std::panicking::rust_panic_with_hook::h7ee9e1a2d0f8975a
[INFO] [stderr]                                  at /rustc/a178d0322ce20e33eac124758e837cbd80a6f633/library/std/src/panicking.rs:622:17
[INFO] [stderr]     11:     0x5629ea108407 - std::panicking::begin_panic_handler::{{closure}}::h8ab3b4491718b2c7
[INFO] [stderr]                                  at /rustc/a178d0322ce20e33eac124758e837cbd80a6f633/library/std/src/panicking.rs:519:13
[INFO] [stderr]     12:     0x5629ea105fec - std::sys_common::backtrace::__rust_end_short_backtrace::hd489062ffa586a9f
[INFO] [stderr]                                  at /rustc/a178d0322ce20e33eac124758e837cbd80a6f633/library/std/src/sys_common/backtrace.rs:141:18
[INFO] [stderr]     13:     0x5629ea108369 - rust_begin_unwind
[INFO] [stderr]                                  at /rustc/a178d0322ce20e33eac124758e837cbd80a6f633/library/std/src/panicking.rs:515:5
[INFO] [stderr]     14:     0x5629e9badbfb - std::panicking::begin_panic_fmt::h5479575e112541f8
[INFO] [stderr]                                  at /rustc/a178d0322ce20e33eac124758e837cbd80a6f633/library/std/src/panicking.rs:457:5
[INFO] [stderr]     15:     0x5629ea08fc13 - cmake::fail::ha1cc8d11909fbc7e
[INFO] [stderr]                                  at /opt/rustwide/cargo-home/registry/src/github.com-1ecc6299db9ec823/cmake-0.1.45/src/lib.rs:894:5
[INFO] [stderr]     16:     0x5629ea08f621 - cmake::run::hdc59bf284b822c8e
[INFO] [stderr]                                  at /opt/rustwide/cargo-home/registry/src/github.com-1ecc6299db9ec823/cmake-0.1.45/src/lib.rs:872:9
[INFO] [stderr]     17:     0x5629ea08d051 - cmake::Config::build::hf6738867fda55e0d
[INFO] [stderr]                                  at /opt/rustwide/cargo-home/registry/src/github.com-1ecc6299db9ec823/cmake-0.1.45/src/lib.rs:778:9
[INFO] [stderr]     18:     0x5629e9bb2091 - build_script_build::main::h1dc5392348034b2c
[INFO] [stderr]                                  at /opt/rustwide/workdir/build.rs:8:15
[INFO] [stderr]     19:     0x5629e9bafddb - core::ops::function::FnOnce::call_once::h53fa3c5f3b2213f4
[INFO] [stderr]                                  at /rustc/a178d0322ce20e33eac124758e837cbd80a6f633/library/core/src/ops/function.rs:227:5
[INFO] [stderr]     20:     0x5629e9bb149e - std::sys_common::backtrace::__rust_begin_short_backtrace::h3b3848d70f96a1ef
[INFO] [stderr]                                  at /rustc/a178d0322ce20e33eac124758e837cbd80a6f633/library/std/src/sys_common/backtrace.rs:125:18
[INFO] [stderr]     21:     0x5629e9bafd11 - std::rt::lang_start::{{closure}}::hf797cc6de2571d89
[INFO] [stderr]                                  at /rustc/a178d0322ce20e33eac124758e837cbd80a6f633/library/std/src/rt.rs:49:18
[INFO] [stderr]     22:     0x5629ea108e29 - core::ops::function::impls::<impl core::ops::function::FnOnce<A> for &F>::call_once::h2aabc384aab89b7b
[INFO] [stderr]                                  at /rustc/a178d0322ce20e33eac124758e837cbd80a6f633/library/core/src/ops/function.rs:259:13
[INFO] [stderr]     23:     0x5629ea108e29 - std::panicking::try::do_call::hc5fcacb7a85fc7b1
[INFO] [stderr]                                  at /rustc/a178d0322ce20e33eac124758e837cbd80a6f633/library/std/src/panicking.rs:401:40
[INFO] [stderr]     24:     0x5629ea108e29 - std::panicking::try::hb5d9603af3abbe3a
[INFO] [stderr]                                  at /rustc/a178d0322ce20e33eac124758e837cbd80a6f633/library/std/src/panicking.rs:365:19
[INFO] [stderr]     25:     0x5629ea108e29 - std::panic::catch_unwind::h98fe6ac3925e64b4
[INFO] [stderr]                                  at /rustc/a178d0322ce20e33eac124758e837cbd80a6f633/library/std/src/panic.rs:434:14
[INFO] [stderr]     26:     0x5629ea108e29 - std::rt::lang_start_internal::h22ac7383c516f93e
[INFO] [stderr]                                  at /rustc/a178d0322ce20e33eac124758e837cbd80a6f633/library/std/src/rt.rs:34:21
[INFO] [stderr]     27:     0x5629e9bafcf0 - std::rt::lang_start::h577d898d87d28d61
[INFO] [stderr]                                  at /rustc/a178d0322ce20e33eac124758e837cbd80a6f633/library/std/src/rt.rs:48:5
[INFO] [stderr]     28:     0x5629e9bb2b6c - main
[INFO] [stderr]     29:     0x7f62f67060b3 - __libc_start_main
[INFO] [stderr]     30:     0x5629e9baf07e - _start
[INFO] [stderr]     31:                0x0 - <unknown>
[INFO] running `Command { std: "docker" "inspect" "fd50a71d191087e67d64ca986f9064e3930ae52636d2c14e240fec499451fdd8", kill_on_drop: false }`
[INFO] running `Command { std: "docker" "rm" "-f" "fd50a71d191087e67d64ca986f9064e3930ae52636d2c14e240fec499451fdd8", kill_on_drop: false }`
[INFO] [stdout] fd50a71d191087e67d64ca986f9064e3930ae52636d2c14e240fec499451fdd8
