[INFO] fetching crate moho 0.0.9...
[INFO] documenting moho-0.0.9 against beta-2021-08-01 for beta-1.55-rustdoc-1
[INFO] extracting crate moho 0.0.9 into /workspace/builds/worker-3/source
[INFO] validating manifest of crates.io crate moho 0.0.9 on toolchain beta-2021-08-01
[INFO] running `Command { std: "/workspace/cargo-home/bin/cargo" "+beta-2021-08-01" "metadata" "--manifest-path" "Cargo.toml" "--no-deps", kill_on_drop: false }`
[INFO] started tweaking crates.io crate moho 0.0.9
[INFO] finished tweaking crates.io crate moho 0.0.9
[INFO] tweaked toml for crates.io crate moho 0.0.9 written to /workspace/builds/worker-3/source/Cargo.toml
[INFO] running `Command { std: "/workspace/cargo-home/bin/cargo" "+beta-2021-08-01" "generate-lockfile" "--manifest-path" "Cargo.toml" "-Zno-index-update", kill_on_drop: false }`
[INFO] running `Command { std: "/workspace/cargo-home/bin/cargo" "+beta-2021-08-01" "fetch" "--manifest-path" "Cargo.toml", kill_on_drop: false }`
[INFO] running `Command { std: "docker" "create" "-v" "/var/lib/crater-agent-workspace/builds/worker-3/target:/opt/rustwide/target:rw,Z" "-v" "/var/lib/crater-agent-workspace/builds/worker-3/source:/opt/rustwide/workdir:ro,Z" "-v" "/var/lib/crater-agent-workspace/cargo-home:/opt/rustwide/cargo-home:ro,Z" "-v" "/var/lib/crater-agent-workspace/rustup-home:/opt/rustwide/rustup-home:ro,Z" "-e" "SOURCE_DIR=/opt/rustwide/workdir" "-e" "CARGO_TARGET_DIR=/opt/rustwide/target" "-e" "CARGO_HOME=/opt/rustwide/cargo-home" "-e" "RUSTUP_HOME=/opt/rustwide/rustup-home" "-w" "/opt/rustwide/workdir" "-m" "1610612736" "--user" "0:0" "--network" "none" "ghcr.io/rust-lang/crates-build-env/linux@sha256:34b6a614d2c27851fe6cbf88fbd1137609cefab8b10d0615aaeb6fd47975d74e" "/opt/rustwide/cargo-home/bin/cargo" "+beta-2021-08-01" "metadata" "--no-deps" "--format-version=1", kill_on_drop: false }`
[INFO] [stdout] 5f02cde0abf8d8df0a294bbb8930492ce75038794f255b6bf1688df2d9d8c885
[INFO] [stderr] WARNING: Your kernel does not support swap limit capabilities or the cgroup is not mounted. Memory limited without swap.
[INFO] running `Command { std: "docker" "start" "-a" "5f02cde0abf8d8df0a294bbb8930492ce75038794f255b6bf1688df2d9d8c885", kill_on_drop: false }`
[INFO] running `Command { std: "docker" "inspect" "5f02cde0abf8d8df0a294bbb8930492ce75038794f255b6bf1688df2d9d8c885", kill_on_drop: false }`
[INFO] running `Command { std: "docker" "rm" "-f" "5f02cde0abf8d8df0a294bbb8930492ce75038794f255b6bf1688df2d9d8c885", kill_on_drop: false }`
[INFO] [stdout] 5f02cde0abf8d8df0a294bbb8930492ce75038794f255b6bf1688df2d9d8c885
[INFO] running `Command { std: "docker" "create" "-v" "/var/lib/crater-agent-workspace/builds/worker-3/target:/opt/rustwide/target:rw,Z" "-v" "/var/lib/crater-agent-workspace/builds/worker-3/source:/opt/rustwide/workdir:ro,Z" "-v" "/var/lib/crater-agent-workspace/cargo-home:/opt/rustwide/cargo-home:ro,Z" "-v" "/var/lib/crater-agent-workspace/rustup-home:/opt/rustwide/rustup-home:ro,Z" "-e" "SOURCE_DIR=/opt/rustwide/workdir" "-e" "CARGO_TARGET_DIR=/opt/rustwide/target" "-e" "CARGO_INCREMENTAL=0" "-e" "RUST_BACKTRACE=full" "-e" "RUSTDOCFLAGS=--cap-lints=warn" "-e" "CARGO_HOME=/opt/rustwide/cargo-home" "-e" "RUSTUP_HOME=/opt/rustwide/rustup-home" "-w" "/opt/rustwide/workdir" "-m" "1610612736" "--user" "0:0" "--network" "none" "ghcr.io/rust-lang/crates-build-env/linux@sha256:34b6a614d2c27851fe6cbf88fbd1137609cefab8b10d0615aaeb6fd47975d74e" "/opt/rustwide/cargo-home/bin/cargo" "+beta-2021-08-01" "doc" "--frozen" "--no-deps" "--document-private-items" "--message-format=json", kill_on_drop: false }`
[INFO] [stdout] d1f10add87f9010aa748197e676343e9da6ceb9e3e3fa22401c98be2e3e53ab2
[INFO] [stderr] WARNING: Your kernel does not support swap limit capabilities or the cgroup is not mounted. Memory limited without swap.
[INFO] running `Command { std: "docker" "start" "-a" "d1f10add87f9010aa748197e676343e9da6ceb9e3e3fa22401c98be2e3e53ab2", kill_on_drop: false }`
[INFO] [stderr]    Compiling sdl2 v0.34.5
[INFO] [stderr]    Compiling sdl2-sys v0.34.5
[INFO] [stderr]     Checking env_logger v0.3.5
[INFO] [stderr]     Checking quickcheck v0.2.27
[INFO] [stderr]     Checking glm v0.2.3
[INFO] [stderr]  Documenting moho v0.0.9 (/opt/rustwide/workdir)
[INFO] [stdout] error[E0432]: unresolved import `sdl2::render::Renderer`
[INFO] [stdout]  --> src/lib.rs:7:5
[INFO] [stdout]   |
[INFO] [stdout] 7 | use sdl2::render::Renderer as SdlRenderer;
[INFO] [stdout]   |     ^^^^^^^^^^^^^^^^^^^^^^^^^^^^^^^^^^^^^ no `Renderer` in `render`
[INFO] [stdout] 
[INFO] [stdout] 
[INFO] [stdout] error[E0432]: unresolved imports `sdl2::image::INIT_PNG`, `sdl2::image::INIT_JPG`
[INFO] [stdout]  --> src/lib.rs:9:19
[INFO] [stdout]   |
[INFO] [stdout] 9 | use sdl2::image::{INIT_PNG, INIT_JPG};
[INFO] [stdout]   |                   ^^^^^^^^  ^^^^^^^^ no `INIT_JPG` in `image`
[INFO] [stdout]   |                   |
[INFO] [stdout]   |                   no `INIT_PNG` in `image`
[INFO] [stdout] 
[INFO] [stdout] 
[INFO] [stdout] error[E0432]: unresolved import `sdl2::render::Renderer`
[INFO] [stdout]  --> src/renderer/sdl2/font.rs:9:5
[INFO] [stdout]   |
[INFO] [stdout] 9 | use sdl2::render::Renderer as SdlRenderer;
[INFO] [stdout]   |     ^^^^^^^^^^^^^^^^^^^^^^^^^^^^^^^^^^^^^ no `Renderer` in `render`
[INFO] [stdout] 
[INFO] [stdout] 
[INFO] [stdout] error[E0412]: cannot find type `Renderer` in module `render`
[INFO] [stdout]   --> src/renderer/sdl2/mod.rs:18:43
[INFO] [stdout]    |
[INFO] [stdout] 18 | impl renderer::ResourceLoader for render::Renderer<'static> {
[INFO] [stdout]    |                                           ^^^^^^^^ not found in `render`
[INFO] [stdout]    |
[INFO] [stdout] help: consider importing this trait
[INFO] [stdout]    |
[INFO] [stdout] 3  | use renderer::Renderer;
[INFO] [stdout]    |
[INFO] [stdout] 
[INFO] [stdout] 
[INFO] [stdout] error[E0412]: cannot find type `Renderer` in module `render`
[INFO] [stdout]   --> src/renderer/sdl2/mod.rs:22:65
[INFO] [stdout]    |
[INFO] [stdout] 22 | impl<'a> renderer::Loader<'a, render::Texture, str> for render::Renderer<'static> {
[INFO] [stdout]    |                                                                 ^^^^^^^^ not found in `render`
[INFO] [stdout]    |
[INFO] [stdout] help: consider importing this trait
[INFO] [stdout]    |
[INFO] [stdout] 3  | use renderer::Renderer;
[INFO] [stdout]    |
[INFO] [stdout] 
[INFO] [stdout] 
[INFO] [stdout] error[E0412]: cannot find type `Renderer` in module `render`
[INFO] [stdout]   --> src/renderer/sdl2/mod.rs:30:37
[INFO] [stdout]    |
[INFO] [stdout] 30 | impl renderer::Renderer for render::Renderer<'static> {
[INFO] [stdout]    |                                     ^^^^^^^^ not found in `render`
[INFO] [stdout]    |
[INFO] [stdout] help: consider importing this trait
[INFO] [stdout]    |
[INFO] [stdout] 3  | use renderer::Renderer;
[INFO] [stdout]    |
[INFO] [stdout] 
[INFO] [stdout] 
[INFO] [stdout] error[E0412]: cannot find type `Renderer` in module `render`
[INFO] [stdout]   --> src/renderer/sdl2/mod.rs:55:33
[INFO] [stdout]    |
[INFO] [stdout] 55 | impl renderer::Show for render::Renderer<'static> {}
[INFO] [stdout]    |                                 ^^^^^^^^ not found in `render`
[INFO] [stdout]    |
[INFO] [stdout] help: consider importing this trait
[INFO] [stdout]    |
[INFO] [stdout] 3  | use renderer::Renderer;
[INFO] [stdout]    |
[INFO] [stdout] 
[INFO] [stdout] 
[INFO] [stdout] error[E0412]: cannot find type `Renderer` in module `render`
[INFO] [stdout]   --> src/renderer/sdl2/mod.rs:57:35
[INFO] [stdout]    |
[INFO] [stdout] 57 | impl renderer::Window for render::Renderer<'static> {
[INFO] [stdout]    |                                   ^^^^^^^^ not found in `render`
[INFO] [stdout]    |
[INFO] [stdout] help: consider importing this trait
[INFO] [stdout]    |
[INFO] [stdout] 3  | use renderer::Renderer;
[INFO] [stdout]    |
[INFO] [stdout] 
[INFO] [stdout] 
[INFO] [stdout] error: Compilation failed, aborting rustdoc
[INFO] [stdout] 
[INFO] [stdout] 
[INFO] [stdout] error: aborting due to 9 previous errors
[INFO] [stdout] 
[INFO] [stdout] 
[INFO] [stdout] Some errors have detailed explanations: E0412, E0432.
[INFO] [stdout] 
[INFO] [stdout] For more information about an error, try `rustc --explain E0412`.
[INFO] [stdout] 
[INFO] [stderr] error: could not document `moho`
[INFO] [stderr] 
[INFO] [stderr] Caused by:
[INFO] [stderr]   process didn't exit successfully: `rustdoc --crate-type lib --crate-name moho src/lib.rs -o /opt/rustwide/target/doc --error-format=json --json=diagnostic-rendered-ansi --document-private-items -L dependency=/opt/rustwide/target/debug/deps --extern error_chain=/opt/rustwide/target/debug/deps/liberror_chain-d14ffb2fbe918be7.rmeta --extern glm=/opt/rustwide/target/debug/deps/libglm-91bea36eaddc958a.rmeta --extern num_traits=/opt/rustwide/target/debug/deps/libnum_traits-397d8ff81ee88563.rmeta --extern sdl2=/opt/rustwide/target/debug/deps/libsdl2-06c5a0243ccfd3cd.rmeta --cap-lints=warn --crate-version 0.0.9` (exit status: 1)
[INFO] running `Command { std: "docker" "inspect" "d1f10add87f9010aa748197e676343e9da6ceb9e3e3fa22401c98be2e3e53ab2", kill_on_drop: false }`
[INFO] running `Command { std: "docker" "rm" "-f" "d1f10add87f9010aa748197e676343e9da6ceb9e3e3fa22401c98be2e3e53ab2", kill_on_drop: false }`
[INFO] [stdout] d1f10add87f9010aa748197e676343e9da6ceb9e3e3fa22401c98be2e3e53ab2
