[INFO] fetching crate mcom 0.1.2...
[INFO] documenting mcom-0.1.2 against 1.54.0 for beta-1.55-rustdoc-1
[INFO] extracting crate mcom 0.1.2 into /workspace/builds/worker-3/source
[INFO] validating manifest of crates.io crate mcom 0.1.2 on toolchain 1.54.0
[INFO] running `Command { std: "/workspace/cargo-home/bin/cargo" "+1.54.0" "metadata" "--manifest-path" "Cargo.toml" "--no-deps", kill_on_drop: false }`
[INFO] started tweaking crates.io crate mcom 0.1.2
[INFO] removed 0 missing examples
[INFO] removed 0 missing tests
[INFO] finished tweaking crates.io crate mcom 0.1.2
[INFO] tweaked toml for crates.io crate mcom 0.1.2 written to /workspace/builds/worker-3/source/Cargo.toml
[INFO] crate crates.io crate mcom 0.1.2 already has a lockfile, it will not be regenerated
[INFO] running `Command { std: "/workspace/cargo-home/bin/cargo" "+1.54.0" "fetch" "--manifest-path" "Cargo.toml", kill_on_drop: false }`
[INFO] [stderr]     Blocking waiting for file lock on package cache
[INFO] [stderr]     Blocking waiting for file lock on package cache
[INFO] running `Command { std: "docker" "create" "-v" "/var/lib/crater-agent-workspace/builds/worker-3/target:/opt/rustwide/target:rw,Z" "-v" "/var/lib/crater-agent-workspace/builds/worker-3/source:/opt/rustwide/workdir:ro,Z" "-v" "/var/lib/crater-agent-workspace/cargo-home:/opt/rustwide/cargo-home:ro,Z" "-v" "/var/lib/crater-agent-workspace/rustup-home:/opt/rustwide/rustup-home:ro,Z" "-e" "SOURCE_DIR=/opt/rustwide/workdir" "-e" "CARGO_TARGET_DIR=/opt/rustwide/target" "-e" "CARGO_HOME=/opt/rustwide/cargo-home" "-e" "RUSTUP_HOME=/opt/rustwide/rustup-home" "-w" "/opt/rustwide/workdir" "-m" "1610612736" "--user" "0:0" "--network" "none" "ghcr.io/rust-lang/crates-build-env/linux@sha256:34b6a614d2c27851fe6cbf88fbd1137609cefab8b10d0615aaeb6fd47975d74e" "/opt/rustwide/cargo-home/bin/cargo" "+1.54.0" "metadata" "--no-deps" "--format-version=1", kill_on_drop: false }`
[INFO] [stdout] 23b8716872070e13870a17cafc3e069176920bf34c75ea2ed5f3a0bbc661b36b
[INFO] running `Command { std: "docker" "start" "-a" "23b8716872070e13870a17cafc3e069176920bf34c75ea2ed5f3a0bbc661b36b", kill_on_drop: false }`
[INFO] running `Command { std: "docker" "inspect" "23b8716872070e13870a17cafc3e069176920bf34c75ea2ed5f3a0bbc661b36b", kill_on_drop: false }`
[INFO] running `Command { std: "docker" "rm" "-f" "23b8716872070e13870a17cafc3e069176920bf34c75ea2ed5f3a0bbc661b36b", kill_on_drop: false }`
[INFO] [stdout] 23b8716872070e13870a17cafc3e069176920bf34c75ea2ed5f3a0bbc661b36b
[INFO] running `Command { std: "docker" "create" "-v" "/var/lib/crater-agent-workspace/builds/worker-3/target:/opt/rustwide/target:rw,Z" "-v" "/var/lib/crater-agent-workspace/builds/worker-3/source:/opt/rustwide/workdir:ro,Z" "-v" "/var/lib/crater-agent-workspace/cargo-home:/opt/rustwide/cargo-home:ro,Z" "-v" "/var/lib/crater-agent-workspace/rustup-home:/opt/rustwide/rustup-home:ro,Z" "-e" "SOURCE_DIR=/opt/rustwide/workdir" "-e" "CARGO_TARGET_DIR=/opt/rustwide/target" "-e" "CARGO_INCREMENTAL=0" "-e" "RUST_BACKTRACE=full" "-e" "RUSTDOCFLAGS=--cap-lints=warn" "-e" "CARGO_HOME=/opt/rustwide/cargo-home" "-e" "RUSTUP_HOME=/opt/rustwide/rustup-home" "-w" "/opt/rustwide/workdir" "-m" "1610612736" "--user" "0:0" "--network" "none" "ghcr.io/rust-lang/crates-build-env/linux@sha256:34b6a614d2c27851fe6cbf88fbd1137609cefab8b10d0615aaeb6fd47975d74e" "/opt/rustwide/cargo-home/bin/cargo" "+1.54.0" "doc" "--frozen" "--no-deps" "--document-private-items" "--message-format=json", kill_on_drop: false }`
[INFO] [stdout] d3dd499f33bf003e251189248b4e7d89d04ab5fd7ad88dbf3ed58b29a089f6a3
[INFO] running `Command { std: "docker" "start" "-a" "d3dd499f33bf003e251189248b4e7d89d04ab5fd7ad88dbf3ed58b29a089f6a3", kill_on_drop: false }`
[INFO] [stderr]     Blocking waiting for file lock on package cache
[INFO] [stderr]    Compiling mcom v0.1.2 (/opt/rustwide/workdir)
[INFO] [stderr]  Documenting mcom v0.1.2 (/opt/rustwide/workdir)
[INFO] [stdout] error[E0433]: failed to resolve: use of undeclared crate or module `winapi`
[INFO] [stdout]  --> src/interface.rs:1:5
[INFO] [stdout]   |
[INFO] [stdout] 1 | use winapi::um::unknwnbase::IUnknown;
[INFO] [stdout]   |     ^^^^^^ use of undeclared crate or module `winapi`
[INFO] [stdout] 
[INFO] [stdout] 
[INFO] [stdout] error[E0432]: unresolved import `winapi`
[INFO] [stdout]  --> src/interface.rs:2:5
[INFO] [stdout]   |
[INFO] [stdout] 2 | use winapi::Interface;
[INFO] [stdout]   |     ^^^^^^ use of undeclared crate or module `winapi`
[INFO] [stdout] 
[INFO] [stdout] 
[INFO] [stdout] error[E0433]: failed to resolve: use of undeclared crate or module `winapi`
[INFO] [stdout]  --> src/agile.rs:6:5
[INFO] [stdout]   |
[INFO] [stdout] 6 | use winapi::um::combaseapi::{AGILEREFERENCE_DEFAULT, AGILEREFERENCE_DELAYEDMARSHAL, AgileReferenceOptions, RoGetAgileReference};
[INFO] [stdout]   |     ^^^^^^ use of undeclared crate or module `winapi`
[INFO] [stdout] 
[INFO] [stdout] 
[INFO] [stdout] error[E0433]: failed to resolve: use of undeclared crate or module `winapi`
[INFO] [stdout]  --> src/agile.rs:7:5
[INFO] [stdout]   |
[INFO] [stdout] 7 | use winapi::um::objidlbase::IAgileReference;
[INFO] [stdout]   |     ^^^^^^ use of undeclared crate or module `winapi`
[INFO] [stdout] 
[INFO] [stdout] 
[INFO] [stdout] error[E0432]: unresolved import `winapi`
[INFO] [stdout]  --> src/agile.rs:5:5
[INFO] [stdout]   |
[INFO] [stdout] 5 | use winapi::Interface;
[INFO] [stdout]   |     ^^^^^^ use of undeclared crate or module `winapi`
[INFO] [stdout] 
[INFO] [stdout] 
[INFO] [stdout] error[E0433]: failed to resolve: use of undeclared crate or module `winapi`
[INFO] [stdout]  --> src/git.rs:6:5
[INFO] [stdout]   |
[INFO] [stdout] 6 | use winapi::shared::winerror::SUCCEEDED;
[INFO] [stdout]   |     ^^^^^^ use of undeclared crate or module `winapi`
[INFO] [stdout] 
[INFO] [stdout] 
[INFO] [stdout] error[E0433]: failed to resolve: use of undeclared crate or module `winapi`
[INFO] [stdout]  --> src/git.rs:7:5
[INFO] [stdout]   |
[INFO] [stdout] 7 | use winapi::um::cguid::CLSID_StdGlobalInterfaceTable;
[INFO] [stdout]   |     ^^^^^^ use of undeclared crate or module `winapi`
[INFO] [stdout] 
[INFO] [stdout] 
[INFO] [stdout] error[E0433]: failed to resolve: use of undeclared crate or module `winapi`
[INFO] [stdout]  --> src/git.rs:8:5
[INFO] [stdout]   |
[INFO] [stdout] 8 | use winapi::um::objidlbase::IGlobalInterfaceTable;
[INFO] [stdout]   |     ^^^^^^ use of undeclared crate or module `winapi`
[INFO] [stdout] 
[INFO] [stdout] 
[INFO] [stdout] error[E0433]: failed to resolve: use of undeclared crate or module `winapi`
[INFO] [stdout]  --> src/rc.rs:5:5
[INFO] [stdout]   |
[INFO] [stdout] 5 | use winapi::shared::winerror::*;
[INFO] [stdout]   |     ^^^^^^ use of undeclared crate or module `winapi`
[INFO] [stdout] 
[INFO] [stdout] 
[INFO] [stdout] error[E0433]: failed to resolve: use of undeclared crate or module `winapi`
[INFO] [stdout]  --> src/errors.rs:3:5
[INFO] [stdout]   |
[INFO] [stdout] 3 | use winapi::shared::winerror::{HRESULT, SUCCEEDED};
[INFO] [stdout]   |     ^^^^^^ use of undeclared crate or module `winapi`
[INFO] [stdout] 
[INFO] [stdout] 
[INFO] [stdout] error[E0433]: failed to resolve: use of undeclared crate or module `winapi`
[INFO] [stdout]  --> src/init.rs:7:5
[INFO] [stdout]   |
[INFO] [stdout] 7 | use winapi::ctypes::c_void;
[INFO] [stdout]   |     ^^^^^^ use of undeclared crate or module `winapi`
[INFO] [stdout] 
[INFO] [stdout] 
[INFO] [stdout] error[E0433]: failed to resolve: use of undeclared crate or module `winapi`
[INFO] [stdout]  --> src/init.rs:8:5
[INFO] [stdout]   |
[INFO] [stdout] 8 | use winapi::shared::winerror::{S_OK, S_FALSE};
[INFO] [stdout]   |     ^^^^^^ use of undeclared crate or module `winapi`
[INFO] [stdout] 
[INFO] [stdout] 
[INFO] [stdout] error[E0433]: failed to resolve: use of undeclared crate or module `winapi`
[INFO] [stdout]  --> src/init.rs:9:5
[INFO] [stdout]   |
[INFO] [stdout] 9 | use winapi::um::combaseapi::{CoInitializeEx, CoUninitialize, CoIncrementMTAUsage, CoDecrementMTAUsage, CO_MTA_USAGE_COOKIE};
[INFO] [stdout]   |     ^^^^^^ use of undeclared crate or module `winapi`
[INFO] [stdout] 
[INFO] [stdout] 
[INFO] [stdout] error[E0433]: failed to resolve: use of undeclared crate or module `winapi`
[INFO] [stdout]   --> src/init.rs:10:5
[INFO] [stdout]    |
[INFO] [stdout] 10 | use winapi::um::objbase::{COINIT, COINIT_APARTMENTTHREADED, COINIT_MULTITHREADED, COINIT_DISABLE_OLE1DDE, COINIT_SPEED_OVER_MEMORY};
[INFO] [stdout]    |     ^^^^^^ use of undeclared crate or module `winapi`
[INFO] [stdout] 
[INFO] [stdout] 
[INFO] [stdout] error[E0432]: unresolved import `winapi`
[INFO] [stdout]  --> src/git.rs:5:5
[INFO] [stdout]   |
[INFO] [stdout] 5 | use winapi::Interface;
[INFO] [stdout]   |     ^^^^^^ use of undeclared crate or module `winapi`
[INFO] [stdout] 
[INFO] [stdout] 
[INFO] [stdout] error[E0433]: failed to resolve: use of undeclared crate or module `winapi`
[INFO] [stdout]  --> src/rc.rs:6:5
[INFO] [stdout]   |
[INFO] [stdout] 6 | use winapi::shared::guiddef::GUID;
[INFO] [stdout]   |     ^^^^^^ use of undeclared crate or module `winapi`
[INFO] [stdout] 
[INFO] [stdout] 
[INFO] [stdout] error[E0433]: failed to resolve: use of undeclared crate or module `winapi`
[INFO] [stdout]  --> src/rc.rs:7:5
[INFO] [stdout]   |
[INFO] [stdout] 7 | use winapi::shared::wtypesbase::{CLSCTX, CLSCTX_INPROC_SERVER};
[INFO] [stdout]   |     ^^^^^^ use of undeclared crate or module `winapi`
[INFO] [stdout] 
[INFO] [stdout] 
[INFO] [stdout] error[E0433]: failed to resolve: use of undeclared crate or module `winapi`
[INFO] [stdout]  --> src/rc.rs:8:5
[INFO] [stdout]   |
[INFO] [stdout] 8 | use winapi::um::combaseapi::{CoCreateInstance, CoCreateInstanceFromApp};
[INFO] [stdout]   |     ^^^^^^ use of undeclared crate or module `winapi`
[INFO] [stdout] 
[INFO] [stdout] 
[INFO] [stdout] error[E0433]: failed to resolve: use of undeclared crate or module `winapi`
[INFO] [stdout]  --> src/rc.rs:9:5
[INFO] [stdout]   |
[INFO] [stdout] 9 | use winapi::um::objidlbase::MULTI_QI;
[INFO] [stdout]   |     ^^^^^^ use of undeclared crate or module `winapi`
[INFO] [stdout] 
[INFO] [stdout] 
[INFO] [stdout] error[E0433]: failed to resolve: use of undeclared crate or module `winapi`
[INFO] [stdout]   --> src/rc.rs:10:5
[INFO] [stdout]    |
[INFO] [stdout] 10 | use winapi::um::unknwnbase::IUnknown;
[INFO] [stdout]    |     ^^^^^^ use of undeclared crate or module `winapi`
[INFO] [stdout] 
[INFO] [stdout] 
[INFO] [stdout] error[E0432]: unresolved imports `winapi`, `winapi::shared::guiddef::GUID`, `winapi::shared::wtypesbase::CLSCTX`, `winapi::shared::wtypesbase::CLSCTX_INPROC_SERVER`, `winapi::um::combaseapi::CoCreateInstance`, `winapi::um::combaseapi::CoCreateInstanceFromApp`, `winapi::um::objidlbase::MULTI_QI`, `winapi::um::unknwnbase::IUnknown`
[INFO] [stdout]   --> src/rc.rs:4:5
[INFO] [stdout]    |
[INFO] [stdout] 4  | use winapi::{Interface};
[INFO] [stdout]    |     ^^^^^^ use of undeclared crate or module `winapi`
[INFO] [stdout] 5  | use winapi::shared::winerror::*;
[INFO] [stdout] 6  | use winapi::shared::guiddef::GUID;
[INFO] [stdout]    |     ^^^^^^^^^^^^^^^^^^^^^^^^^^^^^
[INFO] [stdout] 7  | use winapi::shared::wtypesbase::{CLSCTX, CLSCTX_INPROC_SERVER};
[INFO] [stdout]    |                                  ^^^^^^  ^^^^^^^^^^^^^^^^^^^^
[INFO] [stdout] 8  | use winapi::um::combaseapi::{CoCreateInstance, CoCreateInstanceFromApp};
[INFO] [stdout]    |                              ^^^^^^^^^^^^^^^^  ^^^^^^^^^^^^^^^^^^^^^^^
[INFO] [stdout] 9  | use winapi::um::objidlbase::MULTI_QI;
[INFO] [stdout]    |     ^^^^^^^^^^^^^^^^^^^^^^^^^^^^^^^^
[INFO] [stdout] 10 | use winapi::um::unknwnbase::IUnknown;
[INFO] [stdout]    |     ^^^^^^^^^^^^^^^^^^^^^^^^^^^^^^^^
[INFO] [stdout] 
[INFO] [stdout] 
[INFO] [stdout] error[E0412]: cannot find type `IAgileReference` in this scope
[INFO] [stdout]   --> src/agile.rs:21:20
[INFO] [stdout]    |
[INFO] [stdout] 20 | pub struct Agile<I: Interface + AsIUnknown> {
[INFO] [stdout]    |                                           - help: you might be missing a type parameter: `, IAgileReference`
[INFO] [stdout] 21 |     agile:      Rc<IAgileReference>,
[INFO] [stdout]    |                    ^^^^^^^^^^^^^^^ not found in this scope
[INFO] [stdout] 
[INFO] [stdout] 
[INFO] [stdout] error[E0425]: cannot find value `AGILEREFERENCE_DEFAULT` in this scope
[INFO] [stdout]    --> src/agile.rs:123:71
[INFO] [stdout]     |
[INFO] [stdout] 123 |     pub const DEFAULT           : ReferenceOptions = ReferenceOptions(AGILEREFERENCE_DEFAULT);
[INFO] [stdout]     |                                                                       ^^^^^^^^^^^^^^^^^^^^^^ not found in this scope
[INFO] [stdout] 
[INFO] [stdout] 
[INFO] [stdout] error[E0425]: cannot find value `AGILEREFERENCE_DELAYEDMARSHAL` in this scope
[INFO] [stdout]    --> src/agile.rs:124:71
[INFO] [stdout]     |
[INFO] [stdout] 124 |     pub const DELAYED_MARSHAL   : ReferenceOptions = ReferenceOptions(AGILEREFERENCE_DELAYEDMARSHAL);
[INFO] [stdout]     |                                                                       ^^^^^^^^^^^^^^^^^^^^^^^^^^^^^ not found in this scope
[INFO] [stdout] 
[INFO] [stdout] 
[INFO] [stdout] error[E0412]: cannot find type `AgileReferenceOptions` in this scope
[INFO] [stdout]    --> src/agile.rs:141:33
[INFO] [stdout]     |
[INFO] [stdout] 120 | pub struct ReferenceOptions(u32);
[INFO] [stdout]     | --------------------------------- similarly named struct `ReferenceOptions` defined here
[INFO] [stdout] ...
[INFO] [stdout] 141 | impl From<ReferenceOptions> for AgileReferenceOptions {
[INFO] [stdout]     |                                 ^^^^^^^^^^^^^^^^^^^^^ help: a struct with a similar name exists: `ReferenceOptions`
[INFO] [stdout] 
[INFO] [stdout] 
[INFO] [stdout] error[E0412]: cannot find type `IGlobalInterfaceTable` in this scope
[INFO] [stdout]    --> src/git.rs:104:27
[INFO] [stdout]     |
[INFO] [stdout] 104 |     static GIT : mcom::Rc<IGlobalInterfaceTable> = create_thread_git();
[INFO] [stdout]     |                           ^^^^^^^^^^^^^^^^^^^^^ not found in this scope
[INFO] [stdout] 
[INFO] [stdout] 
[INFO] [stdout] error[E0412]: cannot find type `IGlobalInterfaceTable` in this scope
[INFO] [stdout]    --> src/git.rs:107:36
[INFO] [stdout]     |
[INFO] [stdout] 107 | fn create_thread_git() -> mcom::Rc<IGlobalInterfaceTable> {
[INFO] [stdout]     |                     -              ^^^^^^^^^^^^^^^^^^^^^ not found in this scope
[INFO] [stdout]     |                     |
[INFO] [stdout]     |                     help: you might be missing a type parameter: `<IGlobalInterfaceTable>`
[INFO] [stdout] 
[INFO] [stdout] 
[INFO] [stdout] error[E0412]: cannot find type `GUID` in this scope
[INFO] [stdout]    --> src/rc.rs:155:36
[INFO] [stdout]     |
[INFO] [stdout] 155 |     pub unsafe fn co_create(clsid: GUID, outer: Option<&Rc<IUnknown>>) -> Result<Self, MethodHResult> {
[INFO] [stdout]     |                                    ^^^^ not found in this scope
[INFO] [stdout] 
[INFO] [stdout] 
[INFO] [stdout] error[E0412]: cannot find type `IUnknown` in this scope
[INFO] [stdout]    --> src/rc.rs:155:60
[INFO] [stdout]     |
[INFO] [stdout] 155 |     pub unsafe fn co_create(clsid: GUID, outer: Option<&Rc<IUnknown>>) -> Result<Self, MethodHResult> {
[INFO] [stdout]     |                                                            ^^^^^^^^
[INFO] [stdout]     | 
[INFO] [stdout]    ::: src/interface.rs:9:1
[INFO] [stdout]     |
[INFO] [stdout] 9   | pub unsafe trait AsIUnknown {
[INFO] [stdout]     | --------------------------- similarly named trait `AsIUnknown` defined here
[INFO] [stdout]     |
[INFO] [stdout] help: a trait with a similar name exists
[INFO] [stdout]     |
[INFO] [stdout] 155 |     pub unsafe fn co_create(clsid: GUID, outer: Option<&Rc<AsIUnknown>>) -> Result<Self, MethodHResult> {
[INFO] [stdout]     |                                                            ^^^^^^^^^^
[INFO] [stdout] help: you might be missing a type parameter
[INFO] [stdout]     |
[INFO] [stdout] 21  | impl<I: Interface + AsIUnknown, IUnknown> Rc<I> {
[INFO] [stdout]     |                               ^^^^^^^^^^
[INFO] [stdout] 
[INFO] [stdout] 
[INFO] [stdout] error[E0412]: cannot find type `GUID` in this scope
[INFO] [stdout]    --> src/rc.rs:160:37
[INFO] [stdout]     |
[INFO] [stdout] 160 |     unsafe fn co_create_impl(clsid: GUID, outer: Option<&Rc<IUnknown>>) -> Result<Self, MethodHResult> {
[INFO] [stdout]     |                                     ^^^^ not found in this scope
[INFO] [stdout] 
[INFO] [stdout] 
[INFO] [stdout] error[E0412]: cannot find type `IUnknown` in this scope
[INFO] [stdout]    --> src/rc.rs:160:61
[INFO] [stdout]     |
[INFO] [stdout] 160 |     unsafe fn co_create_impl(clsid: GUID, outer: Option<&Rc<IUnknown>>) -> Result<Self, MethodHResult> {
[INFO] [stdout]     |                                                             ^^^^^^^^
[INFO] [stdout]     | 
[INFO] [stdout]    ::: src/interface.rs:9:1
[INFO] [stdout]     |
[INFO] [stdout] 9   | pub unsafe trait AsIUnknown {
[INFO] [stdout]     | --------------------------- similarly named trait `AsIUnknown` defined here
[INFO] [stdout]     |
[INFO] [stdout] help: a trait with a similar name exists
[INFO] [stdout]     |
[INFO] [stdout] 160 |     unsafe fn co_create_impl(clsid: GUID, outer: Option<&Rc<AsIUnknown>>) -> Result<Self, MethodHResult> {
[INFO] [stdout]     |                                                             ^^^^^^^^^^
[INFO] [stdout] help: you might be missing a type parameter
[INFO] [stdout]     |
[INFO] [stdout] 21  | impl<I: Interface + AsIUnknown, IUnknown> Rc<I> {
[INFO] [stdout]     |                               ^^^^^^^^^^
[INFO] [stdout] 
[INFO] [stdout] 
[INFO] [stdout] error[E0412]: cannot find type `GUID` in this scope
[INFO] [stdout]    --> src/rc.rs:171:41
[INFO] [stdout]     |
[INFO] [stdout] 171 |     unsafe fn co_create_instance(clsid: GUID, outer: Option<&Rc<IUnknown>>, clsctx: CLSCTX) -> Result<Self, MethodHResult> {
[INFO] [stdout]     |                                         ^^^^ not found in this scope
[INFO] [stdout] 
[INFO] [stdout] 
[INFO] [stdout] error[E0412]: cannot find type `IUnknown` in this scope
[INFO] [stdout]    --> src/rc.rs:171:65
[INFO] [stdout]     |
[INFO] [stdout] 171 |     unsafe fn co_create_instance(clsid: GUID, outer: Option<&Rc<IUnknown>>, clsctx: CLSCTX) -> Result<Self, MethodHResult> {
[INFO] [stdout]     |                                                                 ^^^^^^^^
[INFO] [stdout]     | 
[INFO] [stdout]    ::: src/interface.rs:9:1
[INFO] [stdout]     |
[INFO] [stdout] 9   | pub unsafe trait AsIUnknown {
[INFO] [stdout]     | --------------------------- similarly named trait `AsIUnknown` defined here
[INFO] [stdout]     |
[INFO] [stdout] help: a trait with a similar name exists
[INFO] [stdout]     |
[INFO] [stdout] 171 |     unsafe fn co_create_instance(clsid: GUID, outer: Option<&Rc<AsIUnknown>>, clsctx: CLSCTX) -> Result<Self, MethodHResult> {
[INFO] [stdout]     |                                                                 ^^^^^^^^^^
[INFO] [stdout] help: you might be missing a type parameter
[INFO] [stdout]     |
[INFO] [stdout] 21  | impl<I: Interface + AsIUnknown, IUnknown> Rc<I> {
[INFO] [stdout]     |                               ^^^^^^^^^^
[INFO] [stdout] 
[INFO] [stdout] 
[INFO] [stdout] error[E0412]: cannot find type `CLSCTX` in this scope
[INFO] [stdout]    --> src/rc.rs:171:85
[INFO] [stdout]     |
[INFO] [stdout] 171 |     unsafe fn co_create_instance(clsid: GUID, outer: Option<&Rc<IUnknown>>, clsctx: CLSCTX) -> Result<Self, MethodHResult> {
[INFO] [stdout]     |                                                                                     ^^^^^^ not found in this scope
[INFO] [stdout] 
[INFO] [stdout] 
[INFO] [stdout] error[E0412]: cannot find type `GUID` in this scope
[INFO] [stdout]    --> src/rc.rs:183:50
[INFO] [stdout]     |
[INFO] [stdout] 183 |     unsafe fn co_create_instance_from_app(clsid: GUID, outer: Option<&Rc<IUnknown>>, clsctx: CLSCTX, reserved: ()) -> Result<Self, Method...
[INFO] [stdout]     |                                                  ^^^^ not found in this scope
[INFO] [stdout] 
[INFO] [stdout] 
[INFO] [stdout] error[E0412]: cannot find type `IUnknown` in this scope
[INFO] [stdout]    --> src/rc.rs:183:74
[INFO] [stdout]     |
[INFO] [stdout] 183 |     unsafe fn co_create_instance_from_app(clsid: GUID, outer: Option<&Rc<IUnknown>>, clsctx: CLSCTX, reserved: ()) -> Result<Self, Method...
[INFO] [stdout]     |                                                                          ^^^^^^^^
[INFO] [stdout]     | 
[INFO] [stdout]    ::: src/interface.rs:9:1
[INFO] [stdout]     |
[INFO] [stdout] 9   | pub unsafe trait AsIUnknown {
[INFO] [stdout]     | --------------------------- similarly named trait `AsIUnknown` defined here
[INFO] [stdout]     |
[INFO] [stdout] help: a trait with a similar name exists
[INFO] [stdout]     |
[INFO] [stdout] 183 |     unsafe fn co_create_instance_from_app(clsid: GUID, outer: Option<&Rc<AsIUnknown>>, clsctx: CLSCTX, reserved: ()) -> Result<Self, MethodHResult> {
[INFO] [stdout]     |                                                                          ^^^^^^^^^^
[INFO] [stdout] help: you might be missing a type parameter
[INFO] [stdout]     |
[INFO] [stdout] 21  | impl<I: Interface + AsIUnknown, IUnknown> Rc<I> {
[INFO] [stdout]     |                               ^^^^^^^^^^
[INFO] [stdout] 
[INFO] [stdout] 
[INFO] [stdout] error[E0412]: cannot find type `CLSCTX` in this scope
[INFO] [stdout]    --> src/rc.rs:183:94
[INFO] [stdout]     |
[INFO] [stdout] 183 |     unsafe fn co_create_instance_from_app(clsid: GUID, outer: Option<&Rc<IUnknown>>, clsctx: CLSCTX, reserved: ()) -> Result<Self, Method...
[INFO] [stdout]     |                                                                                              ^^^^^^ not found in this scope
[INFO] [stdout] 
[INFO] [stdout] 
[INFO] [stdout] error[E0412]: cannot find type `GUID` in this scope
[INFO] [stdout]    --> src/rc.rs:305:46
[INFO] [stdout]     |
[INFO] [stdout] 305 | unsafe fn co_create_instance_from_app(clsid: GUID, outer: Option<&Rc<IUnknown>>, clsctx: CLSCTX, _reserved: (), out: &mut [MULTI_QI]) -> ...
[INFO] [stdout]     |                                              ^^^^ not found in this scope
[INFO] [stdout] 
[INFO] [stdout] 
[INFO] [stdout] error[E0412]: cannot find type `IUnknown` in this scope
[INFO] [stdout]    --> src/rc.rs:305:70
[INFO] [stdout]     |
[INFO] [stdout] 305 | unsafe fn co_create_instance_from_app(clsid: GUID, outer: Option<&Rc<IUnknown>>, clsctx: CLSCTX, _reserved: (), out: &mut [MULTI_QI]) -> ...
[INFO] [stdout]     |                                                                      ^^^^^^^^
[INFO] [stdout]     | 
[INFO] [stdout]    ::: src/interface.rs:9:1
[INFO] [stdout]     |
[INFO] [stdout] 9   | pub unsafe trait AsIUnknown {
[INFO] [stdout]     | --------------------------- similarly named trait `AsIUnknown` defined here
[INFO] [stdout]     |
[INFO] [stdout] help: a trait with a similar name exists
[INFO] [stdout]     |
[INFO] [stdout] 305 | unsafe fn co_create_instance_from_app(clsid: GUID, outer: Option<&Rc<AsIUnknown>>, clsctx: CLSCTX, _reserved: (), out: &mut [MULTI_QI]) -> Result<(), MethodHResult> {
[INFO] [stdout]     |                                                                      ^^^^^^^^^^
[INFO] [stdout] help: you might be missing a type parameter
[INFO] [stdout]     |
[INFO] [stdout] 305 | unsafe fn co_create_instance_from_app<IUnknown>(clsid: GUID, outer: Option<&Rc<IUnknown>>, clsctx: CLSCTX, _reserved: (), out: &mut [MULTI_QI]) -> Result<(), MethodHResult> {
[INFO] [stdout]     |                                      ^^^^^^^^^^
[INFO] [stdout] 
[INFO] [stdout] 
[INFO] [stdout] error[E0412]: cannot find type `CLSCTX` in this scope
[INFO] [stdout]    --> src/rc.rs:305:90
[INFO] [stdout]     |
[INFO] [stdout] 305 | unsafe fn co_create_instance_from_app(clsid: GUID, outer: Option<&Rc<IUnknown>>, clsctx: CLSCTX, _reserved: (), out: &mut [MULTI_QI]) -> ...
[INFO] [stdout]     |                                                                                          ^^^^^^ not found in this scope
[INFO] [stdout] 
[INFO] [stdout] 
[INFO] [stdout] error[E0412]: cannot find type `MULTI_QI` in this scope
[INFO] [stdout]    --> src/rc.rs:305:124
[INFO] [stdout]     |
[INFO] [stdout] 305 | ...known>>, clsctx: CLSCTX, _reserved: (), out: &mut [MULTI_QI]) -> Result<(), MethodHResult> {
[INFO] [stdout]     |                                                       ^^^^^^^^ not found in this scope
[INFO] [stdout] 
[INFO] [stdout] 
[INFO] [stdout] error[E0412]: cannot find type `HRESULT` in this scope
[INFO] [stdout]   --> src/errors.rs:11:62
[INFO] [stdout]    |
[INFO] [stdout] 11 | pub struct MethodHResult(pub(crate) &'static str, pub(crate) HRESULT);
[INFO] [stdout]    |                                                              ^^^^^^^ not found in this scope
[INFO] [stdout] 
[INFO] [stdout] 
[INFO] [stdout] error[E0412]: cannot find type `HRESULT` in this scope
[INFO] [stdout]   --> src/errors.rs:15:44
[INFO] [stdout]    |
[INFO] [stdout] 15 |     pub fn check(method: &'static str, hr: HRESULT) -> Result<(), Self> {
[INFO] [stdout]    |                                            ^^^^^^^ not found in this scope
[INFO] [stdout] 
[INFO] [stdout] 
[INFO] [stdout] error[E0412]: cannot find type `HRESULT` in this scope
[INFO] [stdout]   --> src/errors.rs:24:30
[INFO] [stdout]    |
[INFO] [stdout] 24 |     pub fn hresult(&self) -> HRESULT { self.1 }
[INFO] [stdout]    |                              ^^^^^^^ not found in this scope
[INFO] [stdout] 
[INFO] [stdout] 
[INFO] [stdout] error[E0412]: cannot find type `c_void` in this scope
[INFO] [stdout]   --> src/init.rs:96:44
[INFO] [stdout]    |
[INFO] [stdout] 96 | pub struct CoInitializeExReserved<'p>(*mut c_void, PhantomData<&'p ()>);
[INFO] [stdout]    |                                            ^^^^^^ not found in this scope
[INFO] [stdout]    |
[INFO] [stdout] help: consider importing one of these items
[INFO] [stdout]    |
[INFO] [stdout] 5  | use core::ffi::c_void;
[INFO] [stdout]    |
[INFO] [stdout] 5  | use std::os::raw::c_void;
[INFO] [stdout]    |
[INFO] [stdout] 
[INFO] [stdout] 
[INFO] [stdout] error[E0412]: cannot find type `COINIT` in this scope
[INFO] [stdout]    --> src/init.rs:111:19
[INFO] [stdout]     |
[INFO] [stdout] 111 | pub struct CoInit(COINIT);
[INFO] [stdout]     |                   ^^^^^^ not found in this scope
[INFO] [stdout] 
[INFO] [stdout] 
[INFO] [stdout] error[E0425]: cannot find value `COINIT_APARTMENTTHREADED` in this scope
[INFO] [stdout]    --> src/init.rs:118:55
[INFO] [stdout]     |
[INFO] [stdout] 118 |     pub const APARTMENT_THREADED    : CoInit = CoInit(COINIT_APARTMENTTHREADED);
[INFO] [stdout]     |                                                       ^^^^^^^^^^^^^^^^^^^^^^^^ not found in this scope
[INFO] [stdout] 
[INFO] [stdout] 
[INFO] [stdout] error[E0425]: cannot find value `COINIT_MULTITHREADED` in this scope
[INFO] [stdout]    --> src/init.rs:121:55
[INFO] [stdout]     |
[INFO] [stdout] 121 |     pub const MULTI_THREADED        : CoInit = CoInit(COINIT_MULTITHREADED);
[INFO] [stdout]     |                                                       ^^^^^^^^^^^^^^^^^^^^ not found in this scope
[INFO] [stdout] 
[INFO] [stdout] 
[INFO] [stdout] error[E0412]: cannot find type `COINIT` in this scope
[INFO] [stdout]    --> src/init.rs:148:23
[INFO] [stdout]     |
[INFO] [stdout] 148 | pub struct CoInitFlag(COINIT);
[INFO] [stdout]     |                       ^^^^^^ not found in this scope
[INFO] [stdout] 
[INFO] [stdout] 
[INFO] [stdout] error[E0425]: cannot find value `COINIT_DISABLE_OLE1DDE` in this scope
[INFO] [stdout]    --> src/init.rs:152:63
[INFO] [stdout]     |
[INFO] [stdout] 152 |     pub const DISABLE_OLE1DDE       : CoInitFlag = CoInitFlag(COINIT_DISABLE_OLE1DDE);
[INFO] [stdout]     |                                                               ^^^^^^^^^^^^^^^^^^^^^^ not found in this scope
[INFO] [stdout] 
[INFO] [stdout] 
[INFO] [stdout] error[E0425]: cannot find value `COINIT_SPEED_OVER_MEMORY` in this scope
[INFO] [stdout]    --> src/init.rs:155:63
[INFO] [stdout]     |
[INFO] [stdout] 155 |     pub const SPEED_OVER_MEMORY     : CoInitFlag = CoInitFlag(COINIT_SPEED_OVER_MEMORY);
[INFO] [stdout]     |                                                               ^^^^^^^^^^^^^^^^^^^^^^^^ not found in this scope
[INFO] [stdout] 
[INFO] [stdout] 
[INFO] [stdout] error[E0412]: cannot find type `CO_MTA_USAGE_COOKIE` in this scope
[INFO] [stdout]    --> src/init.rs:170:26
[INFO] [stdout]     |
[INFO] [stdout] 170 | pub struct MTAUsageScope(CO_MTA_USAGE_COOKIE);
[INFO] [stdout]     |                          ^^^^^^^^^^^^^^^^^^^ not found in this scope
[INFO] [stdout] 
[INFO] [stdout] 
[INFO] [stdout] error[E0412]: cannot find type `IUnknown` in this scope
[INFO] [stdout]   --> src/interface.rs:10:31
[INFO] [stdout]    |
[INFO] [stdout] 10 |     fn as_iunknown(&self) -> &IUnknown;
[INFO] [stdout]    |                               ^^^^^^^^ not found in this scope
[INFO] [stdout] 
[INFO] [stdout] 
[INFO] [stdout] error[E0412]: cannot find type `IUnknown` in this scope
[INFO] [stdout]   --> src/interface.rs:12:39
[INFO] [stdout]    |
[INFO] [stdout] 12 |     fn as_iunknown_ptr(&self) -> *mut IUnknown {
[INFO] [stdout]    |                                       ^^^^^^^^ not found in this scope
[INFO] [stdout] 
[INFO] [stdout] 
[INFO] [stdout] error[E0412]: cannot find type `IUnknown` in this scope
[INFO] [stdout]   --> src/interface.rs:18:31
[INFO] [stdout]    |
[INFO] [stdout] 9  | pub unsafe trait AsIUnknown {
[INFO] [stdout]    | --------------------------- similarly named trait `AsIUnknown` defined here
[INFO] [stdout] ...
[INFO] [stdout] 18 |     fn as_iunknown(&self) -> &IUnknown {
[INFO] [stdout]    |                               ^^^^^^^^ help: a trait with a similar name exists: `AsIUnknown`
[INFO] [stdout] 
[INFO] [stdout] 
[INFO] [stdout] error: Compilation failed, aborting rustdoc
[INFO] [stdout] 
[INFO] [stdout] 
[INFO] [stdout] error: aborting due to 56 previous errors
[INFO] [stdout] 
[INFO] [stdout] 
[INFO] [stdout] Some errors have detailed explanations: E0412, E0425, E0432, E0433.
[INFO] [stdout] 
[INFO] [stdout] For more information about an error, try `rustc --explain E0412`.
[INFO] [stdout] 
[INFO] [stderr] error: could not document `mcom`
[INFO] [stderr] 
[INFO] [stderr] Caused by:
[INFO] [stderr]   process didn't exit successfully: `rustdoc --edition=2018 --crate-type lib --crate-name mcom src/_lib.rs -o /opt/rustwide/target/doc --cfg 'feature="default"' --cfg 'feature="winapi-family-all"' --cfg 'feature="winapi-family-desktop-app"' --cfg 'feature="winapi-family-games"' --cfg 'feature="winapi-family-pc-app"' --cfg 'feature="winapi-family-phone-app"' --cfg 'feature="winapi-family-server"' --cfg 'feature="winapi-family-system"' --cfg 'feature="windows-10"' --cfg 'feature="windows-2000"' --cfg 'feature="windows-7"' --cfg 'feature="windows-8"' --cfg 'feature="windows-8-1"' --cfg 'feature="windows-latest"' --cfg 'feature="windows-vista"' --cfg 'feature="windows-xp"' --error-format=json --json=diagnostic-rendered-ansi --document-private-items -L dependency=/opt/rustwide/target/debug/deps --cap-lints=warn --crate-version 0.1.2 --cfg 'windows="2000"' --cfg 'windows="xp"' --cfg 'windows="vista"' --cfg 'windows="7"' --cfg 'windows="7.0"' --cfg 'windows="8"' --cfg 'windows="8.0"' --cfg 'windows="8.1"' --cfg 'windows="10"' --cfg 'windows="10.0"' --cfg 'partition="desktop"' --cfg 'partition="app"' --cfg 'partition="pc-app"' --cfg 'partition="app"' --cfg 'partition="pc-app"' --cfg 'partition="app"' --cfg 'partition="phone-app"' --cfg 'partition="system"' --cfg 'partition="system"' --cfg 'partition="server"' --cfg 'partition="games"'` (exit status: 1)
[INFO] running `Command { std: "docker" "inspect" "d3dd499f33bf003e251189248b4e7d89d04ab5fd7ad88dbf3ed58b29a089f6a3", kill_on_drop: false }`
[INFO] running `Command { std: "docker" "rm" "-f" "d3dd499f33bf003e251189248b4e7d89d04ab5fd7ad88dbf3ed58b29a089f6a3", kill_on_drop: false }`
[INFO] [stdout] d3dd499f33bf003e251189248b4e7d89d04ab5fd7ad88dbf3ed58b29a089f6a3
