[INFO] fetching crate maidsafe_client 0.1.2...
[INFO] documenting maidsafe_client-0.1.2 against beta-2021-08-01 for beta-1.55-rustdoc-1
[INFO] extracting crate maidsafe_client 0.1.2 into /workspace/builds/worker-0/source
[INFO] validating manifest of crates.io crate maidsafe_client 0.1.2 on toolchain beta-2021-08-01
[INFO] running `Command { std: "/workspace/cargo-home/bin/cargo" "+beta-2021-08-01" "metadata" "--manifest-path" "Cargo.toml" "--no-deps", kill_on_drop: false }`
[INFO] started tweaking crates.io crate maidsafe_client 0.1.2
[INFO] finished tweaking crates.io crate maidsafe_client 0.1.2
[INFO] tweaked toml for crates.io crate maidsafe_client 0.1.2 written to /workspace/builds/worker-0/source/Cargo.toml
[INFO] running `Command { std: "/workspace/cargo-home/bin/cargo" "+beta-2021-08-01" "generate-lockfile" "--manifest-path" "Cargo.toml" "-Zno-index-update", kill_on_drop: false }`
[INFO] running `Command { std: "/workspace/cargo-home/bin/cargo" "+beta-2021-08-01" "fetch" "--manifest-path" "Cargo.toml", kill_on_drop: false }`
[INFO] [stderr]     Blocking waiting for file lock on package cache
[INFO] running `Command { std: "docker" "create" "-v" "/var/lib/crater-agent-workspace/builds/worker-0/target:/opt/rustwide/target:rw,Z" "-v" "/var/lib/crater-agent-workspace/builds/worker-0/source:/opt/rustwide/workdir:ro,Z" "-v" "/var/lib/crater-agent-workspace/cargo-home:/opt/rustwide/cargo-home:ro,Z" "-v" "/var/lib/crater-agent-workspace/rustup-home:/opt/rustwide/rustup-home:ro,Z" "-e" "SOURCE_DIR=/opt/rustwide/workdir" "-e" "CARGO_TARGET_DIR=/opt/rustwide/target" "-e" "CARGO_HOME=/opt/rustwide/cargo-home" "-e" "RUSTUP_HOME=/opt/rustwide/rustup-home" "-w" "/opt/rustwide/workdir" "-m" "1610612736" "--user" "0:0" "--network" "none" "ghcr.io/rust-lang/crates-build-env/linux@sha256:34b6a614d2c27851fe6cbf88fbd1137609cefab8b10d0615aaeb6fd47975d74e" "/opt/rustwide/cargo-home/bin/cargo" "+beta-2021-08-01" "metadata" "--no-deps" "--format-version=1", kill_on_drop: false }`
[INFO] [stdout] 10aa6df8a79d0079f6c3fc88e2f6e43a5d7c10065cee7fc0b7d7d912495e3202
[INFO] running `Command { std: "docker" "start" "-a" "10aa6df8a79d0079f6c3fc88e2f6e43a5d7c10065cee7fc0b7d7d912495e3202", kill_on_drop: false }`
[INFO] running `Command { std: "docker" "inspect" "10aa6df8a79d0079f6c3fc88e2f6e43a5d7c10065cee7fc0b7d7d912495e3202", kill_on_drop: false }`
[INFO] running `Command { std: "docker" "rm" "-f" "10aa6df8a79d0079f6c3fc88e2f6e43a5d7c10065cee7fc0b7d7d912495e3202", kill_on_drop: false }`
[INFO] [stdout] 10aa6df8a79d0079f6c3fc88e2f6e43a5d7c10065cee7fc0b7d7d912495e3202
[INFO] running `Command { std: "docker" "create" "-v" "/var/lib/crater-agent-workspace/builds/worker-0/target:/opt/rustwide/target:rw,Z" "-v" "/var/lib/crater-agent-workspace/builds/worker-0/source:/opt/rustwide/workdir:ro,Z" "-v" "/var/lib/crater-agent-workspace/cargo-home:/opt/rustwide/cargo-home:ro,Z" "-v" "/var/lib/crater-agent-workspace/rustup-home:/opt/rustwide/rustup-home:ro,Z" "-e" "SOURCE_DIR=/opt/rustwide/workdir" "-e" "CARGO_TARGET_DIR=/opt/rustwide/target" "-e" "CARGO_INCREMENTAL=0" "-e" "RUST_BACKTRACE=full" "-e" "RUSTDOCFLAGS=--cap-lints=warn" "-e" "CARGO_HOME=/opt/rustwide/cargo-home" "-e" "RUSTUP_HOME=/opt/rustwide/rustup-home" "-w" "/opt/rustwide/workdir" "-m" "1610612736" "--user" "0:0" "--network" "none" "ghcr.io/rust-lang/crates-build-env/linux@sha256:34b6a614d2c27851fe6cbf88fbd1137609cefab8b10d0615aaeb6fd47975d74e" "/opt/rustwide/cargo-home/bin/cargo" "+beta-2021-08-01" "doc" "--frozen" "--no-deps" "--document-private-items" "--message-format=json", kill_on_drop: false }`
[INFO] [stdout] 80c940debd29d1ce20352aa05b8b49a602f41da123dedcf1e17281633dc72c5f
[INFO] running `Command { std: "docker" "start" "-a" "80c940debd29d1ce20352aa05b8b49a602f41da123dedcf1e17281633dc72c5f", kill_on_drop: false }`
[INFO] [stderr]     Checking regex-syntax v0.6.25
[INFO] [stderr]     Checking signature v1.3.1
[INFO] [stderr]     Checking strsim v0.10.0
[INFO] [stderr]     Checking time v0.3.1
[INFO] [stderr]     Checking itertools v0.10.1
[INFO] [stderr]     Checking cbor v0.4.1
[INFO] [stderr]    Compiling libsodium-sys v0.2.7
[INFO] [stderr]     Checking dirs-sys-next v0.1.2
[INFO] [stderr]     Checking asynchronous v0.4.5
[INFO] [stderr]     Checking lru_time_cache v0.2.7
[INFO] [stderr]     Checking message_filter v0.1.5
[INFO] [stderr]     Checking env_logger v0.3.5
[INFO] [stderr]     Checking accumulator v0.0.4
[INFO] [stderr]     Checking ed25519 v1.2.0
[INFO] [stderr]     Checking utp v0.7.0
[INFO] [stderr]     Checking dirs-next v2.0.0
[INFO] [stdout] error[E0599]: no method named `check` found for struct `LruCache` in the current scope
[INFO] [stdout]   --> /opt/rustwide/cargo-home/registry/src/github.com-1ecc6299db9ec823/accumulator-0.0.4/src/lib.rs:64:22
[INFO] [stdout]    |
[INFO] [stdout] 64 |         self.storage.check(name)
[INFO] [stdout]    |                      ^^^^^ method not found in `LruCache<K, Entry<V>>`
[INFO] [stdout] 
[INFO] [stdout] 
[INFO] [stdout] error[E0599]: no method named `add` found for struct `LruCache` in the current scope
[INFO] [stdout]   --> /opt/rustwide/cargo-home/registry/src/github.com-1ecc6299db9ec823/accumulator-0.0.4/src/lib.rs:82:26
[INFO] [stdout]    |
[INFO] [stdout] 82 |             self.storage.add(name.clone(), entry_in.clone());
[INFO] [stdout]    |                          ^^^ method not found in `LruCache<K, Entry<V>>`
[INFO] [stdout] 
[INFO] [stdout] 
[INFO] [stdout] error[E0599]: no method named `add` found for struct `LruCache` in the current scope
[INFO] [stdout]   --> /opt/rustwide/cargo-home/registry/src/github.com-1ecc6299db9ec823/accumulator-0.0.4/src/lib.rs:90:26
[INFO] [stdout]    |
[INFO] [stdout] 90 |             self.storage.add(name.clone(), tmp.clone());
[INFO] [stdout]    |                          ^^^ method not found in `LruCache<K, Entry<V>>`
[INFO] [stdout] 
[INFO] [stdout] 
[INFO] [stdout] error: aborting due to 3 previous errors
[INFO] [stdout] 
[INFO] [stdout] 
[INFO] [stdout] For more information about this error, try `rustc --explain E0599`.
[INFO] [stdout] 
[INFO] [stderr]     Checking term v0.7.0
[INFO] [stderr] error: could not compile `accumulator` due to 4 previous errors
[INFO] [stderr] warning: build failed, waiting for other jobs to finish...
[INFO] [stderr] error: build failed
[INFO] running `Command { std: "docker" "inspect" "80c940debd29d1ce20352aa05b8b49a602f41da123dedcf1e17281633dc72c5f", kill_on_drop: false }`
[INFO] running `Command { std: "docker" "rm" "-f" "80c940debd29d1ce20352aa05b8b49a602f41da123dedcf1e17281633dc72c5f", kill_on_drop: false }`
[INFO] [stdout] 80c940debd29d1ce20352aa05b8b49a602f41da123dedcf1e17281633dc72c5f
