[INFO] fetching crate lzma2 0.1.0...
[INFO] documenting lzma2-0.1.0 against 1.54.0 for beta-1.55-rustdoc-1
[INFO] extracting crate lzma2 0.1.0 into /workspace/builds/worker-2/source
[INFO] validating manifest of crates.io crate lzma2 0.1.0 on toolchain 1.54.0
[INFO] running `Command { std: "/workspace/cargo-home/bin/cargo" "+1.54.0" "metadata" "--manifest-path" "Cargo.toml" "--no-deps", kill_on_drop: false }`
[INFO] started tweaking crates.io crate lzma2 0.1.0
[INFO] finished tweaking crates.io crate lzma2 0.1.0
[INFO] tweaked toml for crates.io crate lzma2 0.1.0 written to /workspace/builds/worker-2/source/Cargo.toml
[INFO] running `Command { std: "/workspace/cargo-home/bin/cargo" "+1.54.0" "generate-lockfile" "--manifest-path" "Cargo.toml" "-Zno-index-update", kill_on_drop: false }`
[INFO] running `Command { std: "/workspace/cargo-home/bin/cargo" "+1.54.0" "fetch" "--manifest-path" "Cargo.toml", kill_on_drop: false }`
[INFO] [stderr]     Blocking waiting for file lock on package cache
[INFO] running `Command { std: "docker" "create" "-v" "/var/lib/crater-agent-workspace/builds/worker-2/target:/opt/rustwide/target:rw,Z" "-v" "/var/lib/crater-agent-workspace/builds/worker-2/source:/opt/rustwide/workdir:ro,Z" "-v" "/var/lib/crater-agent-workspace/cargo-home:/opt/rustwide/cargo-home:ro,Z" "-v" "/var/lib/crater-agent-workspace/rustup-home:/opt/rustwide/rustup-home:ro,Z" "-e" "SOURCE_DIR=/opt/rustwide/workdir" "-e" "CARGO_TARGET_DIR=/opt/rustwide/target" "-e" "CARGO_HOME=/opt/rustwide/cargo-home" "-e" "RUSTUP_HOME=/opt/rustwide/rustup-home" "-w" "/opt/rustwide/workdir" "-m" "1610612736" "--user" "0:0" "--network" "none" "ghcr.io/rust-lang/crates-build-env/linux@sha256:34b6a614d2c27851fe6cbf88fbd1137609cefab8b10d0615aaeb6fd47975d74e" "/opt/rustwide/cargo-home/bin/cargo" "+1.54.0" "metadata" "--no-deps" "--format-version=1", kill_on_drop: false }`
[INFO] [stdout] 35b3beb974ac770d982d1353f858b84898a0389eb3fecb231b1d8e6864d635d0
[INFO] running `Command { std: "docker" "start" "-a" "35b3beb974ac770d982d1353f858b84898a0389eb3fecb231b1d8e6864d635d0", kill_on_drop: false }`
[INFO] running `Command { std: "docker" "inspect" "35b3beb974ac770d982d1353f858b84898a0389eb3fecb231b1d8e6864d635d0", kill_on_drop: false }`
[INFO] running `Command { std: "docker" "rm" "-f" "35b3beb974ac770d982d1353f858b84898a0389eb3fecb231b1d8e6864d635d0", kill_on_drop: false }`
[INFO] [stdout] 35b3beb974ac770d982d1353f858b84898a0389eb3fecb231b1d8e6864d635d0
[INFO] running `Command { std: "docker" "create" "-v" "/var/lib/crater-agent-workspace/builds/worker-2/target:/opt/rustwide/target:rw,Z" "-v" "/var/lib/crater-agent-workspace/builds/worker-2/source:/opt/rustwide/workdir:ro,Z" "-v" "/var/lib/crater-agent-workspace/cargo-home:/opt/rustwide/cargo-home:ro,Z" "-v" "/var/lib/crater-agent-workspace/rustup-home:/opt/rustwide/rustup-home:ro,Z" "-e" "SOURCE_DIR=/opt/rustwide/workdir" "-e" "CARGO_TARGET_DIR=/opt/rustwide/target" "-e" "CARGO_INCREMENTAL=0" "-e" "RUST_BACKTRACE=full" "-e" "RUSTDOCFLAGS=--cap-lints=warn" "-e" "CARGO_HOME=/opt/rustwide/cargo-home" "-e" "RUSTUP_HOME=/opt/rustwide/rustup-home" "-w" "/opt/rustwide/workdir" "-m" "1610612736" "--user" "0:0" "--network" "none" "ghcr.io/rust-lang/crates-build-env/linux@sha256:34b6a614d2c27851fe6cbf88fbd1137609cefab8b10d0615aaeb6fd47975d74e" "/opt/rustwide/cargo-home/bin/cargo" "+1.54.0" "doc" "--frozen" "--no-deps" "--document-private-items" "--message-format=json", kill_on_drop: false }`
[INFO] [stdout] 1bd28ad5acbc5f805d3513f523dd69f88d641aa2f2f7ef6c9aa6425177540360
[INFO] running `Command { std: "docker" "start" "-a" "1bd28ad5acbc5f805d3513f523dd69f88d641aa2f2f7ef6c9aa6425177540360", kill_on_drop: false }`
[INFO] [stderr]     Checking lzma v0.2.2
[INFO] [stderr]  Documenting lzma2 v0.1.0 (/opt/rustwide/workdir)
[INFO] [stdout] error[E0412]: cannot find type `Error` in crate `byteorder`
[INFO] [stdout]   --> src/error.rs:14:23
[INFO] [stdout]    |
[INFO] [stdout] 14 |     ByteOrder(byteorder::Error),
[INFO] [stdout]    |                          ^^^^^ not found in `byteorder`
[INFO] [stdout]    |
[INFO] [stdout] help: consider importing one of these items
[INFO] [stdout]    |
[INFO] [stdout] 1  | use Error;
[INFO] [stdout]    |
[INFO] [stdout] 1  | use error::error::Error;
[INFO] [stdout]    |
[INFO] [stdout] 1  | use error::fmt::Error;
[INFO] [stdout]    |
[INFO] [stdout] 1  | use lzma::Error;
[INFO] [stdout]    |
[INFO] [stdout] 
[INFO] [stdout] 
[INFO] [stdout] error[E0412]: cannot find type `Error` in crate `byteorder`
[INFO] [stdout]   --> src/error.rs:35:22
[INFO] [stdout]    |
[INFO] [stdout] 35 | impl From<byteorder::Error> for Error {
[INFO] [stdout]    |                      ^^^^^ not found in `byteorder`
[INFO] [stdout]    |
[INFO] [stdout] help: consider importing one of these items
[INFO] [stdout]    |
[INFO] [stdout] 1  | use Error;
[INFO] [stdout]    |
[INFO] [stdout] 1  | use error::error::Error;
[INFO] [stdout]    |
[INFO] [stdout] 1  | use error::fmt::Error;
[INFO] [stdout]    |
[INFO] [stdout] 1  | use lzma::Error;
[INFO] [stdout]    |
[INFO] [stdout] 
[INFO] [stdout] 
[INFO] [stdout] error[E0412]: cannot find type `Error` in crate `byteorder`
[INFO] [stdout]   --> src/error.rs:36:28
[INFO] [stdout]    |
[INFO] [stdout] 36 |     fn from(value: byteorder::Error) -> Self {
[INFO] [stdout]    |                               ^^^^^ not found in `byteorder`
[INFO] [stdout]    |
[INFO] [stdout] help: consider importing one of these items
[INFO] [stdout]    |
[INFO] [stdout] 1  | use Error;
[INFO] [stdout]    |
[INFO] [stdout] 1  | use error::error::Error;
[INFO] [stdout]    |
[INFO] [stdout] 1  | use error::fmt::Error;
[INFO] [stdout]    |
[INFO] [stdout] 1  | use lzma::Error;
[INFO] [stdout]    |
[INFO] [stdout] 
[INFO] [stdout] 
[INFO] [stdout] error: Compilation failed, aborting rustdoc
[INFO] [stdout] 
[INFO] [stdout] 
[INFO] [stdout] error: aborting due to 4 previous errors
[INFO] [stdout] 
[INFO] [stdout] 
[INFO] [stdout] For more information about this error, try `rustc --explain E0412`.
[INFO] [stdout] 
[INFO] [stderr] error: could not document `lzma2`
[INFO] [stderr] 
[INFO] [stderr] Caused by:
[INFO] [stderr]   process didn't exit successfully: `rustdoc --crate-type lib --crate-name lzma2 src/lib.rs -o /opt/rustwide/target/doc --error-format=json --json=diagnostic-rendered-ansi --document-private-items -L dependency=/opt/rustwide/target/debug/deps --extern byteorder=/opt/rustwide/target/debug/deps/libbyteorder-b55b8e72bfe1c077.rmeta --extern lzma=/opt/rustwide/target/debug/deps/liblzma-64c93effe1a96c74.rmeta --cap-lints=warn --crate-version 0.1.0` (exit status: 1)
[INFO] running `Command { std: "docker" "inspect" "1bd28ad5acbc5f805d3513f523dd69f88d641aa2f2f7ef6c9aa6425177540360", kill_on_drop: false }`
[INFO] running `Command { std: "docker" "rm" "-f" "1bd28ad5acbc5f805d3513f523dd69f88d641aa2f2f7ef6c9aa6425177540360", kill_on_drop: false }`
[INFO] [stdout] 1bd28ad5acbc5f805d3513f523dd69f88d641aa2f2f7ef6c9aa6425177540360
