[INFO] fetching crate lsh-rs 0.4.0...
[INFO] documenting lsh-rs-0.4.0 against beta-2021-08-01 for beta-1.55-rustdoc-1
[INFO] extracting crate lsh-rs 0.4.0 into /workspace/builds/worker-71/source
[INFO] validating manifest of crates.io crate lsh-rs 0.4.0 on toolchain beta-2021-08-01
[INFO] running `Command { std: "/workspace/cargo-home/bin/cargo" "+beta-2021-08-01" "metadata" "--manifest-path" "Cargo.toml" "--no-deps", kill_on_drop: false }`
[INFO] started tweaking crates.io crate lsh-rs 0.4.0
[INFO] finished tweaking crates.io crate lsh-rs 0.4.0
[INFO] tweaked toml for crates.io crate lsh-rs 0.4.0 written to /workspace/builds/worker-71/source/Cargo.toml
[INFO] running `Command { std: "/workspace/cargo-home/bin/cargo" "+beta-2021-08-01" "generate-lockfile" "--manifest-path" "Cargo.toml" "-Zno-index-update", kill_on_drop: false }`
[INFO] [stderr]     Blocking waiting for file lock on package cache
[INFO] running `Command { std: "/workspace/cargo-home/bin/cargo" "+beta-2021-08-01" "fetch" "--manifest-path" "Cargo.toml", kill_on_drop: false }`
[INFO] [stderr]     Blocking waiting for file lock on package cache
[INFO] [stderr]     Blocking waiting for file lock on package cache
[INFO] [stderr]  Downloading crates ...
[INFO] [stderr]   Downloaded ndarray-rand v0.11.0
[INFO] [stderr]   Downloaded statrs v0.12.0
[INFO] running `Command { std: "docker" "create" "-v" "/var/lib/crater-agent-workspace/builds/worker-71/target:/opt/rustwide/target:rw,Z" "-v" "/var/lib/crater-agent-workspace/builds/worker-71/source:/opt/rustwide/workdir:ro,Z" "-v" "/var/lib/crater-agent-workspace/cargo-home:/opt/rustwide/cargo-home:ro,Z" "-v" "/var/lib/crater-agent-workspace/rustup-home:/opt/rustwide/rustup-home:ro,Z" "-e" "SOURCE_DIR=/opt/rustwide/workdir" "-e" "CARGO_TARGET_DIR=/opt/rustwide/target" "-e" "CARGO_HOME=/opt/rustwide/cargo-home" "-e" "RUSTUP_HOME=/opt/rustwide/rustup-home" "-w" "/opt/rustwide/workdir" "-m" "1610612736" "--user" "0:0" "--network" "none" "ghcr.io/rust-lang/crates-build-env/linux@sha256:34b6a614d2c27851fe6cbf88fbd1137609cefab8b10d0615aaeb6fd47975d74e" "/opt/rustwide/cargo-home/bin/cargo" "+beta-2021-08-01" "metadata" "--no-deps" "--format-version=1", kill_on_drop: false }`
[INFO] [stdout] 545893e2c2a0925949132a175805e153e4a8f4f3cf518ded93c3060ca33c8794
[INFO] running `Command { std: "docker" "start" "-a" "545893e2c2a0925949132a175805e153e4a8f4f3cf518ded93c3060ca33c8794", kill_on_drop: false }`
[INFO] running `Command { std: "docker" "inspect" "545893e2c2a0925949132a175805e153e4a8f4f3cf518ded93c3060ca33c8794", kill_on_drop: false }`
[INFO] running `Command { std: "docker" "rm" "-f" "545893e2c2a0925949132a175805e153e4a8f4f3cf518ded93c3060ca33c8794", kill_on_drop: false }`
[INFO] [stdout] 545893e2c2a0925949132a175805e153e4a8f4f3cf518ded93c3060ca33c8794
[INFO] running `Command { std: "docker" "create" "-v" "/var/lib/crater-agent-workspace/builds/worker-71/target:/opt/rustwide/target:rw,Z" "-v" "/var/lib/crater-agent-workspace/builds/worker-71/source:/opt/rustwide/workdir:ro,Z" "-v" "/var/lib/crater-agent-workspace/cargo-home:/opt/rustwide/cargo-home:ro,Z" "-v" "/var/lib/crater-agent-workspace/rustup-home:/opt/rustwide/rustup-home:ro,Z" "-e" "SOURCE_DIR=/opt/rustwide/workdir" "-e" "CARGO_TARGET_DIR=/opt/rustwide/target" "-e" "CARGO_INCREMENTAL=0" "-e" "RUST_BACKTRACE=full" "-e" "RUSTDOCFLAGS=--cap-lints=warn" "-e" "CARGO_HOME=/opt/rustwide/cargo-home" "-e" "RUSTUP_HOME=/opt/rustwide/rustup-home" "-w" "/opt/rustwide/workdir" "-m" "1610612736" "--user" "0:0" "--network" "none" "ghcr.io/rust-lang/crates-build-env/linux@sha256:34b6a614d2c27851fe6cbf88fbd1137609cefab8b10d0615aaeb6fd47975d74e" "/opt/rustwide/cargo-home/bin/cargo" "+beta-2021-08-01" "doc" "--frozen" "--no-deps" "--document-private-items" "--message-format=json", kill_on_drop: false }`
[INFO] [stdout] 53193ce2006defb133c56d85c0362e5ee51e54d1db039a1b1eb77b8930b52fdd
[INFO] running `Command { std: "docker" "start" "-a" "53193ce2006defb133c56d85c0362e5ee51e54d1db039a1b1eb77b8930b52fdd", kill_on_drop: false }`
[INFO] [stderr]     Blocking waiting for file lock on package cache
[INFO] [stderr]    Compiling crossbeam-utils v0.8.5
[INFO] [stderr]    Compiling crossbeam-epoch v0.9.5
[INFO] [stderr]    Compiling rayon-core v1.9.1
[INFO] [stderr]    Compiling serde v1.0.127
[INFO] [stderr]    Compiling pkg-config v0.3.19
[INFO] [stderr]     Checking rawpointer v0.2.1
[INFO] [stderr]    Compiling ndarray v0.13.1
[INFO] [stderr]     Checking linked-hash-map v0.5.4
[INFO] [stderr]     Checking fallible-streaming-iterator v0.1.9
[INFO] [stderr]     Checking fallible-iterator v0.2.0
[INFO] [stderr]     Checking fnv v1.0.7
[INFO] [stderr]    Compiling num-traits v0.2.14
[INFO] [stderr]    Compiling num-integer v0.1.44
[INFO] [stderr]    Compiling memoffset v0.6.4
[INFO] [stderr]    Compiling num-complex v0.2.4
[INFO] [stderr]    Compiling num-bigint v0.2.6
[INFO] [stderr]    Compiling rayon v1.5.1
[INFO] [stderr]    Compiling num-iter v0.1.42
[INFO] [stderr]    Compiling num-rational v0.2.4
[INFO] [stderr]     Checking itertools v0.9.0
[INFO] [stderr]     Checking getrandom v0.1.16
[INFO] [stderr]     Checking num_cpus v1.13.0
[INFO] [stderr]    Compiling thiserror-impl v1.0.26
[INFO] [stderr]     Checking matrixmultiply v0.2.4
[INFO] [stderr]     Checking rand_core v0.5.1
[INFO] [stderr]     Checking lru-cache v0.1.2
[INFO] [stderr]    Compiling libsqlite3-sys v0.17.3
[INFO] [stderr]     Checking rand_pcg v0.2.1
[INFO] [stderr]     Checking rand_chacha v0.2.2
[INFO] [stderr]     Checking crossbeam-channel v0.5.1
[INFO] [stderr]     Checking rand v0.7.3
[INFO] [stderr]     Checking crossbeam-deque v0.8.1
[INFO] [stderr]     Checking rand_distr v0.2.2
[INFO] [stderr]     Checking statrs v0.12.0
[INFO] [stderr]     Checking thiserror v1.0.26
[INFO] [stderr]     Checking num v0.2.1
[INFO] [stderr]     Checking bincode v1.3.3
[INFO] [stderr]     Checking ndarray-rand v0.11.0
[INFO] [stderr]     Checking rusqlite v0.21.0
[INFO] [stderr]  Documenting lsh-rs v0.4.0 (/opt/rustwide/workdir)
[INFO] [stdout] error[E0603]: module `export` is private
[INFO] [stdout]    --> src/hash.rs:8:12
[INFO] [stdout]     |
[INFO] [stdout] 8   | use serde::export::PhantomData;
[INFO] [stdout]     |            ^^^^^^ private module
[INFO] [stdout]     |
[INFO] [stdout] note: the module `export` is defined here
[INFO] [stdout]    --> /opt/rustwide/cargo-home/registry/src/github.com-1ecc6299db9ec823/serde-1.0.127/src/lib.rs:275:5
[INFO] [stdout]     |
[INFO] [stdout] 275 | use self::__private as export;
[INFO] [stdout]     |     ^^^^^^^^^^^^^^^^^^^^^^^^^
[INFO] [stdout] 
[INFO] [stdout] 
[INFO] [stdout] error[E0603]: module `export` is private
[INFO] [stdout]    --> src/table/sqlite.rs:9:12
[INFO] [stdout]     |
[INFO] [stdout] 9   | use serde::export::PhantomData;
[INFO] [stdout]     |            ^^^^^^ private module
[INFO] [stdout]     |
[INFO] [stdout] note: the module `export` is defined here
[INFO] [stdout]    --> /opt/rustwide/cargo-home/registry/src/github.com-1ecc6299db9ec823/serde-1.0.127/src/lib.rs:275:5
[INFO] [stdout]     |
[INFO] [stdout] 275 | use self::__private as export;
[INFO] [stdout]     |     ^^^^^^^^^^^^^^^^^^^^^^^^^
[INFO] [stdout] 
[INFO] [stdout] 
[INFO] [stdout] error[E0603]: module `export` is private
[INFO] [stdout]    --> src/data.rs:4:12
[INFO] [stdout]     |
[INFO] [stdout] 4   | use serde::export::fmt::{Debug, Display};
[INFO] [stdout]     |            ^^^^^^ private module
[INFO] [stdout]     |
[INFO] [stdout] note: the module `export` is defined here
[INFO] [stdout]    --> /opt/rustwide/cargo-home/registry/src/github.com-1ecc6299db9ec823/serde-1.0.127/src/lib.rs:275:5
[INFO] [stdout]     |
[INFO] [stdout] 275 | use self::__private as export;
[INFO] [stdout]     |     ^^^^^^^^^^^^^^^^^^^^^^^^^
[INFO] [stdout] 
[INFO] [stdout] 
[INFO] [stdout] error: Compilation failed, aborting rustdoc
[INFO] [stdout] 
[INFO] [stdout] 
[INFO] [stdout] error: aborting due to 4 previous errors
[INFO] [stdout] 
[INFO] [stdout] 
[INFO] [stdout] For more information about this error, try `rustc --explain E0603`.
[INFO] [stdout] 
[INFO] [stderr] error: could not document `lsh-rs`
[INFO] [stderr] 
[INFO] [stderr] Caused by:
[INFO] [stderr]   process didn't exit successfully: `rustdoc --edition=2018 --crate-type lib --crate-name lsh_rs src/lib.rs -o /opt/rustwide/target/doc --cfg 'feature="default"' --cfg 'feature="rusqlite"' --cfg 'feature="sqlite"' --error-format=json --json=diagnostic-rendered-ansi --document-private-items -L dependency=/opt/rustwide/target/debug/deps --extern anyhow=/opt/rustwide/target/debug/deps/libanyhow-e0c590a61c268547.rmeta --extern bincode=/opt/rustwide/target/debug/deps/libbincode-4948d489e7ec74e8.rmeta --extern fnv=/opt/rustwide/target/debug/deps/libfnv-1da472caa9ef57c3.rmeta --extern itertools=/opt/rustwide/target/debug/deps/libitertools-f56cf71ed82f214f.rmeta --extern ndarray=/opt/rustwide/target/debug/deps/libndarray-4b9bc105f73a8ce6.rmeta --extern ndarray_rand=/opt/rustwide/target/debug/deps/libndarray_rand-470860dda70a5877.rmeta --extern num=/opt/rustwide/target/debug/deps/libnum-d0fddc29fa84ff63.rmeta --extern rand=/opt/rustwide/target/debug/deps/librand-dc826ff7f96ee7ce.rmeta --extern rand_distr=/opt/rustwide/target/debug/deps/librand_distr-eb3f428915c8abd2.rmeta --extern rayon=/opt/rustwide/target/debug/deps/librayon-756e1951894ef531.rmeta --extern rusqlite=/opt/rustwide/target/debug/deps/librusqlite-303115cd460aab36.rmeta --extern serde=/opt/rustwide/target/debug/deps/libserde-8914c1b130a4d038.rmeta --extern statrs=/opt/rustwide/target/debug/deps/libstatrs-1b18c45f03a5a0ae.rmeta --extern thiserror=/opt/rustwide/target/debug/deps/libthiserror-b32a054c81ce489a.rmeta --cap-lints=warn --crate-version 0.4.0` (exit status: 1)
[INFO] running `Command { std: "docker" "inspect" "53193ce2006defb133c56d85c0362e5ee51e54d1db039a1b1eb77b8930b52fdd", kill_on_drop: false }`
[INFO] running `Command { std: "docker" "rm" "-f" "53193ce2006defb133c56d85c0362e5ee51e54d1db039a1b1eb77b8930b52fdd", kill_on_drop: false }`
[INFO] [stdout] 53193ce2006defb133c56d85c0362e5ee51e54d1db039a1b1eb77b8930b52fdd
