[INFO] fetching crate lpc11xx-async-hal 0.1.3...
[INFO] documenting lpc11xx-async-hal-0.1.3 against beta-2021-08-01 for beta-1.55-rustdoc-1
[INFO] extracting crate lpc11xx-async-hal 0.1.3 into /workspace/builds/worker-119/source
[INFO] validating manifest of crates.io crate lpc11xx-async-hal 0.1.3 on toolchain beta-2021-08-01
[INFO] running `Command { std: "/workspace/cargo-home/bin/cargo" "+beta-2021-08-01" "metadata" "--manifest-path" "Cargo.toml" "--no-deps", kill_on_drop: false }`
[INFO] started tweaking crates.io crate lpc11xx-async-hal 0.1.3
[INFO] finished tweaking crates.io crate lpc11xx-async-hal 0.1.3
[INFO] tweaked toml for crates.io crate lpc11xx-async-hal 0.1.3 written to /workspace/builds/worker-119/source/Cargo.toml
[INFO] running `Command { std: "/workspace/cargo-home/bin/cargo" "+beta-2021-08-01" "generate-lockfile" "--manifest-path" "Cargo.toml" "-Zno-index-update", kill_on_drop: false }`
[INFO] [stderr]     Blocking waiting for file lock on package cache
[INFO] running `Command { std: "/workspace/cargo-home/bin/cargo" "+beta-2021-08-01" "fetch" "--manifest-path" "Cargo.toml", kill_on_drop: false }`
[INFO] [stderr]     Blocking waiting for file lock on package cache
[INFO] [stderr]     Blocking waiting for file lock on package cache
[INFO] running `Command { std: "docker" "create" "-v" "/var/lib/crater-agent-workspace/builds/worker-119/target:/opt/rustwide/target:rw,Z" "-v" "/var/lib/crater-agent-workspace/builds/worker-119/source:/opt/rustwide/workdir:ro,Z" "-v" "/var/lib/crater-agent-workspace/cargo-home:/opt/rustwide/cargo-home:ro,Z" "-v" "/var/lib/crater-agent-workspace/rustup-home:/opt/rustwide/rustup-home:ro,Z" "-e" "SOURCE_DIR=/opt/rustwide/workdir" "-e" "CARGO_TARGET_DIR=/opt/rustwide/target" "-e" "CARGO_HOME=/opt/rustwide/cargo-home" "-e" "RUSTUP_HOME=/opt/rustwide/rustup-home" "-w" "/opt/rustwide/workdir" "-m" "1610612736" "--user" "0:0" "--network" "none" "ghcr.io/rust-lang/crates-build-env/linux@sha256:34b6a614d2c27851fe6cbf88fbd1137609cefab8b10d0615aaeb6fd47975d74e" "/opt/rustwide/cargo-home/bin/cargo" "+beta-2021-08-01" "metadata" "--no-deps" "--format-version=1", kill_on_drop: false }`
[INFO] [stdout] 8b7fa6a6497097926352c0e395fefe4c2dfabdacf79304e157f5701e6c705d3c
[INFO] running `Command { std: "docker" "start" "-a" "8b7fa6a6497097926352c0e395fefe4c2dfabdacf79304e157f5701e6c705d3c", kill_on_drop: false }`
[INFO] running `Command { std: "docker" "inspect" "8b7fa6a6497097926352c0e395fefe4c2dfabdacf79304e157f5701e6c705d3c", kill_on_drop: false }`
[INFO] running `Command { std: "docker" "rm" "-f" "8b7fa6a6497097926352c0e395fefe4c2dfabdacf79304e157f5701e6c705d3c", kill_on_drop: false }`
[INFO] [stdout] 8b7fa6a6497097926352c0e395fefe4c2dfabdacf79304e157f5701e6c705d3c
[INFO] running `Command { std: "docker" "create" "-v" "/var/lib/crater-agent-workspace/builds/worker-119/target:/opt/rustwide/target:rw,Z" "-v" "/var/lib/crater-agent-workspace/builds/worker-119/source:/opt/rustwide/workdir:ro,Z" "-v" "/var/lib/crater-agent-workspace/cargo-home:/opt/rustwide/cargo-home:ro,Z" "-v" "/var/lib/crater-agent-workspace/rustup-home:/opt/rustwide/rustup-home:ro,Z" "-e" "SOURCE_DIR=/opt/rustwide/workdir" "-e" "CARGO_TARGET_DIR=/opt/rustwide/target" "-e" "CARGO_INCREMENTAL=0" "-e" "RUST_BACKTRACE=full" "-e" "RUSTDOCFLAGS=--cap-lints=warn" "-e" "CARGO_HOME=/opt/rustwide/cargo-home" "-e" "RUSTUP_HOME=/opt/rustwide/rustup-home" "-w" "/opt/rustwide/workdir" "-m" "1610612736" "--user" "0:0" "--network" "none" "ghcr.io/rust-lang/crates-build-env/linux@sha256:34b6a614d2c27851fe6cbf88fbd1137609cefab8b10d0615aaeb6fd47975d74e" "/opt/rustwide/cargo-home/bin/cargo" "+beta-2021-08-01" "doc" "--frozen" "--no-deps" "--document-private-items" "--message-format=json", kill_on_drop: false }`
[INFO] [stdout] f1ecfda5e903562017a42437f2db0389cfec778071d1d0fefb4ee30395a5a1f5
[INFO] running `Command { std: "docker" "start" "-a" "f1ecfda5e903562017a42437f2db0389cfec778071d1d0fefb4ee30395a5a1f5", kill_on_drop: false }`
[INFO] [stderr]    Compiling cortex-m v0.7.3
[INFO] [stderr]     Checking nb v1.0.0
[INFO] [stderr]     Checking vcell v0.1.3
[INFO] [stderr]     Checking stable_deref_trait v1.2.0
[INFO] [stderr]     Checking void v1.0.2
[INFO] [stderr]     Checking bitfield v0.13.2
[INFO] [stderr]    Compiling cortex-m v0.6.7
[INFO] [stderr]    Compiling lpc11xx v0.1.4
[INFO] [stderr]     Checking core-futures-stateless v0.1.0
[INFO] [stderr]    Compiling bare-metal v0.2.5
[INFO] [stderr]     Checking generic-array v0.13.3
[INFO] [stderr]     Checking generic-array v0.12.4
[INFO] [stdout] error[E0557]: feature has been removed
[INFO] [stdout]  --> /opt/rustwide/cargo-home/registry/src/github.com-1ecc6299db9ec823/core-futures-stateless-0.1.0/src/lib.rs:2:29
[INFO] [stdout]   |
[INFO] [stdout] 2 | #![feature(generator_trait, optin_builtin_traits)]
[INFO] [stdout]   |                             ^^^^^^^^^^^^^^^^^^^^ feature has been removed
[INFO] [stdout]   |
[INFO] [stdout]   = note: renamed to `auto_traits`
[INFO] [stdout] 
[INFO] [stdout] 
[INFO] [stdout] error[E0554]: `#![feature]` may not be used on the beta release channel
[INFO] [stdout]  --> /opt/rustwide/cargo-home/registry/src/github.com-1ecc6299db9ec823/core-futures-stateless-0.1.0/src/lib.rs:2:1
[INFO] [stdout]   |
[INFO] [stdout] 2 | #![feature(generator_trait, optin_builtin_traits)]
[INFO] [stdout]   | ^^^^^^^^^^^^^^^^^^^^^^^^^^^^^^^^^^^^^^^^^^^^^^^^^^
[INFO] [stdout] 
[INFO] [stdout] 
[INFO] [stdout] error[E0658]: negative trait bounds are not yet fully implemented; use marker types for now
[INFO] [stdout]   --> /opt/rustwide/cargo-home/registry/src/github.com-1ecc6299db9ec823/core-futures-stateless-0.1.0/src/future.rs:15:32
[INFO] [stdout]    |
[INFO] [stdout] 15 | impl<T: Generator<Yield = ()>> !Unpin for GenFuture<T> {}
[INFO] [stdout]    |                                ^^^^^^
[INFO] [stdout]    |
[INFO] [stdout]    = note: see issue #68318 <https://github.com/rust-lang/rust/issues/68318> for more information
[INFO] [stdout] 
[INFO] [stdout] 
[INFO] [stdout] error[E0061]: this function takes 1 argument but 0 arguments were supplied
[INFO] [stdout]    --> /opt/rustwide/cargo-home/registry/src/github.com-1ecc6299db9ec823/core-futures-stateless-0.1.0/src/future.rs:22:43
[INFO] [stdout]     |
[INFO] [stdout] 22  |         set_task_context(cx, || match gen.resume() {
[INFO] [stdout]     |                                           ^^^^^^- supplied 0 arguments
[INFO] [stdout]     |
[INFO] [stdout] note: associated function defined here
[INFO] [stdout] help: expected the unit value `()`; create it with empty parentheses
[INFO] [stdout]     |
[INFO] [stdout] 22  |         set_task_context(cx, || match gen.resume(()) {
[INFO] [stdout]     |                                                  ^^
[INFO] [stdout] 
[INFO] [stdout] 
[INFO] [stdout] error: aborting due to 4 previous errors
[INFO] [stdout] 
[INFO] [stdout] 
[INFO] [stdout] Some errors have detailed explanations: E0061, E0554, E0557, E0658.
[INFO] [stdout] 
[INFO] [stdout] For more information about an error, try `rustc --explain E0061`.
[INFO] [stdout] 
[INFO] [stderr] error: could not compile `core-futures-stateless` due to 5 previous errors
[INFO] [stderr] warning: build failed, waiting for other jobs to finish...
[INFO] [stderr] error: build failed
[INFO] running `Command { std: "docker" "inspect" "f1ecfda5e903562017a42437f2db0389cfec778071d1d0fefb4ee30395a5a1f5", kill_on_drop: false }`
[INFO] running `Command { std: "docker" "rm" "-f" "f1ecfda5e903562017a42437f2db0389cfec778071d1d0fefb4ee30395a5a1f5", kill_on_drop: false }`
[INFO] [stdout] f1ecfda5e903562017a42437f2db0389cfec778071d1d0fefb4ee30395a5a1f5
