[INFO] fetching crate loalang 0.1.20...
[INFO] documenting loalang-0.1.20 against 1.54.0 for beta-1.55-rustdoc-1
[INFO] extracting crate loalang 0.1.20 into /workspace/builds/worker-62/source
[INFO] validating manifest of crates.io crate loalang 0.1.20 on toolchain 1.54.0
[INFO] running `Command { std: "/workspace/cargo-home/bin/cargo" "+1.54.0" "metadata" "--manifest-path" "Cargo.toml" "--no-deps", kill_on_drop: false }`
[INFO] started tweaking crates.io crate loalang 0.1.20
[INFO] finished tweaking crates.io crate loalang 0.1.20
[INFO] tweaked toml for crates.io crate loalang 0.1.20 written to /workspace/builds/worker-62/source/Cargo.toml
[INFO] crate crates.io crate loalang 0.1.20 already has a lockfile, it will not be regenerated
[INFO] running `Command { std: "/workspace/cargo-home/bin/cargo" "+1.54.0" "fetch" "--manifest-path" "Cargo.toml", kill_on_drop: false }`
[INFO] [stderr] warning: only one of `license` or `license-file` is necessary
[INFO] [stderr]     Blocking waiting for file lock on package cache
[INFO] [stderr]     Blocking waiting for file lock on package cache
[INFO] running `Command { std: "docker" "create" "-v" "/var/lib/crater-agent-workspace/builds/worker-62/target:/opt/rustwide/target:rw,Z" "-v" "/var/lib/crater-agent-workspace/builds/worker-62/source:/opt/rustwide/workdir:ro,Z" "-v" "/var/lib/crater-agent-workspace/cargo-home:/opt/rustwide/cargo-home:ro,Z" "-v" "/var/lib/crater-agent-workspace/rustup-home:/opt/rustwide/rustup-home:ro,Z" "-e" "SOURCE_DIR=/opt/rustwide/workdir" "-e" "CARGO_TARGET_DIR=/opt/rustwide/target" "-e" "CARGO_HOME=/opt/rustwide/cargo-home" "-e" "RUSTUP_HOME=/opt/rustwide/rustup-home" "-w" "/opt/rustwide/workdir" "-m" "1610612736" "--user" "0:0" "--network" "none" "ghcr.io/rust-lang/crates-build-env/linux@sha256:34b6a614d2c27851fe6cbf88fbd1137609cefab8b10d0615aaeb6fd47975d74e" "/opt/rustwide/cargo-home/bin/cargo" "+1.54.0" "metadata" "--no-deps" "--format-version=1", kill_on_drop: false }`
[INFO] [stdout] e6d9c9efbee68e78018c060f158acf1b847c24ac62c17ad64036345e921f08b9
[INFO] running `Command { std: "docker" "start" "-a" "e6d9c9efbee68e78018c060f158acf1b847c24ac62c17ad64036345e921f08b9", kill_on_drop: false }`
[INFO] running `Command { std: "docker" "inspect" "e6d9c9efbee68e78018c060f158acf1b847c24ac62c17ad64036345e921f08b9", kill_on_drop: false }`
[INFO] running `Command { std: "docker" "rm" "-f" "e6d9c9efbee68e78018c060f158acf1b847c24ac62c17ad64036345e921f08b9", kill_on_drop: false }`
[INFO] [stdout] e6d9c9efbee68e78018c060f158acf1b847c24ac62c17ad64036345e921f08b9
[INFO] running `Command { std: "docker" "create" "-v" "/var/lib/crater-agent-workspace/builds/worker-62/target:/opt/rustwide/target:rw,Z" "-v" "/var/lib/crater-agent-workspace/builds/worker-62/source:/opt/rustwide/workdir:ro,Z" "-v" "/var/lib/crater-agent-workspace/cargo-home:/opt/rustwide/cargo-home:ro,Z" "-v" "/var/lib/crater-agent-workspace/rustup-home:/opt/rustwide/rustup-home:ro,Z" "-e" "SOURCE_DIR=/opt/rustwide/workdir" "-e" "CARGO_TARGET_DIR=/opt/rustwide/target" "-e" "CARGO_INCREMENTAL=0" "-e" "RUST_BACKTRACE=full" "-e" "RUSTDOCFLAGS=--cap-lints=warn" "-e" "CARGO_HOME=/opt/rustwide/cargo-home" "-e" "RUSTUP_HOME=/opt/rustwide/rustup-home" "-w" "/opt/rustwide/workdir" "-m" "1610612736" "--user" "0:0" "--network" "none" "ghcr.io/rust-lang/crates-build-env/linux@sha256:34b6a614d2c27851fe6cbf88fbd1137609cefab8b10d0615aaeb6fd47975d74e" "/opt/rustwide/cargo-home/bin/cargo" "+1.54.0" "doc" "--frozen" "--no-deps" "--document-private-items" "--message-format=json", kill_on_drop: false }`
[INFO] [stdout] 50695be6092bf6bd37042fdd44945146efb90b3476fcdaa4db6f37e9f4f73c3b
[INFO] running `Command { std: "docker" "start" "-a" "50695be6092bf6bd37042fdd44945146efb90b3476fcdaa4db6f37e9f4f73c3b", kill_on_drop: false }`
[INFO] [stderr] warning: only one of `license` or `license-file` is necessary
[INFO] [stderr]     Blocking waiting for file lock on package cache
[INFO] [stderr]    Compiling autocfg v0.1.4
[INFO] [stderr]    Compiling proc-macro2 v1.0.5
[INFO] [stderr]    Compiling syn v1.0.5
[INFO] [stderr]    Compiling serde v1.0.101
[INFO] [stderr]    Compiling num-bigint v0.2.2
[INFO] [stderr]    Compiling byteorder v1.3.2
[INFO] [stderr]    Compiling libc v0.2.62
[INFO] [stderr]    Compiling unicode-segmentation v1.5.0
[INFO] [stderr]    Compiling log v0.4.8
[INFO] [stderr]     Checking ngrammatic v0.3.1
[INFO] [stderr]     Checking matches v0.1.8
[INFO] [stderr]     Checking peekmore v0.4.0
[INFO] [stderr]     Checking strum v0.17.1
[INFO] [stderr]    Compiling num-traits v0.2.8
[INFO] [stderr]    Compiling num-integer v0.1.41
[INFO] [stderr]    Compiling num-rational v0.2.2
[INFO] [stderr]    Compiling num-iter v0.1.39
[INFO] [stderr]    Compiling num-complex v0.2.3
[INFO] [stderr]    Compiling bincode v1.2.0
[INFO] [stderr]    Compiling heck v0.3.1
[INFO] [stderr]     Checking atty v0.2.13
[INFO] [stderr]    Compiling quote v1.0.2
[INFO] [stderr]    Compiling serde_derive v1.0.101
[INFO] [stderr]    Compiling strum_macros v0.17.1
[INFO] [stderr]     Checking num v0.2.0
[INFO] [stderr]     Checking fraction v0.6.2
[INFO] [stderr]  Documenting loalang v0.1.20 (/opt/rustwide/workdir)
[INFO] [stdout] error[E0432]: unresolved import `std::option::NoneError`
[INFO] [stdout]  --> src/lib/generation/generation_error.rs:3:5
[INFO] [stdout]   |
[INFO] [stdout] 3 | use std::option::NoneError;
[INFO] [stdout]   |     ^^^^^^^^^^^^^^^^^^^^^^ no `NoneError` in `option`
[INFO] [stdout] 
[INFO] [stdout] 
[INFO] [stdout] error[E0437]: type `Ok` is not a member of trait `std::ops::Try`
[INFO] [stdout]    --> src/lib/semantics/types.rs:816:5
[INFO] [stdout]     |
[INFO] [stdout] 816 |     type Ok = Type;
[INFO] [stdout]     |     ^^^^^^^^^^^^^^^ not a member of trait `std::ops::Try`
[INFO] [stdout] 
[INFO] [stdout] 
[INFO] [stdout] error[E0437]: type `Error` is not a member of trait `std::ops::Try`
[INFO] [stdout]    --> src/lib/semantics/types.rs:817:5
[INFO] [stdout]     |
[INFO] [stdout] 817 |     type Error = std::option::NoneError;
[INFO] [stdout]     |     ^^^^^^^^^^^^^^^^^^^^^^^^^^^^^^^^^^^^ not a member of trait `std::ops::Try`
[INFO] [stdout] 
[INFO] [stdout] 
[INFO] [stdout] error[E0407]: method `into_result` is not a member of trait `std::ops::Try`
[INFO] [stdout]    --> src/lib/semantics/types.rs:819:5
[INFO] [stdout]     |
[INFO] [stdout] 819 | /     fn into_result(self) -> Result<Self::Ok, Self::Error> {
[INFO] [stdout] 820 | |         Ok(self)
[INFO] [stdout] 821 | |     }
[INFO] [stdout]     | |_____^ not a member of trait `std::ops::Try`
[INFO] [stdout] 
[INFO] [stdout] 
[INFO] [stdout] error[E0407]: method `from_error` is not a member of trait `std::ops::Try`
[INFO] [stdout]    --> src/lib/semantics/types.rs:823:5
[INFO] [stdout]     |
[INFO] [stdout] 823 | /     fn from_error(_v: Self::Error) -> Self {
[INFO] [stdout] 824 | |         Type::Unknown
[INFO] [stdout] 825 | |     }
[INFO] [stdout]     | |_____^ not a member of trait `std::ops::Try`
[INFO] [stdout] 
[INFO] [stdout] 
[INFO] [stdout] error[E0407]: method `from_ok` is not a member of trait `std::ops::Try`
[INFO] [stdout]    --> src/lib/semantics/types.rs:827:5
[INFO] [stdout]     |
[INFO] [stdout] 827 | /     fn from_ok(v: Self::Ok) -> Self {
[INFO] [stdout] 828 | |         v
[INFO] [stdout] 829 | |     }
[INFO] [stdout]     | |_____^ not a member of trait `std::ops::Try`
[INFO] [stdout] 
[INFO] [stdout] 
[INFO] [stdout] error[E0437]: type `Ok` is not a member of trait `std::ops::Try`
[INFO] [stdout]   --> src/lib/semantics/type_assignability.rs:52:5
[INFO] [stdout]    |
[INFO] [stdout] 52 |     type Ok = TypeAssignability;
[INFO] [stdout]    |     ^^^^^^^^^^^^^^^^^^^^^^^^^^^^ not a member of trait `std::ops::Try`
[INFO] [stdout] 
[INFO] [stdout] 
[INFO] [stdout] error[E0437]: type `Error` is not a member of trait `std::ops::Try`
[INFO] [stdout]   --> src/lib/semantics/type_assignability.rs:53:5
[INFO] [stdout]    |
[INFO] [stdout] 53 |     type Error = std::option::NoneError;
[INFO] [stdout]    |     ^^^^^^^^^^^^^^^^^^^^^^^^^^^^^^^^^^^^ not a member of trait `std::ops::Try`
[INFO] [stdout] 
[INFO] [stdout] 
[INFO] [stdout] error[E0407]: method `into_result` is not a member of trait `std::ops::Try`
[INFO] [stdout]   --> src/lib/semantics/type_assignability.rs:55:5
[INFO] [stdout]    |
[INFO] [stdout] 55 | /     fn into_result(self) -> Result<Self::Ok, Self::Error> {
[INFO] [stdout] 56 | |         Ok(self)
[INFO] [stdout] 57 | |     }
[INFO] [stdout]    | |_____^ not a member of trait `std::ops::Try`
[INFO] [stdout] 
[INFO] [stdout] 
[INFO] [stdout] error[E0407]: method `from_error` is not a member of trait `std::ops::Try`
[INFO] [stdout]   --> src/lib/semantics/type_assignability.rs:59:5
[INFO] [stdout]    |
[INFO] [stdout] 59 | /     fn from_error(_v: Self::Error) -> Self {
[INFO] [stdout] 60 | |         // We gracefully make a NoneError into
[INFO] [stdout] 61 | |         // a valid type assignability, because
[INFO] [stdout] 62 | |         // it occurs when navigating the AST
[INFO] [stdout] ...  |
[INFO] [stdout] 65 | |         TypeAssignability::Valid
[INFO] [stdout] 66 | |     }
[INFO] [stdout]    | |_____^ not a member of trait `std::ops::Try`
[INFO] [stdout] 
[INFO] [stdout] 
[INFO] [stdout] error[E0407]: method `from_ok` is not a member of trait `std::ops::Try`
[INFO] [stdout]   --> src/lib/semantics/type_assignability.rs:68:5
[INFO] [stdout]    |
[INFO] [stdout] 68 | /     fn from_ok(v: Self::Ok) -> Self {
[INFO] [stdout] 69 | |         v
[INFO] [stdout] 70 | |     }
[INFO] [stdout]    | |_____^ not a member of trait `std::ops::Try`
[INFO] [stdout] 
[INFO] [stdout] 
[INFO] [stdout] error[E0412]: cannot find type `NoneError` in module `std::option`
[INFO] [stdout]    --> src/lib/semantics/types.rs:817:31
[INFO] [stdout]     |
[INFO] [stdout] 817 |     type Error = std::option::NoneError;
[INFO] [stdout]     |                               ^^^^^^^^^ not found in `std::option`
[INFO] [stdout] 
[INFO] [stdout] 
[INFO] [stdout] error[E0412]: cannot find type `NoneError` in module `std::option`
[INFO] [stdout]   --> src/lib/semantics/type_assignability.rs:53:31
[INFO] [stdout]    |
[INFO] [stdout] 53 |     type Error = std::option::NoneError;
[INFO] [stdout]    |                               ^^^^^^^^^ not found in `std::option`
[INFO] [stdout] 
[INFO] [stdout] 
[INFO] [stdout] error[E0554]: `#![feature]` may not be used on the stable release channel
[INFO] [stdout]  --> src/lib/mod.rs:1:1
[INFO] [stdout]   |
[INFO] [stdout] 1 | #![feature(box_patterns, try_trait)]
[INFO] [stdout]   | ^^^^^^^^^^^^^^^^^^^^^^^^^^^^^^^^^^^^
[INFO] [stdout] 
[INFO] [stdout] 
[INFO] [stdout] error: Compilation failed, aborting rustdoc
[INFO] [stdout] 
[INFO] [stdout] 
[INFO] [stdout] error: aborting due to 15 previous errors
[INFO] [stdout] 
[INFO] [stdout] 
[INFO] [stdout] Some errors have detailed explanations: E0407, E0412, E0432, E0437, E0554.
[INFO] [stdout] 
[INFO] [stdout] For more information about an error, try `rustc --explain E0407`.
[INFO] [stdout] 
[INFO] [stderr] error: could not document `loalang`
[INFO] [stderr] 
[INFO] [stderr] Caused by:
[INFO] [stderr]   process didn't exit successfully: `rustdoc --edition=2018 --crate-type lib --crate-name loa src/lib/mod.rs -o /opt/rustwide/target/doc --error-format=json --json=diagnostic-rendered-ansi --document-private-items -L dependency=/opt/rustwide/target/debug/deps --extern atty=/opt/rustwide/target/debug/deps/libatty-992b82d594082618.rmeta --extern bincode=/opt/rustwide/target/debug/deps/libbincode-af1e55b523e317d5.rmeta --extern fraction=/opt/rustwide/target/debug/deps/libfraction-565a4bd0d50a2c2a.rmeta --extern glob=/opt/rustwide/target/debug/deps/libglob-dd005bda8a71734d.rmeta --extern log=/opt/rustwide/target/debug/deps/liblog-66d280a75f209fe0.rmeta --extern matches=/opt/rustwide/target/debug/deps/libmatches-0bdd068591f2f27b.rmeta --extern ngrammatic=/opt/rustwide/target/debug/deps/libngrammatic-8b07576367c47686.rmeta --extern num_bigint=/opt/rustwide/target/debug/deps/libnum_bigint-2edd781ac1fc792d.rmeta --extern num_traits=/opt/rustwide/target/debug/deps/libnum_traits-06c0d53f0781ebed.rmeta --extern peekmore=/opt/rustwide/target/debug/deps/libpeekmore-62b3175d8f3fa8ae.rmeta --extern serde=/opt/rustwide/target/debug/deps/libserde-38982c393f06d7cc.rmeta --extern strum=/opt/rustwide/target/debug/deps/libstrum-99ef13b0ef69d328.rmeta --extern strum_macros=/opt/rustwide/target/debug/deps/libstrum_macros-6fac16d165fa74da.so --cap-lints=warn --crate-version 0.1.20` (exit status: 1)
[INFO] running `Command { std: "docker" "inspect" "50695be6092bf6bd37042fdd44945146efb90b3476fcdaa4db6f37e9f4f73c3b", kill_on_drop: false }`
[INFO] running `Command { std: "docker" "rm" "-f" "50695be6092bf6bd37042fdd44945146efb90b3476fcdaa4db6f37e9f4f73c3b", kill_on_drop: false }`
[INFO] [stdout] 50695be6092bf6bd37042fdd44945146efb90b3476fcdaa4db6f37e9f4f73c3b
