[INFO] fetching crate ligen-c-macro 0.1.2...
[INFO] documenting ligen-c-macro-0.1.2 against 1.54.0 for beta-1.55-rustdoc-1
[INFO] extracting crate ligen-c-macro 0.1.2 into /workspace/builds/worker-12/source
[INFO] validating manifest of crates.io crate ligen-c-macro 0.1.2 on toolchain 1.54.0
[INFO] running `Command { std: "/workspace/cargo-home/bin/cargo" "+1.54.0" "metadata" "--manifest-path" "Cargo.toml" "--no-deps", kill_on_drop: false }`
[INFO] started tweaking crates.io crate ligen-c-macro 0.1.2
[INFO] finished tweaking crates.io crate ligen-c-macro 0.1.2
[INFO] tweaked toml for crates.io crate ligen-c-macro 0.1.2 written to /workspace/builds/worker-12/source/Cargo.toml
[INFO] running `Command { std: "/workspace/cargo-home/bin/cargo" "+1.54.0" "generate-lockfile" "--manifest-path" "Cargo.toml" "-Zno-index-update", kill_on_drop: false }`
[INFO] [stderr]     Blocking waiting for file lock on package cache
[INFO] running `Command { std: "/workspace/cargo-home/bin/cargo" "+1.54.0" "fetch" "--manifest-path" "Cargo.toml", kill_on_drop: false }`
[INFO] [stderr]     Blocking waiting for file lock on package cache
[INFO] running `Command { std: "docker" "create" "-v" "/var/lib/crater-agent-workspace/builds/worker-12/target:/opt/rustwide/target:rw,Z" "-v" "/var/lib/crater-agent-workspace/builds/worker-12/source:/opt/rustwide/workdir:ro,Z" "-v" "/var/lib/crater-agent-workspace/cargo-home:/opt/rustwide/cargo-home:ro,Z" "-v" "/var/lib/crater-agent-workspace/rustup-home:/opt/rustwide/rustup-home:ro,Z" "-e" "SOURCE_DIR=/opt/rustwide/workdir" "-e" "CARGO_TARGET_DIR=/opt/rustwide/target" "-e" "CARGO_HOME=/opt/rustwide/cargo-home" "-e" "RUSTUP_HOME=/opt/rustwide/rustup-home" "-w" "/opt/rustwide/workdir" "-m" "1610612736" "--user" "0:0" "--network" "none" "ghcr.io/rust-lang/crates-build-env/linux@sha256:34b6a614d2c27851fe6cbf88fbd1137609cefab8b10d0615aaeb6fd47975d74e" "/opt/rustwide/cargo-home/bin/cargo" "+1.54.0" "metadata" "--no-deps" "--format-version=1", kill_on_drop: false }`
[INFO] [stdout] a5497a3a2df5ac73391a19799d074977b00c639bab1cf4d52f7db41fb42c82b0
[INFO] [stderr] WARNING: Your kernel does not support swap limit capabilities or the cgroup is not mounted. Memory limited without swap.
[INFO] running `Command { std: "docker" "start" "-a" "a5497a3a2df5ac73391a19799d074977b00c639bab1cf4d52f7db41fb42c82b0", kill_on_drop: false }`
[INFO] running `Command { std: "docker" "inspect" "a5497a3a2df5ac73391a19799d074977b00c639bab1cf4d52f7db41fb42c82b0", kill_on_drop: false }`
[INFO] running `Command { std: "docker" "rm" "-f" "a5497a3a2df5ac73391a19799d074977b00c639bab1cf4d52f7db41fb42c82b0", kill_on_drop: false }`
[INFO] [stdout] a5497a3a2df5ac73391a19799d074977b00c639bab1cf4d52f7db41fb42c82b0
[INFO] running `Command { std: "docker" "create" "-v" "/var/lib/crater-agent-workspace/builds/worker-12/target:/opt/rustwide/target:rw,Z" "-v" "/var/lib/crater-agent-workspace/builds/worker-12/source:/opt/rustwide/workdir:ro,Z" "-v" "/var/lib/crater-agent-workspace/cargo-home:/opt/rustwide/cargo-home:ro,Z" "-v" "/var/lib/crater-agent-workspace/rustup-home:/opt/rustwide/rustup-home:ro,Z" "-e" "SOURCE_DIR=/opt/rustwide/workdir" "-e" "CARGO_TARGET_DIR=/opt/rustwide/target" "-e" "CARGO_INCREMENTAL=0" "-e" "RUST_BACKTRACE=full" "-e" "RUSTDOCFLAGS=--cap-lints=warn" "-e" "CARGO_HOME=/opt/rustwide/cargo-home" "-e" "RUSTUP_HOME=/opt/rustwide/rustup-home" "-w" "/opt/rustwide/workdir" "-m" "1610612736" "--user" "0:0" "--network" "none" "ghcr.io/rust-lang/crates-build-env/linux@sha256:34b6a614d2c27851fe6cbf88fbd1137609cefab8b10d0615aaeb6fd47975d74e" "/opt/rustwide/cargo-home/bin/cargo" "+1.54.0" "doc" "--frozen" "--no-deps" "--document-private-items" "--message-format=json", kill_on_drop: false }`
[INFO] [stdout] fbb8cc60bf08d85d29bdb3bfb9fb673617c64cbeef39556024ac6325c4820ba0
[INFO] [stderr] WARNING: Your kernel does not support swap limit capabilities or the cgroup is not mounted. Memory limited without swap.
[INFO] running `Command { std: "docker" "start" "-a" "fbb8cc60bf08d85d29bdb3bfb9fb673617c64cbeef39556024ac6325c4820ba0", kill_on_drop: false }`
[INFO] [stderr]    Compiling itoa v0.4.7
[INFO] [stderr]    Compiling itertools v0.8.2
[INFO] [stderr]    Compiling libloading v0.7.0
[INFO] [stderr]     Checking serde_json v1.0.66
[INFO] [stderr]    Compiling shrinkwraprs v0.3.0
[INFO] [stderr]    Compiling ligen-core v0.1.16
[INFO] [stderr]    Compiling ligen-macro v0.1.16
[INFO] [stderr]     Checking ligen v0.1.16
[INFO] [stderr]     Checking ligen-c-core v0.1.2
[INFO] [stdout] error[E0609]: no field `name` on type `ligen::ir::Type`
[INFO] [stdout]   --> /opt/rustwide/cargo-home/registry/src/github.com-1ecc6299db9ec823/ligen-c-core-0.1.2/src/generator/files.rs:20:80
[INFO] [stdout]    |
[INFO] [stdout] 20 |     PathBuf::from("include").join(format!("{}.h", implementation.current.self_.name))
[INFO] [stdout]    |                                                                                ^^^^
[INFO] [stdout] 
[INFO] [stdout] 
[INFO] [stdout] error[E0609]: no field `name` on type `ligen::ir::Type`
[INFO] [stdout]   --> /opt/rustwide/cargo-home/registry/src/github.com-1ecc6299db9ec823/ligen-c-core-0.1.2/src/generator/files.rs:38:83
[INFO] [stdout]    |
[INFO] [stdout] 38 |         file.writeln(format!("typedef struct Struct_{} {{", visitor.current.self_.name));
[INFO] [stdout]    |                                                                                   ^^^^
[INFO] [stdout] 
[INFO] [stdout] 
[INFO] [stdout] error[E0609]: no field `name` on type `ligen::ir::Type`
[INFO] [stdout]   --> /opt/rustwide/cargo-home/registry/src/github.com-1ecc6299db9ec823/ligen-c-core-0.1.2/src/generator/files.rs:40:62
[INFO] [stdout]    |
[INFO] [stdout] 40 |         file.writeln(format!("}} {};", visitor.current.self_.name));
[INFO] [stdout]    |                                                              ^^^^
[INFO] [stdout] 
[INFO] [stdout] 
[INFO] [stdout] error[E0609]: no field `name` on type `ligen::ir::Type`
[INFO] [stdout]   --> /opt/rustwide/cargo-home/registry/src/github.com-1ecc6299db9ec823/ligen-c-core-0.1.2/src/generator/files.rs:47:50
[INFO] [stdout]    |
[INFO] [stdout] 47 |         let object_name = &visitor.current.self_.name;
[INFO] [stdout]    |                                                  ^^^^
[INFO] [stdout] 
[INFO] [stdout] 
[INFO] [stdout] error[E0609]: no field `name` on type `ligen::ir::Type`
[INFO] [stdout]   --> /opt/rustwide/cargo-home/registry/src/github.com-1ecc6299db9ec823/ligen-c-core-0.1.2/src/generator/files.rs:62:56
[INFO] [stdout]    |
[INFO] [stdout] 62 |         format!("{}_{}", &visitor.parent.current.self_.name, &visitor.current.identifier.name)
[INFO] [stdout]    |                                                        ^^^^
[INFO] [stdout] 
[INFO] [stdout] 
[INFO] [stdout] error: aborting due to 5 previous errors
[INFO] [stdout] 
[INFO] [stdout] 
[INFO] [stdout] For more information about this error, try `rustc --explain E0609`.
[INFO] [stdout] 
[INFO] [stderr] error: could not compile `ligen-c-core`
[INFO] [stderr] 
[INFO] [stderr] To learn more, run the command again with --verbose.
[INFO] running `Command { std: "docker" "inspect" "fbb8cc60bf08d85d29bdb3bfb9fb673617c64cbeef39556024ac6325c4820ba0", kill_on_drop: false }`
[INFO] running `Command { std: "docker" "rm" "-f" "fbb8cc60bf08d85d29bdb3bfb9fb673617c64cbeef39556024ac6325c4820ba0", kill_on_drop: false }`
[INFO] [stdout] fbb8cc60bf08d85d29bdb3bfb9fb673617c64cbeef39556024ac6325c4820ba0
