[INFO] fetching crate libinspire 0.1.0...
[INFO] documenting libinspire-0.1.0 against beta-2021-08-01 for beta-1.55-rustdoc-1
[INFO] extracting crate libinspire 0.1.0 into /workspace/builds/worker-1/source
[INFO] validating manifest of crates.io crate libinspire 0.1.0 on toolchain beta-2021-08-01
[INFO] running `Command { std: "/workspace/cargo-home/bin/cargo" "+beta-2021-08-01" "metadata" "--manifest-path" "Cargo.toml" "--no-deps", kill_on_drop: false }`
[INFO] started tweaking crates.io crate libinspire 0.1.0
[INFO] finished tweaking crates.io crate libinspire 0.1.0
[INFO] tweaked toml for crates.io crate libinspire 0.1.0 written to /workspace/builds/worker-1/source/Cargo.toml
[INFO] running `Command { std: "/workspace/cargo-home/bin/cargo" "+beta-2021-08-01" "generate-lockfile" "--manifest-path" "Cargo.toml" "-Zno-index-update", kill_on_drop: false }`
[INFO] running `Command { std: "/workspace/cargo-home/bin/cargo" "+beta-2021-08-01" "fetch" "--manifest-path" "Cargo.toml", kill_on_drop: false }`
[INFO] [stderr]     Blocking waiting for file lock on package cache
[INFO] [stderr]     Blocking waiting for file lock on package cache
[INFO] [stderr]  Downloading crates ...
[INFO] [stderr]   Downloaded slog-stream v1.2.1
[INFO] [stderr]   Downloaded slog v1.7.1
[INFO] [stderr]   Downloaded select v0.3.0
[INFO] [stderr]   Downloaded slog-extra v0.1.2
[INFO] [stderr]   Downloaded slog-stdlog v1.1.0
[INFO] [stderr]   Downloaded slog-term v1.5.0
[INFO] running `Command { std: "docker" "create" "-v" "/var/lib/crater-agent-workspace/builds/worker-1/target:/opt/rustwide/target:rw,Z" "-v" "/var/lib/crater-agent-workspace/builds/worker-1/source:/opt/rustwide/workdir:ro,Z" "-v" "/var/lib/crater-agent-workspace/cargo-home:/opt/rustwide/cargo-home:ro,Z" "-v" "/var/lib/crater-agent-workspace/rustup-home:/opt/rustwide/rustup-home:ro,Z" "-e" "SOURCE_DIR=/opt/rustwide/workdir" "-e" "CARGO_TARGET_DIR=/opt/rustwide/target" "-e" "CARGO_HOME=/opt/rustwide/cargo-home" "-e" "RUSTUP_HOME=/opt/rustwide/rustup-home" "-w" "/opt/rustwide/workdir" "-m" "1610612736" "--user" "0:0" "--network" "none" "ghcr.io/rust-lang/crates-build-env/linux@sha256:34b6a614d2c27851fe6cbf88fbd1137609cefab8b10d0615aaeb6fd47975d74e" "/opt/rustwide/cargo-home/bin/cargo" "+beta-2021-08-01" "metadata" "--no-deps" "--format-version=1", kill_on_drop: false }`
[INFO] [stderr] WARNING: Your kernel does not support swap limit capabilities or the cgroup is not mounted. Memory limited without swap.
[INFO] [stdout] 26a3b92a42a04b98648d9867296bbbb4471f8a65fd9be42512256f6283b5d481
[INFO] running `Command { std: "docker" "start" "-a" "26a3b92a42a04b98648d9867296bbbb4471f8a65fd9be42512256f6283b5d481", kill_on_drop: false }`
[INFO] running `Command { std: "docker" "inspect" "26a3b92a42a04b98648d9867296bbbb4471f8a65fd9be42512256f6283b5d481", kill_on_drop: false }`
[INFO] running `Command { std: "docker" "rm" "-f" "26a3b92a42a04b98648d9867296bbbb4471f8a65fd9be42512256f6283b5d481", kill_on_drop: false }`
[INFO] [stdout] 26a3b92a42a04b98648d9867296bbbb4471f8a65fd9be42512256f6283b5d481
[INFO] running `Command { std: "docker" "create" "-v" "/var/lib/crater-agent-workspace/builds/worker-1/target:/opt/rustwide/target:rw,Z" "-v" "/var/lib/crater-agent-workspace/builds/worker-1/source:/opt/rustwide/workdir:ro,Z" "-v" "/var/lib/crater-agent-workspace/cargo-home:/opt/rustwide/cargo-home:ro,Z" "-v" "/var/lib/crater-agent-workspace/rustup-home:/opt/rustwide/rustup-home:ro,Z" "-e" "SOURCE_DIR=/opt/rustwide/workdir" "-e" "CARGO_TARGET_DIR=/opt/rustwide/target" "-e" "CARGO_INCREMENTAL=0" "-e" "RUST_BACKTRACE=full" "-e" "RUSTDOCFLAGS=--cap-lints=warn" "-e" "CARGO_HOME=/opt/rustwide/cargo-home" "-e" "RUSTUP_HOME=/opt/rustwide/rustup-home" "-w" "/opt/rustwide/workdir" "-m" "1610612736" "--user" "0:0" "--network" "none" "ghcr.io/rust-lang/crates-build-env/linux@sha256:34b6a614d2c27851fe6cbf88fbd1137609cefab8b10d0615aaeb6fd47975d74e" "/opt/rustwide/cargo-home/bin/cargo" "+beta-2021-08-01" "doc" "--frozen" "--no-deps" "--document-private-items" "--message-format=json", kill_on_drop: false }`
[INFO] [stdout] e62ac4a19cc5fa6b7f1008de2c567fb2353be7f0b247c9d5cf709552defa6cb8
[INFO] [stderr] WARNING: Your kernel does not support swap limit capabilities or the cgroup is not mounted. Memory limited without swap.
[INFO] running `Command { std: "docker" "start" "-a" "e62ac4a19cc5fa6b7f1008de2c567fb2353be7f0b247c9d5cf709552defa6cb8", kill_on_drop: false }`
[INFO] [stderr]    Compiling rand_core v0.4.2
[INFO] [stderr]    Compiling siphasher v0.2.3
[INFO] [stderr]     Checking mac v0.1.1
[INFO] [stderr]     Checking slog v1.7.1
[INFO] [stderr]     Checking new_debug_unreachable v1.0.4
[INFO] [stderr]     Checking serde v0.8.23
[INFO] [stderr]     Checking bit-vec v0.4.4
[INFO] [stderr]     Checking time v0.3.1
[INFO] [stderr]     Checking crossbeam v0.2.12
[INFO] [stderr]     Checking utf-8 v0.6.0
[INFO] [stderr]     Checking unreachable v0.1.1
[INFO] [stderr]     Checking want v0.2.0
[INFO] [stderr]     Checking isatty v0.1.9
[INFO] [stderr]     Checking tokio-io v0.1.13
[INFO] [stderr]     Checking tokio-threadpool v0.1.18
[INFO] [stderr]     Checking cookie_store v0.7.0
[INFO] [stderr]     Checking debug_unreachable v0.1.1
[INFO] [stderr]     Checking futf v0.1.4
[INFO] [stderr]    Compiling phf_shared v0.7.24
[INFO] [stderr]     Checking bit-set v0.4.0
[INFO] [stderr]    Compiling rand_core v0.3.1
[INFO] [stderr]    Compiling rand_jitter v0.1.4
[INFO] [stderr]    Compiling rand_pcg v0.1.2
[INFO] [stderr]    Compiling rand_os v0.1.3
[INFO] [stderr]     Checking slog-extra v0.1.2
[INFO] [stderr]     Checking tendril v0.2.4
[INFO] [stderr]     Checking phf v0.7.24
[INFO] [stderr]    Compiling rand_chacha v0.1.1
[INFO] [stderr]    Compiling rand_xorshift v0.1.1
[INFO] [stderr]    Compiling rand_hc v0.1.0
[INFO] [stderr]    Compiling rand_isaac v0.1.1
[INFO] [stderr]     Checking slog-stream v1.2.1
[INFO] [stderr]     Checking tokio-reactor v0.1.12
[INFO] [stderr]     Checking h2 v0.1.26
[INFO] [stderr]     Checking slog-term v1.5.0
[INFO] [stderr]    Compiling rand v0.6.5
[INFO] [stderr]     Checking tokio-tcp v0.1.4
[INFO] [stderr]     Checking slog-stdlog v1.1.0
[INFO] [stderr]     Checking tokio v0.1.22
[INFO] [stderr]    Compiling phf_generator v0.7.24
[INFO] [stderr]    Compiling phf_codegen v0.7.24
[INFO] [stderr]    Compiling string_cache v0.2.29
[INFO] [stderr]    Compiling html5ever v0.5.4
[INFO] [stderr]     Checking hyper v0.12.36
[INFO] [stdout] error[E0425]: cannot find function `precise_time_ns` in crate `time`
[INFO] [stdout]    --> /opt/rustwide/cargo-home/registry/src/github.com-1ecc6299db9ec823/html5ever-0.5.4/src/macros.rs:27:26
[INFO] [stdout]     |
[INFO] [stdout] 27  |         let t0 = ::time::precise_time_ns();
[INFO] [stdout]     |                          ^^^^^^^^^^^^^^^ not found in `time`
[INFO] [stdout]     | 
[INFO] [stdout]    ::: /opt/rustwide/cargo-home/registry/src/github.com-1ecc6299db9ec823/html5ever-0.5.4/src/tokenizer/mod.rs:230:27
[INFO] [stdout]     |
[INFO] [stdout] 230 |             let (_, dt) = time!(self.sink.process_token(token));
[INFO] [stdout]     |                           ------------------------------------- in this macro invocation
[INFO] [stdout]     |
[INFO] [stdout]     = note: this error originates in the macro `time` (in Nightly builds, run with -Z macro-backtrace for more info)
[INFO] [stdout] 
[INFO] [stdout] 
[INFO] [stdout] error[E0425]: cannot find function `precise_time_ns` in crate `time`
[INFO] [stdout]    --> /opt/rustwide/cargo-home/registry/src/github.com-1ecc6299db9ec823/html5ever-0.5.4/src/macros.rs:29:26
[INFO] [stdout]     |
[INFO] [stdout] 29  |         let dt = ::time::precise_time_ns() - t0;
[INFO] [stdout]     |                          ^^^^^^^^^^^^^^^ not found in `time`
[INFO] [stdout]     | 
[INFO] [stdout]    ::: /opt/rustwide/cargo-home/registry/src/github.com-1ecc6299db9ec823/html5ever-0.5.4/src/tokenizer/mod.rs:230:27
[INFO] [stdout]     |
[INFO] [stdout] 230 |             let (_, dt) = time!(self.sink.process_token(token));
[INFO] [stdout]     |                           ------------------------------------- in this macro invocation
[INFO] [stdout]     |
[INFO] [stdout]     = note: this error originates in the macro `time` (in Nightly builds, run with -Z macro-backtrace for more info)
[INFO] [stdout] 
[INFO] [stdout] 
[INFO] [stdout] error[E0425]: cannot find function `precise_time_ns` in crate `time`
[INFO] [stdout]    --> /opt/rustwide/cargo-home/registry/src/github.com-1ecc6299db9ec823/html5ever-0.5.4/src/macros.rs:27:26
[INFO] [stdout]     |
[INFO] [stdout] 27  |         let t0 = ::time::precise_time_ns();
[INFO] [stdout]     |                          ^^^^^^^^^^^^^^^ not found in `time`
[INFO] [stdout]     | 
[INFO] [stdout]    ::: /opt/rustwide/cargo-home/registry/src/github.com-1ecc6299db9ec823/html5ever-0.5.4/src/tokenizer/mod.rs:318:37
[INFO] [stdout]     |
[INFO] [stdout] 318 |                 let (run, mut dt) = time!(self.step());
[INFO] [stdout]     |                                     ------------------ in this macro invocation
[INFO] [stdout]     |
[INFO] [stdout]     = note: this error originates in the macro `time` (in Nightly builds, run with -Z macro-backtrace for more info)
[INFO] [stdout] 
[INFO] [stdout] 
[INFO] [stdout] error[E0425]: cannot find function `precise_time_ns` in crate `time`
[INFO] [stdout]    --> /opt/rustwide/cargo-home/registry/src/github.com-1ecc6299db9ec823/html5ever-0.5.4/src/macros.rs:29:26
[INFO] [stdout]     |
[INFO] [stdout] 29  |         let dt = ::time::precise_time_ns() - t0;
[INFO] [stdout]     |                          ^^^^^^^^^^^^^^^ not found in `time`
[INFO] [stdout]     | 
[INFO] [stdout]    ::: /opt/rustwide/cargo-home/registry/src/github.com-1ecc6299db9ec823/html5ever-0.5.4/src/tokenizer/mod.rs:318:37
[INFO] [stdout]     |
[INFO] [stdout] 318 |                 let (run, mut dt) = time!(self.step());
[INFO] [stdout]     |                                     ------------------ in this macro invocation
[INFO] [stdout]     |
[INFO] [stdout]     = note: this error originates in the macro `time` (in Nightly builds, run with -Z macro-backtrace for more info)
[INFO] [stdout] 
[INFO] [stdout] 
[INFO] [stdout] error: aborting due to 4 previous errors
[INFO] [stdout] 
[INFO] [stdout] 
[INFO] [stdout] For more information about this error, try `rustc --explain E0425`.
[INFO] [stdout] 
[INFO] [stderr] error: could not compile `html5ever` due to 5 previous errors
[INFO] [stderr] warning: build failed, waiting for other jobs to finish...
[INFO] [stderr] error: build failed
[INFO] running `Command { std: "docker" "inspect" "e62ac4a19cc5fa6b7f1008de2c567fb2353be7f0b247c9d5cf709552defa6cb8", kill_on_drop: false }`
[INFO] running `Command { std: "docker" "rm" "-f" "e62ac4a19cc5fa6b7f1008de2c567fb2353be7f0b247c9d5cf709552defa6cb8", kill_on_drop: false }`
[INFO] [stdout] e62ac4a19cc5fa6b7f1008de2c567fb2353be7f0b247c9d5cf709552defa6cb8
