[INFO] fetching crate libcitadel 0.1.0...
[INFO] documenting libcitadel-0.1.0 against 1.54.0 for beta-1.55-rustdoc-1
[INFO] extracting crate libcitadel 0.1.0 into /workspace/builds/worker-2/source
[INFO] validating manifest of crates.io crate libcitadel 0.1.0 on toolchain 1.54.0
[INFO] running `Command { std: "/workspace/cargo-home/bin/cargo" "+1.54.0" "metadata" "--manifest-path" "Cargo.toml" "--no-deps", kill_on_drop: false }`
[INFO] started tweaking crates.io crate libcitadel 0.1.0
[INFO] finished tweaking crates.io crate libcitadel 0.1.0
[INFO] tweaked toml for crates.io crate libcitadel 0.1.0 written to /workspace/builds/worker-2/source/Cargo.toml
[INFO] running `Command { std: "/workspace/cargo-home/bin/cargo" "+1.54.0" "generate-lockfile" "--manifest-path" "Cargo.toml" "-Zno-index-update", kill_on_drop: false }`
[INFO] running `Command { std: "/workspace/cargo-home/bin/cargo" "+1.54.0" "fetch" "--manifest-path" "Cargo.toml", kill_on_drop: false }`
[INFO] running `Command { std: "docker" "create" "-v" "/var/lib/crater-agent-workspace/builds/worker-2/target:/opt/rustwide/target:rw,Z" "-v" "/var/lib/crater-agent-workspace/builds/worker-2/source:/opt/rustwide/workdir:ro,Z" "-v" "/var/lib/crater-agent-workspace/cargo-home:/opt/rustwide/cargo-home:ro,Z" "-v" "/var/lib/crater-agent-workspace/rustup-home:/opt/rustwide/rustup-home:ro,Z" "-e" "SOURCE_DIR=/opt/rustwide/workdir" "-e" "CARGO_TARGET_DIR=/opt/rustwide/target" "-e" "CARGO_HOME=/opt/rustwide/cargo-home" "-e" "RUSTUP_HOME=/opt/rustwide/rustup-home" "-w" "/opt/rustwide/workdir" "-m" "1610612736" "--user" "0:0" "--network" "none" "ghcr.io/rust-lang/crates-build-env/linux@sha256:34b6a614d2c27851fe6cbf88fbd1137609cefab8b10d0615aaeb6fd47975d74e" "/opt/rustwide/cargo-home/bin/cargo" "+1.54.0" "metadata" "--no-deps" "--format-version=1", kill_on_drop: false }`
[INFO] [stdout] 5812a6a155ed2c227eaca9036ed77a093d596d5ecb962b5d735c02a891f76f32
[INFO] [stderr] WARNING: Your kernel does not support swap limit capabilities or the cgroup is not mounted. Memory limited without swap.
[INFO] running `Command { std: "docker" "start" "-a" "5812a6a155ed2c227eaca9036ed77a093d596d5ecb962b5d735c02a891f76f32", kill_on_drop: false }`
[INFO] running `Command { std: "docker" "inspect" "5812a6a155ed2c227eaca9036ed77a093d596d5ecb962b5d735c02a891f76f32", kill_on_drop: false }`
[INFO] running `Command { std: "docker" "rm" "-f" "5812a6a155ed2c227eaca9036ed77a093d596d5ecb962b5d735c02a891f76f32", kill_on_drop: false }`
[INFO] [stdout] 5812a6a155ed2c227eaca9036ed77a093d596d5ecb962b5d735c02a891f76f32
[INFO] running `Command { std: "docker" "create" "-v" "/var/lib/crater-agent-workspace/builds/worker-2/target:/opt/rustwide/target:rw,Z" "-v" "/var/lib/crater-agent-workspace/builds/worker-2/source:/opt/rustwide/workdir:ro,Z" "-v" "/var/lib/crater-agent-workspace/cargo-home:/opt/rustwide/cargo-home:ro,Z" "-v" "/var/lib/crater-agent-workspace/rustup-home:/opt/rustwide/rustup-home:ro,Z" "-e" "SOURCE_DIR=/opt/rustwide/workdir" "-e" "CARGO_TARGET_DIR=/opt/rustwide/target" "-e" "CARGO_INCREMENTAL=0" "-e" "RUST_BACKTRACE=full" "-e" "RUSTDOCFLAGS=--cap-lints=warn" "-e" "CARGO_HOME=/opt/rustwide/cargo-home" "-e" "RUSTUP_HOME=/opt/rustwide/rustup-home" "-w" "/opt/rustwide/workdir" "-m" "1610612736" "--user" "0:0" "--network" "none" "ghcr.io/rust-lang/crates-build-env/linux@sha256:34b6a614d2c27851fe6cbf88fbd1137609cefab8b10d0615aaeb6fd47975d74e" "/opt/rustwide/cargo-home/bin/cargo" "+1.54.0" "doc" "--frozen" "--no-deps" "--document-private-items" "--message-format=json", kill_on_drop: false }`
[INFO] [stdout] 8206919a213dbab37e7299b455ea63128bdbd4f990ff2e42fd57f114f899692f
[INFO] [stderr] WARNING: Your kernel does not support swap limit capabilities or the cgroup is not mounted. Memory limited without swap.
[INFO] running `Command { std: "docker" "start" "-a" "8206919a213dbab37e7299b455ea63128bdbd4f990ff2e42fd57f114f899692f", kill_on_drop: false }`
[INFO] [stderr]    Compiling syn v1.0.74
[INFO] [stderr]    Compiling paste v1.0.5
[INFO] [stderr]    Compiling log v0.4.14
[INFO] [stderr]     Checking subtle v2.4.1
[INFO] [stderr]    Compiling linked-hash-map v0.5.4
[INFO] [stderr]     Checking bech32 v0.7.3
[INFO] [stderr]    Compiling parse_arg v0.1.4
[INFO] [stderr]     Checking signature v1.3.1
[INFO] [stderr]     Checking odds v0.2.26
[INFO] [stderr]     Checking nodrop v0.1.14
[INFO] [stderr]    Compiling openssl v0.10.35
[INFO] [stderr]    Compiling syn v0.15.44
[INFO] [stderr]    Compiling zmq v0.9.2
[INFO] [stderr]     Checking serde v0.8.23
[INFO] [stderr]     Checking rust-ini v0.13.0
[INFO] [stderr]    Compiling cbindgen v0.16.0
[INFO] [stderr]    Compiling foreign-types-shared v0.1.1
[INFO] [stderr]    Compiling once_cell v1.8.0
[INFO] [stderr]     Checking dotenv v0.15.0
[INFO] [stderr]    Compiling secp256k1-sys v0.4.1
[INFO] [stderr]    Compiling rand v0.6.5
[INFO] [stderr]    Compiling openssl-src v111.15.0+1.1.1k
[INFO] [stderr]    Compiling grin_secp256k1zkp v0.7.11
[INFO] [stderr]     Checking base64 v0.10.1
[INFO] [stderr]    Compiling tokio v1.9.0
[INFO] [stderr]    Compiling nom v5.1.2
[INFO] [stderr]     Checking base64-compat v1.0.0
[INFO] [stderr]     Checking deflate v0.8.6
[INFO] [stderr]     Checking ed25519 v1.2.0
[INFO] [stderr]     Checking rand_hc v0.1.0
[INFO] [stderr]     Checking rand_isaac v0.1.1
[INFO] [stderr]     Checking rand_xorshift v0.1.1
[INFO] [stderr]    Compiling foreign-types v0.3.2
[INFO] [stderr]    Compiling yaml-rust v0.4.5
[INFO] [stderr]    Compiling zeromq-src v0.1.10+4.3.2
[INFO] [stderr]     Checking arrayvec v0.3.25
[INFO] [stderr]     Checking getrandom v0.1.16
[INFO] [stderr]     Checking rand_os v0.1.3
[INFO] [stderr]     Checking time v0.1.44
[INFO] [stderr]     Checking rand v0.5.6
[INFO] [stderr]     Checking socks v0.3.3
[INFO] [stderr]     Checking dirs-sys-next v0.1.2
[INFO] [stderr]     Checking getrandom v0.2.3
[INFO] [stderr]     Checking rand_chacha v0.1.1
[INFO] [stderr]     Checking ring v0.16.20
[INFO] [stderr]    Compiling openssl-sys v0.9.65
[INFO] [stderr]     Checking nix v0.19.1
[INFO] [stderr]    Compiling clap v2.33.3
[INFO] [stderr]     Checking universal-hash v0.4.1
[INFO] [stderr]     Checking regex v1.4.6
[INFO] [stderr]    Compiling rand_core v0.6.3
[INFO] [stderr]     Checking dirs-next v2.0.0
[INFO] [stderr]     Checking rand_core v0.5.1
[INFO] [stderr]     Checking unicode-normalization v0.1.9
[INFO] [stderr]    Compiling zmq-sys v0.11.0
[INFO] [stderr]     Checking sha2 v0.9.5
[INFO] [stderr]     Checking poly1305 v0.6.2
[INFO] [stderr]     Checking shellexpand v2.1.0
[INFO] [stderr]    Compiling rand_chacha v0.3.1
[INFO] [stderr]     Checking rand_chacha v0.2.2
[INFO] [stderr]     Checking serde_test v0.8.23
[INFO] [stderr]     Checking rand v0.7.3
[INFO] [stderr]     Checking webpki v0.21.4
[INFO] [stderr]     Checking sct v0.6.1
[INFO] [stderr]     Checking rand v0.8.4
[INFO] [stderr]     Checking env_logger v0.7.1
[INFO] [stderr]     Checking idna v0.2.1
[INFO] [stderr]     Checking linked-hash-map v0.3.0
[INFO] [stderr]     Checking webpki-roots v0.19.0
[INFO] [stderr]     Checking rustls v0.16.0
[INFO] [stderr]     Checking serde-hjson v0.9.1
[INFO] [stderr]    Compiling tempfile v3.2.0
[INFO] [stderr]    Compiling synstructure v0.12.5
[INFO] [stderr]    Compiling darling_core v0.10.2
[INFO] [stderr]    Compiling amplify_derive_helpers v0.0.4
[INFO] [stderr]    Compiling proc-macro-error v1.0.4
[INFO] [stderr]    Compiling derive_more v0.15.0
[INFO] [stderr]    Compiling serde_derive v1.0.127
[INFO] [stderr]    Compiling zeroize_derive v1.1.0
[INFO] [stderr]    Compiling amplify_derive v2.5.3
[INFO] [stderr]    Compiling clap_derive v3.0.0-beta.2
[INFO] [stderr]    Compiling num-derive v0.3.3
[INFO] [stderr]    Compiling darling_macro v0.10.2
[INFO] [stderr]     Checking zeroize v1.4.1
[INFO] [stderr]     Checking curve25519-dalek v3.2.0
[INFO] [stderr]     Checking chacha20 v0.6.0
[INFO] [stderr]    Compiling darling v0.10.2
[INFO] [stderr]     Checking chacha20poly1305 v0.7.1
[INFO] [stderr]    Compiling serde_with_macros v1.2.2
[INFO] [stderr]     Checking clap v3.0.0-beta.2
[INFO] [stderr]     Checking serde v1.0.127
[INFO] [stderr]     Checking bitcoin_hashes v0.9.7
[INFO] [stderr]     Checking serde_json v1.0.66
[INFO] [stderr]     Checking secp256k1 v0.20.3
[INFO] [stderr]     Checking toml v0.5.8
[INFO] [stderr]     Checking serde_str_helpers v0.1.2
[INFO] [stderr]     Checking serde_yaml v0.8.17
[INFO] [stderr]     Checking chrono v0.4.19
[INFO] [stderr]     Checking ed25519-dalek v1.0.1
[INFO] [stderr]     Checking url v2.2.2
[INFO] [stderr]     Checking toml v0.4.10
[INFO] [stderr]     Checking stringly_conversions v0.1.1
[INFO] [stderr]     Checking serde_with v1.5.1
[INFO] [stderr]     Checking amplify v3.3.0
[INFO] [stderr]     Checking config v0.10.1
[INFO] [stderr]     Checking configure_me v0.3.4
[INFO] [stderr]    Compiling strict_encoding_derive v1.0.0
[INFO] [stderr]    Compiling lightning_encoding_derive v0.4.0
[INFO] [stderr]    Compiling inet2_derive v0.4.1
[INFO] [stderr]     Checking bitcoin v0.26.2
[INFO] [stderr]     Checking bip39 v1.0.1
[INFO] [stderr]     Checking miniscript v5.1.0
[INFO] [stderr]     Checking electrum-client v0.6.0
[INFO] [stderr]     Checking slip132 v0.3.3
[INFO] [stderr]     Checking strict_encoding v1.2.3
[INFO] [stderr]     Checking torut v0.1.10
[INFO] [stderr]     Checking descriptor-wallet v0.4.1
[INFO] [stderr]     Checking client_side_validation v0.4.0
[INFO] [stderr]    Compiling libcitadel v0.1.0 (/opt/rustwide/workdir)
[INFO] [stderr]     Checking inet2_addr v0.4.0
[INFO] [stderr]     Checking lightning_encoding v0.4.0-beta.1
[INFO] [stderr]     Checking lnpbp v0.4.0
[INFO] [stderr]     Checking internet2 v0.3.10
[INFO] [stderr]     Checking rgb-core v0.4.4
[INFO] [stderr]     Checking lnp-core v0.3.1
[INFO] [stderr]     Checking microservices v0.3.10
[INFO] [stderr]     Checking rgb20 v0.4.0
[INFO] [stderr]     Checking lnpbp-invoice v0.1.0
[INFO] [stderr]     Checking rgb_node v0.4.2
[INFO] [stderr]     Checking citadel-runtime v0.1.0
[INFO] [stderr]  Documenting libcitadel v0.1.0 (/opt/rustwide/workdir)
[INFO] [stdout] error[E0437]: type `Ok` is not a member of trait `Try`
[INFO] [stdout]    --> src/capi/signer.rs:192:5
[INFO] [stdout]     |
[INFO] [stdout] 192 |     type Ok = result_details_t;
[INFO] [stdout]     |     ^^^^^^^^^^^^^^^^^^^^^^^^^^^ not a member of trait `Try`
[INFO] [stdout] 
[INFO] [stdout] 
[INFO] [stdout] error[E0437]: type `Error` is not a member of trait `Try`
[INFO] [stdout]    --> src/capi/signer.rs:193:5
[INFO] [stdout]     |
[INFO] [stdout] 193 |     type Error = err_type;
[INFO] [stdout]     |     ^^^^^^^^^^^^^^^^^^^^^^ not a member of trait `Try`
[INFO] [stdout] 
[INFO] [stdout] 
[INFO] [stdout] error[E0407]: method `into_result` is not a member of trait `Try`
[INFO] [stdout]    --> src/capi/signer.rs:195:5
[INFO] [stdout]     |
[INFO] [stdout] 195 | /     fn into_result(self) -> Result<Self::Ok, Self::Error> {
[INFO] [stdout] 196 | |         if self.is_success() {
[INFO] [stdout] 197 | |             Ok(self.details)
[INFO] [stdout] 198 | |         } else {
[INFO] [stdout] 199 | |             Err(self.code)
[INFO] [stdout] 200 | |         }
[INFO] [stdout] 201 | |     }
[INFO] [stdout]     | |_____^ not a member of trait `Try`
[INFO] [stdout] 
[INFO] [stdout] 
[INFO] [stdout] error[E0407]: method `from_error` is not a member of trait `Try`
[INFO] [stdout]    --> src/capi/signer.rs:203:5
[INFO] [stdout]     |
[INFO] [stdout] 203 | /     fn from_error(v: Self::Error) -> Self {
[INFO] [stdout] 204 | |         v.into()
[INFO] [stdout] 205 | |     }
[INFO] [stdout]     | |_____^ not a member of trait `Try`
[INFO] [stdout] 
[INFO] [stdout] 
[INFO] [stdout] error[E0407]: method `from_ok` is not a member of trait `Try`
[INFO] [stdout]    --> src/capi/signer.rs:207:5
[INFO] [stdout]     |
[INFO] [stdout] 207 | /     fn from_ok(v: Self::Ok) -> Self {
[INFO] [stdout] 208 | |         string_result_t {
[INFO] [stdout] 209 | |             code: err_type::success,
[INFO] [stdout] 210 | |             details: v,
[INFO] [stdout] 211 | |         }
[INFO] [stdout] 212 | |     }
[INFO] [stdout]     | |_____^ not a member of trait `Try`
[INFO] [stdout] 
[INFO] [stdout] 
[INFO] [stdout] error[E0554]: `#![feature]` may not be used on the stable release channel
[INFO] [stdout]   --> src/lib.rs:11:1
[INFO] [stdout]    |
[INFO] [stdout] 11 | #![feature(try_trait)]
[INFO] [stdout]    | ^^^^^^^^^^^^^^^^^^^^^^
[INFO] [stdout] 
[INFO] [stdout] 
[INFO] [stdout] error[E0554]: `#![feature]` may not be used on the stable release channel
[INFO] [stdout]   --> src/lib.rs:12:1
[INFO] [stdout]    |
[INFO] [stdout] 12 | #![feature(vec_into_raw_parts)]
[INFO] [stdout]    | ^^^^^^^^^^^^^^^^^^^^^^^^^^^^^^^
[INFO] [stdout] 
[INFO] [stdout] 
[INFO] [stdout] error: Compilation failed, aborting rustdoc
[INFO] [stdout] 
[INFO] [stdout] 
[INFO] [stdout] error: aborting due to 8 previous errors
[INFO] [stdout] 
[INFO] [stdout] 
[INFO] [stdout] Some errors have detailed explanations: E0407, E0437, E0554.
[INFO] [stdout] 
[INFO] [stdout] For more information about an error, try `rustc --explain E0407`.
[INFO] [stdout] 
[INFO] [stderr] error: could not document `libcitadel`
[INFO] [stderr] 
[INFO] [stderr] Caused by:
[INFO] [stderr]   process didn't exit successfully: `rustdoc --edition=2018 --crate-type staticlib --crate-name citadel src/lib.rs -o /opt/rustwide/target/doc --error-format=json --json=diagnostic-rendered-ansi --document-private-items -L dependency=/opt/rustwide/target/debug/deps --extern amplify=/opt/rustwide/target/debug/deps/libamplify-de4a2b68e512065a.rmeta --extern amplify_derive=/opt/rustwide/target/debug/deps/libamplify_derive-72a5aa4365603443.so --extern base64=/opt/rustwide/target/debug/deps/libbase64-debb6c623e26d5c1.rmeta --extern bech32=/opt/rustwide/target/debug/deps/libbech32-68a8cb652a8d5d2b.rmeta --extern bip39=/opt/rustwide/target/debug/deps/libbip39-9e9a5298d085f6c7.rmeta --extern bitcoin=/opt/rustwide/target/debug/deps/libbitcoin-d935ecac5361ee59.rmeta --extern citadel=/opt/rustwide/target/debug/deps/libcitadel-55474cc48bf2cf85.rmeta --extern wallet=/opt/rustwide/target/debug/deps/libwallet-9daf7530acfe4e30.rmeta --extern env_logger=/opt/rustwide/target/debug/deps/libenv_logger-b331fb0f91d04a71.rmeta --extern internet2=/opt/rustwide/target/debug/deps/libinternet2-508611628247a34e.rmeta --extern libc=/opt/rustwide/target/debug/deps/liblibc-5843a6bc012a5731.rmeta --extern lnpbp=/opt/rustwide/target/debug/deps/liblnpbp-32a6c48acd6524b0.rmeta --extern invoice=/opt/rustwide/target/debug/deps/libinvoice-328a1a966dd74e99.rmeta --extern log=/opt/rustwide/target/debug/deps/liblog-8777b34bcf199bc9.rmeta --extern microservices=/opt/rustwide/target/debug/deps/libmicroservices-4e9aafcc63187415.rmeta --extern miniscript=/opt/rustwide/target/debug/deps/libminiscript-0ab471e7bab5e1e7.rmeta --extern rand=/opt/rustwide/target/debug/deps/librand-9572e208cbfcdd8b.rmeta --extern rgb=/opt/rustwide/target/debug/deps/librgb-9ed30849ae144d6c.rmeta --extern rgb20=/opt/rustwide/target/debug/deps/librgb20-185e94997853ee66.rmeta --extern serde=/opt/rustwide/target/debug/deps/libserde-9b0b55ab8ad01fbb.rmeta --extern serde_json=/opt/rustwide/target/debug/deps/libserde_json-220a6c96f32cdb26.rmeta --extern serde_with=/opt/rustwide/target/debug/deps/libserde_with-9f737e77e31f3080.rmeta --extern serde_with_macros=/opt/rustwide/target/debug/deps/libserde_with_macros-f1b9d095456a7195.so --cap-lints=warn --crate-version 0.1.0` (exit status: 1)
[INFO] running `Command { std: "docker" "inspect" "8206919a213dbab37e7299b455ea63128bdbd4f990ff2e42fd57f114f899692f", kill_on_drop: false }`
[INFO] running `Command { std: "docker" "rm" "-f" "8206919a213dbab37e7299b455ea63128bdbd4f990ff2e42fd57f114f899692f", kill_on_drop: false }`
[INFO] [stdout] 8206919a213dbab37e7299b455ea63128bdbd4f990ff2e42fd57f114f899692f
