[INFO] fetching crate libarchive-sys 0.0.2...
[INFO] documenting libarchive-sys-0.0.2 against beta-2021-08-01 for beta-1.55-rustdoc-1
[INFO] extracting crate libarchive-sys 0.0.2 into /workspace/builds/worker-6/source
[INFO] validating manifest of crates.io crate libarchive-sys 0.0.2 on toolchain beta-2021-08-01
[INFO] running `Command { std: "/workspace/cargo-home/bin/cargo" "+beta-2021-08-01" "metadata" "--manifest-path" "Cargo.toml" "--no-deps", kill_on_drop: false }`
[INFO] started tweaking crates.io crate libarchive-sys 0.0.2
[INFO] finished tweaking crates.io crate libarchive-sys 0.0.2
[INFO] tweaked toml for crates.io crate libarchive-sys 0.0.2 written to /workspace/builds/worker-6/source/Cargo.toml
[INFO] running `Command { std: "/workspace/cargo-home/bin/cargo" "+beta-2021-08-01" "generate-lockfile" "--manifest-path" "Cargo.toml" "-Zno-index-update", kill_on_drop: false }`
[INFO] running `Command { std: "/workspace/cargo-home/bin/cargo" "+beta-2021-08-01" "fetch" "--manifest-path" "Cargo.toml", kill_on_drop: false }`
[INFO] running `Command { std: "docker" "create" "-v" "/var/lib/crater-agent-workspace/builds/worker-6/target:/opt/rustwide/target:rw,Z" "-v" "/var/lib/crater-agent-workspace/builds/worker-6/source:/opt/rustwide/workdir:ro,Z" "-v" "/var/lib/crater-agent-workspace/cargo-home:/opt/rustwide/cargo-home:ro,Z" "-v" "/var/lib/crater-agent-workspace/rustup-home:/opt/rustwide/rustup-home:ro,Z" "-e" "SOURCE_DIR=/opt/rustwide/workdir" "-e" "CARGO_TARGET_DIR=/opt/rustwide/target" "-e" "CARGO_HOME=/opt/rustwide/cargo-home" "-e" "RUSTUP_HOME=/opt/rustwide/rustup-home" "-w" "/opt/rustwide/workdir" "-m" "1610612736" "--user" "0:0" "--network" "none" "ghcr.io/rust-lang/crates-build-env/linux@sha256:34b6a614d2c27851fe6cbf88fbd1137609cefab8b10d0615aaeb6fd47975d74e" "/opt/rustwide/cargo-home/bin/cargo" "+beta-2021-08-01" "metadata" "--no-deps" "--format-version=1", kill_on_drop: false }`
[INFO] [stderr] WARNING: Your kernel does not support swap limit capabilities or the cgroup is not mounted. Memory limited without swap.
[INFO] [stdout] 91d537f0e270e685e7ceb878a0c34fff1a0df96fe02a758480fa6475489c71b7
[INFO] running `Command { std: "docker" "start" "-a" "91d537f0e270e685e7ceb878a0c34fff1a0df96fe02a758480fa6475489c71b7", kill_on_drop: false }`
[INFO] running `Command { std: "docker" "inspect" "91d537f0e270e685e7ceb878a0c34fff1a0df96fe02a758480fa6475489c71b7", kill_on_drop: false }`
[INFO] running `Command { std: "docker" "rm" "-f" "91d537f0e270e685e7ceb878a0c34fff1a0df96fe02a758480fa6475489c71b7", kill_on_drop: false }`
[INFO] [stdout] 91d537f0e270e685e7ceb878a0c34fff1a0df96fe02a758480fa6475489c71b7
[INFO] running `Command { std: "docker" "create" "-v" "/var/lib/crater-agent-workspace/builds/worker-6/target:/opt/rustwide/target:rw,Z" "-v" "/var/lib/crater-agent-workspace/builds/worker-6/source:/opt/rustwide/workdir:ro,Z" "-v" "/var/lib/crater-agent-workspace/cargo-home:/opt/rustwide/cargo-home:ro,Z" "-v" "/var/lib/crater-agent-workspace/rustup-home:/opt/rustwide/rustup-home:ro,Z" "-e" "SOURCE_DIR=/opt/rustwide/workdir" "-e" "CARGO_TARGET_DIR=/opt/rustwide/target" "-e" "CARGO_INCREMENTAL=0" "-e" "RUST_BACKTRACE=full" "-e" "RUSTDOCFLAGS=--cap-lints=warn" "-e" "CARGO_HOME=/opt/rustwide/cargo-home" "-e" "RUSTUP_HOME=/opt/rustwide/rustup-home" "-w" "/opt/rustwide/workdir" "-m" "1610612736" "--user" "0:0" "--network" "none" "ghcr.io/rust-lang/crates-build-env/linux@sha256:34b6a614d2c27851fe6cbf88fbd1137609cefab8b10d0615aaeb6fd47975d74e" "/opt/rustwide/cargo-home/bin/cargo" "+beta-2021-08-01" "doc" "--frozen" "--no-deps" "--document-private-items" "--message-format=json", kill_on_drop: false }`
[INFO] [stderr] WARNING: Your kernel does not support swap limit capabilities or the cgroup is not mounted. Memory limited without swap.
[INFO] [stdout] e330724d1d1953e7fc2241d6e903044dc90344e766648ebf58334f15faeebc5e
[INFO] running `Command { std: "docker" "start" "-a" "e330724d1d1953e7fc2241d6e903044dc90344e766648ebf58334f15faeebc5e", kill_on_drop: false }`
[INFO] [stderr]     Checking time v0.3.1
[INFO] [stderr]    Compiling libarchive-sys v0.0.2 (/opt/rustwide/workdir)
[INFO] [stderr]  Documenting libarchive-sys v0.0.2 (/opt/rustwide/workdir)
[INFO] [stdout] warning: lint `raw_pointer_derive` has been removed: using derive with raw pointers is ok
[INFO] [stdout]   --> src/lib.rs:30:9
[INFO] [stdout]    |
[INFO] [stdout] 30 | #[allow(raw_pointer_derive)]
[INFO] [stdout]    |         ^^^^^^^^^^^^^^^^^^
[INFO] [stdout]    |
[INFO] [stdout]    = note: `#[warn(renamed_and_removed_lints)]` on by default
[INFO] [stdout] 
[INFO] [stdout] 
[INFO] [stdout] warning: lint `raw_pointer_derive` has been removed: using derive with raw pointers is ok
[INFO] [stdout]    --> src/lib.rs:226:9
[INFO] [stdout]     |
[INFO] [stdout] 226 | #[allow(raw_pointer_derive)]
[INFO] [stdout]     |         ^^^^^^^^^^^^^^^^^^
[INFO] [stdout] 
[INFO] [stdout] 
[INFO] [stdout] warning: lint `raw_pointer_derive` has been removed: using derive with raw pointers is ok
[INFO] [stdout]    --> src/lib.rs:253:9
[INFO] [stdout]     |
[INFO] [stdout] 253 | #[allow(raw_pointer_derive)]
[INFO] [stdout]     |         ^^^^^^^^^^^^^^^^^^
[INFO] [stdout] 
[INFO] [stdout] 
[INFO] [stdout] error[E0432]: unresolved import `time::Timespec`
[INFO] [stdout]   --> src/lib.rs:27:5
[INFO] [stdout]    |
[INFO] [stdout] 27 | use time::Timespec;
[INFO] [stdout]    |     ^^^^^^^^^^^^^^ no `Timespec` in the root
[INFO] [stdout] 
[INFO] [stdout] 
[INFO] [stdout] error[E0554]: `#![feature]` may not be used on the beta release channel
[INFO] [stdout]  --> src/lib.rs:2:1
[INFO] [stdout]   |
[INFO] [stdout] 2 | #![feature(libc)]
[INFO] [stdout]   | ^^^^^^^^^^^^^^^^^
[INFO] [stdout] 
[INFO] [stdout] 
[INFO] [stdout] error[E0554]: `#![feature]` may not be used on the beta release channel
[INFO] [stdout]  --> src/lib.rs:8:1
[INFO] [stdout]   |
[INFO] [stdout] 8 | #![feature(trace_macros)]
[INFO] [stdout]   | ^^^^^^^^^^^^^^^^^^^^^^^^^
[INFO] [stdout] 
[INFO] [stdout] 
[INFO] [stdout] error[E0554]: `#![feature]` may not be used on the beta release channel
[INFO] [stdout]  --> src/lib.rs:9:1
[INFO] [stdout]   |
[INFO] [stdout] 9 | #![feature(concat_idents)]
[INFO] [stdout]   | ^^^^^^^^^^^^^^^^^^^^^^^^^^
[INFO] [stdout] 
[INFO] [stdout] 
[INFO] [stdout] error[E0554]: `#![feature]` may not be used on the beta release channel
[INFO] [stdout]   --> src/lib.rs:10:1
[INFO] [stdout]    |
[INFO] [stdout] 10 | #![feature(alloc)]
[INFO] [stdout]    | ^^^^^^^^^^^^^^^^^^
[INFO] [stdout] 
[INFO] [stdout] 
[INFO] [stdout] error: Compilation failed, aborting rustdoc
[INFO] [stdout] 
[INFO] [stdout] 
[INFO] [stdout] error: aborting due to 6 previous errors; 3 warnings emitted
[INFO] [stdout] 
[INFO] [stdout] 
[INFO] [stdout] Some errors have detailed explanations: E0432, E0554.
[INFO] [stdout] 
[INFO] [stdout] For more information about an error, try `rustc --explain E0432`.
[INFO] [stdout] 
[INFO] [stderr] error: could not document `libarchive-sys`
[INFO] [stderr] 
[INFO] [stderr] Caused by:
[INFO] [stderr]   process didn't exit successfully: `rustdoc --crate-type lib --crate-name Archive src/lib.rs -o /opt/rustwide/target/doc --error-format=json --json=diagnostic-rendered-ansi --document-private-items -L dependency=/opt/rustwide/target/debug/deps --extern time=/opt/rustwide/target/debug/deps/libtime-eb119fb6f99c1326.rmeta --cap-lints=warn --crate-version 0.0.2` (exit status: 1)
[INFO] running `Command { std: "docker" "inspect" "e330724d1d1953e7fc2241d6e903044dc90344e766648ebf58334f15faeebc5e", kill_on_drop: false }`
[INFO] running `Command { std: "docker" "rm" "-f" "e330724d1d1953e7fc2241d6e903044dc90344e766648ebf58334f15faeebc5e", kill_on_drop: false }`
[INFO] [stdout] e330724d1d1953e7fc2241d6e903044dc90344e766648ebf58334f15faeebc5e
