[INFO] fetching crate lib3h_persistence_pickle 0.0.1-alpha2...
[INFO] documenting lib3h_persistence_pickle-0.0.1-alpha2 against 1.54.0 for beta-1.55-rustdoc-1
[INFO] extracting crate lib3h_persistence_pickle 0.0.1-alpha2 into /workspace/builds/worker-6/source
[INFO] validating manifest of crates.io crate lib3h_persistence_pickle 0.0.1-alpha2 on toolchain 1.54.0
[INFO] running `Command { std: "/workspace/cargo-home/bin/cargo" "+1.54.0" "metadata" "--manifest-path" "Cargo.toml" "--no-deps", kill_on_drop: false }`
[INFO] started tweaking crates.io crate lib3h_persistence_pickle 0.0.1-alpha2
[INFO] finished tweaking crates.io crate lib3h_persistence_pickle 0.0.1-alpha2
[INFO] tweaked toml for crates.io crate lib3h_persistence_pickle 0.0.1-alpha2 written to /workspace/builds/worker-6/source/Cargo.toml
[INFO] running `Command { std: "/workspace/cargo-home/bin/cargo" "+1.54.0" "generate-lockfile" "--manifest-path" "Cargo.toml" "-Zno-index-update", kill_on_drop: false }`
[INFO] [stderr]     Blocking waiting for file lock on package cache
[INFO] running `Command { std: "/workspace/cargo-home/bin/cargo" "+1.54.0" "fetch" "--manifest-path" "Cargo.toml", kill_on_drop: false }`
[INFO] [stderr]     Blocking waiting for file lock on package cache
[INFO] [stderr]     Blocking waiting for file lock on package cache
[INFO] [stderr]  Downloading crates ...
[INFO] [stderr]   Downloaded futures-select-macro-preview v0.3.0-alpha.12
[INFO] [stderr]   Downloaded futures-channel-preview v0.3.0-alpha.12
[INFO] [stderr]   Downloaded serde_test v1.0.89
[INFO] [stderr]   Downloaded futures-io-preview v0.3.0-alpha.12
[INFO] [stderr]   Downloaded futures-util-preview v0.3.0-alpha.12
[INFO] [stderr]   Downloaded futures-preview v0.3.0-alpha.12
[INFO] [stderr]   Downloaded futures-sink-preview v0.3.0-alpha.12
[INFO] [stderr]   Downloaded futures-executor-preview v0.3.0-alpha.12
[INFO] [stderr]   Downloaded lib3h_persistence_api v0.0.1-alpha2
[INFO] [stderr]   Downloaded futures-core-preview v0.3.0-alpha.12
[INFO] [stderr]   Downloaded lib3h_persistence_derive v0.0.1-alpha1
[INFO] [stderr]   Downloaded pickledb v0.4.0
[INFO] running `Command { std: "docker" "create" "-v" "/var/lib/crater-agent-workspace/builds/worker-6/target:/opt/rustwide/target:rw,Z" "-v" "/var/lib/crater-agent-workspace/builds/worker-6/source:/opt/rustwide/workdir:ro,Z" "-v" "/var/lib/crater-agent-workspace/cargo-home:/opt/rustwide/cargo-home:ro,Z" "-v" "/var/lib/crater-agent-workspace/rustup-home:/opt/rustwide/rustup-home:ro,Z" "-e" "SOURCE_DIR=/opt/rustwide/workdir" "-e" "CARGO_TARGET_DIR=/opt/rustwide/target" "-e" "CARGO_HOME=/opt/rustwide/cargo-home" "-e" "RUSTUP_HOME=/opt/rustwide/rustup-home" "-w" "/opt/rustwide/workdir" "-m" "1610612736" "--user" "0:0" "--network" "none" "ghcr.io/rust-lang/crates-build-env/linux@sha256:34b6a614d2c27851fe6cbf88fbd1137609cefab8b10d0615aaeb6fd47975d74e" "/opt/rustwide/cargo-home/bin/cargo" "+1.54.0" "metadata" "--no-deps" "--format-version=1", kill_on_drop: false }`
[INFO] [stdout] eac91d3505813dccc3a1a2b2ba09908e8bc7d1b5f0211c623415d41ff2b13d54
[INFO] [stderr] WARNING: Your kernel does not support swap limit capabilities or the cgroup is not mounted. Memory limited without swap.
[INFO] running `Command { std: "docker" "start" "-a" "eac91d3505813dccc3a1a2b2ba09908e8bc7d1b5f0211c623415d41ff2b13d54", kill_on_drop: false }`
[INFO] running `Command { std: "docker" "inspect" "eac91d3505813dccc3a1a2b2ba09908e8bc7d1b5f0211c623415d41ff2b13d54", kill_on_drop: false }`
[INFO] running `Command { std: "docker" "rm" "-f" "eac91d3505813dccc3a1a2b2ba09908e8bc7d1b5f0211c623415d41ff2b13d54", kill_on_drop: false }`
[INFO] [stdout] eac91d3505813dccc3a1a2b2ba09908e8bc7d1b5f0211c623415d41ff2b13d54
[INFO] running `Command { std: "docker" "create" "-v" "/var/lib/crater-agent-workspace/builds/worker-6/target:/opt/rustwide/target:rw,Z" "-v" "/var/lib/crater-agent-workspace/builds/worker-6/source:/opt/rustwide/workdir:ro,Z" "-v" "/var/lib/crater-agent-workspace/cargo-home:/opt/rustwide/cargo-home:ro,Z" "-v" "/var/lib/crater-agent-workspace/rustup-home:/opt/rustwide/rustup-home:ro,Z" "-e" "SOURCE_DIR=/opt/rustwide/workdir" "-e" "CARGO_TARGET_DIR=/opt/rustwide/target" "-e" "CARGO_INCREMENTAL=0" "-e" "RUST_BACKTRACE=full" "-e" "RUSTDOCFLAGS=--cap-lints=warn" "-e" "CARGO_HOME=/opt/rustwide/cargo-home" "-e" "RUSTUP_HOME=/opt/rustwide/rustup-home" "-w" "/opt/rustwide/workdir" "-m" "1610612736" "--user" "0:0" "--network" "none" "ghcr.io/rust-lang/crates-build-env/linux@sha256:34b6a614d2c27851fe6cbf88fbd1137609cefab8b10d0615aaeb6fd47975d74e" "/opt/rustwide/cargo-home/bin/cargo" "+1.54.0" "doc" "--frozen" "--no-deps" "--document-private-items" "--message-format=json", kill_on_drop: false }`
[INFO] [stderr] WARNING: Your kernel does not support swap limit capabilities or the cgroup is not mounted. Memory limited without swap.
[INFO] [stdout] 3bfd8663f8049296bbc7e0695111e548d71b5fc0cbd2fd8925011923241d1e47
[INFO] running `Command { std: "docker" "start" "-a" "3bfd8663f8049296bbc7e0695111e548d71b5fc0cbd2fd8925011923241d1e47", kill_on_drop: false }`
[INFO] [stderr]     Blocking waiting for file lock on package cache
[INFO] [stderr]    Compiling syn v0.15.31
[INFO] [stderr]    Compiling serde v1.0.89
[INFO] [stderr]    Compiling ryu v0.2.8
[INFO] [stderr]     Checking byte-tools v0.2.0
[INFO] [stderr]     Checking arrayref v0.3.5
[INFO] [stderr]    Compiling either v1.6.1
[INFO] [stderr]     Checking lazy_static v1.2.0
[INFO] [stderr]     Checking reed-solomon v0.2.1
[INFO] [stderr]    Compiling lib3h_persistence_api v0.0.1-alpha2
[INFO] [stderr]     Checking sha1 v0.5.0
[INFO] [stderr]     Checking objekt v0.1.2
[INFO] [stderr]    Compiling num-bigint v0.4.0
[INFO] [stderr]    Compiling num-rational v0.4.0
[INFO] [stderr]     Checking futures-core-preview v0.3.0-alpha.12
[INFO] [stderr]     Checking rand_core v0.3.1
[INFO] [stderr]    Compiling proc-macro2 v0.2.3
[INFO] [stdout] error[E0432]: unresolved import `core::task::LocalWaker`
[INFO] [stdout]  --> /opt/rustwide/cargo-home/registry/src/github.com-1ecc6299db9ec823/futures-core-preview-0.3.0-alpha.12/src/future/future_obj.rs:6:12
[INFO] [stdout]   |
[INFO] [stdout] 6 |     task::{LocalWaker, Poll},
[INFO] [stdout]   |            ^^^^^^^^^^ no `LocalWaker` in `task`
[INFO] [stdout] 
[INFO] [stdout] 
[INFO] [stdout] error[E0432]: unresolved imports `core::task::LocalWaker`, `core::task::UnsafeWake`
[INFO] [stdout]  --> /opt/rustwide/cargo-home/registry/src/github.com-1ecc6299db9ec823/futures-core-preview-0.3.0-alpha.12/src/task/mod.rs:8:35
[INFO] [stdout]   |
[INFO] [stdout] 8 | pub use core::task::{Poll, Waker, LocalWaker, UnsafeWake};
[INFO] [stdout]   |                                   ^^^^^^^^^^  ^^^^^^^^^^ no `UnsafeWake` in `task`
[INFO] [stdout]   |                                   |
[INFO] [stdout]   |                                   no `LocalWaker` in `task`
[INFO] [stdout] 
[INFO] [stdout] 
[INFO] [stdout] error[E0432]: unresolved imports `std::task::local_waker`, `std::task::local_waker_from_nonlocal`
[INFO] [stdout]   --> /opt/rustwide/cargo-home/registry/src/github.com-1ecc6299db9ec823/futures-core-preview-0.3.0-alpha.12/src/task/mod.rs:10:27
[INFO] [stdout]    |
[INFO] [stdout] 10 | pub use std::task::{Wake, local_waker, local_waker_from_nonlocal};
[INFO] [stdout]    |                           ^^^^^^^^^^^  ^^^^^^^^^^^^^^^^^^^^^^^^^ no `local_waker_from_nonlocal` in `task`
[INFO] [stdout]    |                           |
[INFO] [stdout]    |                           no `local_waker` in `task`
[INFO] [stdout] 
[INFO] [stdout] 
[INFO] [stdout] error[E0554]: `#![feature]` may not be used on the stable release channel
[INFO] [stdout]  --> /opt/rustwide/cargo-home/registry/src/github.com-1ecc6299db9ec823/futures-core-preview-0.3.0-alpha.12/src/lib.rs:3:1
[INFO] [stdout]   |
[INFO] [stdout] 3 | #![feature(futures_api)]
[INFO] [stdout]   | ^^^^^^^^^^^^^^^^^^^^^^^^
[INFO] [stdout] 
[INFO] [stdout] 
[INFO] [stdout] error: aborting due to 4 previous errors
[INFO] [stdout] 
[INFO] [stdout] 
[INFO] [stdout] Some errors have detailed explanations: E0432, E0554.
[INFO] [stdout] 
[INFO] [stdout] For more information about an error, try `rustc --explain E0432`.
[INFO] [stdout] 
[INFO] [stderr] error: could not compile `futures-core-preview`
[INFO] [stderr] 
[INFO] [stderr] To learn more, run the command again with --verbose.
[INFO] [stderr] warning: build failed, waiting for other jobs to finish...
[INFO] [stderr] error: build failed
[INFO] running `Command { std: "docker" "inspect" "3bfd8663f8049296bbc7e0695111e548d71b5fc0cbd2fd8925011923241d1e47", kill_on_drop: false }`
[INFO] running `Command { std: "docker" "rm" "-f" "3bfd8663f8049296bbc7e0695111e548d71b5fc0cbd2fd8925011923241d1e47", kill_on_drop: false }`
[INFO] [stdout] 3bfd8663f8049296bbc7e0695111e548d71b5fc0cbd2fd8925011923241d1e47
