[INFO] fetching crate keclc-httpauth 0.1.0...
[INFO] documenting keclc-httpauth-0.1.0 against 1.54.0 for beta-1.55-rustdoc-1
[INFO] extracting crate keclc-httpauth 0.1.0 into /workspace/builds/worker-15/source
[INFO] validating manifest of crates.io crate keclc-httpauth 0.1.0 on toolchain 1.54.0
[INFO] running `Command { std: "/workspace/cargo-home/bin/cargo" "+1.54.0" "metadata" "--manifest-path" "Cargo.toml" "--no-deps", kill_on_drop: false }`
[INFO] started tweaking crates.io crate keclc-httpauth 0.1.0
[INFO] finished tweaking crates.io crate keclc-httpauth 0.1.0
[INFO] tweaked toml for crates.io crate keclc-httpauth 0.1.0 written to /workspace/builds/worker-15/source/Cargo.toml
[INFO] crate crates.io crate keclc-httpauth 0.1.0 already has a lockfile, it will not be regenerated
[INFO] running `Command { std: "/workspace/cargo-home/bin/cargo" "+1.54.0" "fetch" "--manifest-path" "Cargo.toml", kill_on_drop: false }`
[INFO] [stderr]     Blocking waiting for file lock on package cache
[INFO] [stderr]     Blocking waiting for file lock on package cache
[INFO] running `Command { std: "docker" "create" "-v" "/var/lib/crater-agent-workspace/builds/worker-15/target:/opt/rustwide/target:rw,Z" "-v" "/var/lib/crater-agent-workspace/builds/worker-15/source:/opt/rustwide/workdir:ro,Z" "-v" "/var/lib/crater-agent-workspace/cargo-home:/opt/rustwide/cargo-home:ro,Z" "-v" "/var/lib/crater-agent-workspace/rustup-home:/opt/rustwide/rustup-home:ro,Z" "-e" "SOURCE_DIR=/opt/rustwide/workdir" "-e" "CARGO_TARGET_DIR=/opt/rustwide/target" "-e" "CARGO_HOME=/opt/rustwide/cargo-home" "-e" "RUSTUP_HOME=/opt/rustwide/rustup-home" "-w" "/opt/rustwide/workdir" "-m" "1610612736" "--user" "0:0" "--network" "none" "ghcr.io/rust-lang/crates-build-env/linux@sha256:34b6a614d2c27851fe6cbf88fbd1137609cefab8b10d0615aaeb6fd47975d74e" "/opt/rustwide/cargo-home/bin/cargo" "+1.54.0" "metadata" "--no-deps" "--format-version=1", kill_on_drop: false }`
[INFO] [stdout] 4402a532cc0e7bc72bff9769550f7b092eb1c37c731cfa2d26f973f675aa2d34
[INFO] running `Command { std: "docker" "start" "-a" "4402a532cc0e7bc72bff9769550f7b092eb1c37c731cfa2d26f973f675aa2d34", kill_on_drop: false }`
[INFO] running `Command { std: "docker" "inspect" "4402a532cc0e7bc72bff9769550f7b092eb1c37c731cfa2d26f973f675aa2d34", kill_on_drop: false }`
[INFO] running `Command { std: "docker" "rm" "-f" "4402a532cc0e7bc72bff9769550f7b092eb1c37c731cfa2d26f973f675aa2d34", kill_on_drop: false }`
[INFO] [stdout] 4402a532cc0e7bc72bff9769550f7b092eb1c37c731cfa2d26f973f675aa2d34
[INFO] running `Command { std: "docker" "create" "-v" "/var/lib/crater-agent-workspace/builds/worker-15/target:/opt/rustwide/target:rw,Z" "-v" "/var/lib/crater-agent-workspace/builds/worker-15/source:/opt/rustwide/workdir:ro,Z" "-v" "/var/lib/crater-agent-workspace/cargo-home:/opt/rustwide/cargo-home:ro,Z" "-v" "/var/lib/crater-agent-workspace/rustup-home:/opt/rustwide/rustup-home:ro,Z" "-e" "SOURCE_DIR=/opt/rustwide/workdir" "-e" "CARGO_TARGET_DIR=/opt/rustwide/target" "-e" "CARGO_INCREMENTAL=0" "-e" "RUST_BACKTRACE=full" "-e" "RUSTDOCFLAGS=--cap-lints=warn" "-e" "CARGO_HOME=/opt/rustwide/cargo-home" "-e" "RUSTUP_HOME=/opt/rustwide/rustup-home" "-w" "/opt/rustwide/workdir" "-m" "1610612736" "--user" "0:0" "--network" "none" "ghcr.io/rust-lang/crates-build-env/linux@sha256:34b6a614d2c27851fe6cbf88fbd1137609cefab8b10d0615aaeb6fd47975d74e" "/opt/rustwide/cargo-home/bin/cargo" "+1.54.0" "doc" "--frozen" "--no-deps" "--document-private-items" "--message-format=json", kill_on_drop: false }`
[INFO] [stdout] faa6b94c518e8106cb85fb7b07c397f4390043b26e807a22a97c7e83dc6b5a95
[INFO] running `Command { std: "docker" "start" "-a" "faa6b94c518e8106cb85fb7b07c397f4390043b26e807a22a97c7e83dc6b5a95", kill_on_drop: false }`
[INFO] [stderr]    Compiling proc-macro2 v1.0.8
[INFO] [stderr]    Compiling syn v1.0.14
[INFO] [stderr]    Compiling memchr v2.3.0
[INFO] [stderr]     Checking smallvec v1.2.0
[INFO] [stderr]    Compiling proc-macro-nested v0.1.3
[INFO] [stderr]     Checking futures-core v0.3.1
[INFO] [stderr]     Checking futures-sink v0.3.1
[INFO] [stderr]     Checking futures-task v0.3.1
[INFO] [stderr]     Checking spin v0.5.2
[INFO] [stderr]     Checking pin-utils v0.1.0-alpha.4
[INFO] [stderr]     Checking ppv-lite86 v0.2.6
[INFO] [stderr]     Checking untrusted v0.7.0
[INFO] [stderr]     Checking futures-io v0.3.1
[INFO] [stderr]    Compiling serde v1.0.104
[INFO] [stderr]     Checking pin-project-lite v0.1.4
[INFO] [stderr]    Compiling encoding_rs v0.8.22
[INFO] [stderr]     Checking regex-syntax v0.6.13
[INFO] [stderr]     Checking arc-swap v0.4.4
[INFO] [stderr]     Checking sha1 v0.6.0
[INFO] [stderr]     Checking either v1.5.3
[INFO] [stderr]     Checking copyless v0.1.4
[INFO] [stderr]     Checking base64 v0.11.0
[INFO] [stderr]    Compiling backtrace-sys v0.1.32
[INFO] [stderr]    Compiling ring v0.16.9
[INFO] [stderr]    Compiling brotli-sys v0.3.2
[INFO] [stderr]    Compiling indexmap v1.3.1
[INFO] [stderr]     Checking lru-cache v0.1.2
[INFO] [stderr]     Checking miniz_oxide v0.3.5
[INFO] [stderr]     Checking lock_api v0.3.3
[INFO] [stderr]     Checking http v0.2.0
[INFO] [stderr]     Checking iovec v0.1.4
[INFO] [stderr]     Checking getrandom v0.1.14
[INFO] [stderr]     Checking net2 v0.2.33
[INFO] [stderr]     Checking hostname v0.1.5
[INFO] [stderr]     Checking socket2 v0.3.11
[INFO] [stderr]     Checking time v0.1.42
[INFO] [stderr]     Checking num_cpus v1.12.0
[INFO] [stderr]     Checking base64 v0.10.1
[INFO] [stderr]     Checking fxhash v0.2.1
[INFO] [stderr]     Checking rand_core v0.5.1
[INFO] [stderr]     Checking futures-channel v0.3.1
[INFO] [stderr]     Checking signal-hook-registry v1.2.0
[INFO] [stderr]     Checking mio v0.6.21
[INFO] [stderr]     Checking unicode-normalization v0.1.12
[INFO] [stderr]     Checking parking_lot_core v0.7.0
[INFO] [stderr]     Checking resolv-conf v0.6.2
[INFO] [stderr]     Checking c2-chacha v0.2.3
[INFO] [stderr]     Checking flate2 v1.0.13
[INFO] [stderr]     Checking rand_chacha v0.2.1
[INFO] [stderr]     Checking chrono v0.4.10
[INFO] [stderr]     Checking rand v0.7.3
[INFO] [stderr]     Checking parking_lot v0.10.0
[INFO] [stderr]     Checking tokio v0.2.11
[INFO] [stderr]     Checking mio-uds v0.6.7
[INFO] [stderr]     Checking aho-corasick v0.7.7
[INFO] [stderr]     Checking idna v0.2.0
[INFO] [stderr]    Compiling quote v1.0.2
[INFO] [stderr]     Checking backtrace v0.3.43
[INFO] [stderr]     Checking url v2.1.1
[INFO] [stderr]     Checking regex v1.3.3
[INFO] [stderr]     Checking webpki v0.21.0
[INFO] [stderr]     Checking sct v0.6.0
[INFO] [stderr]     Checking rustls v0.16.0
[INFO] [stderr]     Checking webpki-roots v0.17.0
[INFO] [stderr]     Checking brotli2 v0.3.2
[INFO] [stderr]    Compiling synstructure v0.12.3
[INFO] [stderr]    Compiling proc-macro-hack v0.5.11
[INFO] [stderr]    Compiling serde_derive v1.0.104
[INFO] [stderr]    Compiling failure_derive v0.1.6
[INFO] [stderr]    Compiling enum-as-inner v0.3.0
[INFO] [stderr]    Compiling async-trait v0.1.22
[INFO] [stderr]    Compiling pin-project-internal v0.4.8
[INFO] [stderr]    Compiling kayrx-macro v0.3.0
[INFO] [stderr]    Compiling derive_more v0.99.2
[INFO] [stderr]     Checking failure v0.1.6
[INFO] [stderr]    Compiling futures-macro v0.3.1
[INFO] [stderr]     Checking pin-project v0.4.8
[INFO] [stderr]     Checking futures-util v0.3.1
[INFO] [stderr]     Checking futures-executor v0.3.1
[INFO] [stderr]     Checking futures v0.3.1
[INFO] [stderr]     Checking trust-dns-proto v0.18.0-alpha.2
[INFO] [stderr]     Checking trust-dns-resolver v0.18.0-alpha.2
[INFO] [stderr]     Checking serde_urlencoded v0.6.1
[INFO] [stderr]     Checking serde_json v1.0.45
[INFO] [stderr]     Checking kayrx v0.7.5
[INFO] [stdout] error: unexpected token
[INFO] [stdout]    --> /opt/rustwide/cargo-home/registry/src/github.com-1ecc6299db9ec823/kayrx-0.7.5/src/web/extract.rs:217:20
[INFO] [stdout]     |
[INFO] [stdout] 217 |         futs: ($($T::Future,)+),
[INFO] [stdout]     |                    ^^
[INFO] [stdout] ...
[INFO] [stdout] 255 | tuple_from_req!(TupleFromRequest1, (0, A));
[INFO] [stdout]     | ------------------------------------------- in this macro invocation
[INFO] [stdout]     |
[INFO] [stdout]     = note: this error originates in the macro `tuple_from_req` (in Nightly builds, run with -Z macro-backtrace for more info)
[INFO] [stdout] 
[INFO] [stdout] 
[INFO] [stdout] error: unexpected token
[INFO] [stdout]    --> /opt/rustwide/cargo-home/registry/src/github.com-1ecc6299db9ec823/kayrx-0.7.5/src/web/extract.rs:217:20
[INFO] [stdout]     |
[INFO] [stdout] 217 |         futs: ($($T::Future,)+),
[INFO] [stdout]     |                    ^^
[INFO] [stdout] ...
[INFO] [stdout] 256 | tuple_from_req!(TupleFromRequest2, (0, A), (1, B));
[INFO] [stdout]     | --------------------------------------------------- in this macro invocation
[INFO] [stdout]     |
[INFO] [stdout]     = note: this error originates in the macro `tuple_from_req` (in Nightly builds, run with -Z macro-backtrace for more info)
[INFO] [stdout] 
[INFO] [stdout] 
[INFO] [stdout] error: unexpected token
[INFO] [stdout]    --> /opt/rustwide/cargo-home/registry/src/github.com-1ecc6299db9ec823/kayrx-0.7.5/src/web/extract.rs:217:20
[INFO] [stdout]     |
[INFO] [stdout] 217 |         futs: ($($T::Future,)+),
[INFO] [stdout]     |                    ^^
[INFO] [stdout] ...
[INFO] [stdout] 257 | tuple_from_req!(TupleFromRequest3, (0, A), (1, B), (2, C));
[INFO] [stdout]     | ----------------------------------------------------------- in this macro invocation
[INFO] [stdout]     |
[INFO] [stdout]     = note: this error originates in the macro `tuple_from_req` (in Nightly builds, run with -Z macro-backtrace for more info)
[INFO] [stdout] 
[INFO] [stdout] 
[INFO] [stdout] error: unexpected token
[INFO] [stdout]    --> /opt/rustwide/cargo-home/registry/src/github.com-1ecc6299db9ec823/kayrx-0.7.5/src/web/extract.rs:217:20
[INFO] [stdout]     |
[INFO] [stdout] 217 |         futs: ($($T::Future,)+),
[INFO] [stdout]     |                    ^^
[INFO] [stdout] ...
[INFO] [stdout] 258 | tuple_from_req!(TupleFromRequest4, (0, A), (1, B), (2, C), (3, D));
[INFO] [stdout]     | ------------------------------------------------------------------- in this macro invocation
[INFO] [stdout]     |
[INFO] [stdout]     = note: this error originates in the macro `tuple_from_req` (in Nightly builds, run with -Z macro-backtrace for more info)
[INFO] [stdout] 
[INFO] [stdout] 
[INFO] [stdout] error: unexpected token
[INFO] [stdout]    --> /opt/rustwide/cargo-home/registry/src/github.com-1ecc6299db9ec823/kayrx-0.7.5/src/web/extract.rs:217:20
[INFO] [stdout]     |
[INFO] [stdout] 217 |         futs: ($($T::Future,)+),
[INFO] [stdout]     |                    ^^
[INFO] [stdout] ...
[INFO] [stdout] 259 | tuple_from_req!(TupleFromRequest5, (0, A), (1, B), (2, C), (3, D), (4, E));
[INFO] [stdout]     | --------------------------------------------------------------------------- in this macro invocation
[INFO] [stdout]     |
[INFO] [stdout]     = note: this error originates in the macro `tuple_from_req` (in Nightly builds, run with -Z macro-backtrace for more info)
[INFO] [stdout] 
[INFO] [stdout] 
[INFO] [stdout] error: unexpected token
[INFO] [stdout]    --> /opt/rustwide/cargo-home/registry/src/github.com-1ecc6299db9ec823/kayrx-0.7.5/src/web/extract.rs:217:20
[INFO] [stdout]     |
[INFO] [stdout] 217 |         futs: ($($T::Future,)+),
[INFO] [stdout]     |                    ^^
[INFO] [stdout] ...
[INFO] [stdout] 260 | tuple_from_req!(TupleFromRequest6, (0, A), (1, B), (2, C), (3, D), (4, E), (5, F));
[INFO] [stdout]     | ----------------------------------------------------------------------------------- in this macro invocation
[INFO] [stdout]     |
[INFO] [stdout]     = note: this error originates in the macro `tuple_from_req` (in Nightly builds, run with -Z macro-backtrace for more info)
[INFO] [stdout] 
[INFO] [stdout] 
[INFO] [stdout] error: unexpected token
[INFO] [stdout]    --> /opt/rustwide/cargo-home/registry/src/github.com-1ecc6299db9ec823/kayrx-0.7.5/src/web/extract.rs:217:20
[INFO] [stdout]     |
[INFO] [stdout] 217 |         futs: ($($T::Future,)+),
[INFO] [stdout]     |                    ^^
[INFO] [stdout] ...
[INFO] [stdout] 261 | tuple_from_req!(TupleFromRequest7, (0, A), (1, B), (2, C), (3, D), (4, E), (5, F), (6, G));
[INFO] [stdout]     | ------------------------------------------------------------------------------------------- in this macro invocation
[INFO] [stdout]     |
[INFO] [stdout]     = note: this error originates in the macro `tuple_from_req` (in Nightly builds, run with -Z macro-backtrace for more info)
[INFO] [stdout] 
[INFO] [stdout] 
[INFO] [stdout] error: unexpected token
[INFO] [stdout]    --> /opt/rustwide/cargo-home/registry/src/github.com-1ecc6299db9ec823/kayrx-0.7.5/src/web/extract.rs:217:20
[INFO] [stdout]     |
[INFO] [stdout] 217 |         futs: ($($T::Future,)+),
[INFO] [stdout]     |                    ^^
[INFO] [stdout] ...
[INFO] [stdout] 262 | tuple_from_req!(TupleFromRequest8, (0, A), (1, B), (2, C), (3, D), (4, E), (5, F), (6, G), (7, H));
[INFO] [stdout]     | --------------------------------------------------------------------------------------------------- in this macro invocation
[INFO] [stdout]     |
[INFO] [stdout]     = note: this error originates in the macro `tuple_from_req` (in Nightly builds, run with -Z macro-backtrace for more info)
[INFO] [stdout] 
[INFO] [stdout] 
[INFO] [stdout] error: unexpected token
[INFO] [stdout]    --> /opt/rustwide/cargo-home/registry/src/github.com-1ecc6299db9ec823/kayrx-0.7.5/src/web/extract.rs:217:20
[INFO] [stdout]     |
[INFO] [stdout] 217 |         futs: ($($T::Future,)+),
[INFO] [stdout]     |                    ^^
[INFO] [stdout] ...
[INFO] [stdout] 263 | tuple_from_req!(TupleFromRequest9, (0, A), (1, B), (2, C), (3, D), (4, E), (5, F), (6, G), (7, H), (8, I));
[INFO] [stdout]     | ----------------------------------------------------------------------------------------------------------- in this macro invocation
[INFO] [stdout]     |
[INFO] [stdout]     = note: this error originates in the macro `tuple_from_req` (in Nightly builds, run with -Z macro-backtrace for more info)
[INFO] [stdout] 
[INFO] [stdout] 
[INFO] [stdout] error: unexpected token
[INFO] [stdout]    --> /opt/rustwide/cargo-home/registry/src/github.com-1ecc6299db9ec823/kayrx-0.7.5/src/web/extract.rs:217:20
[INFO] [stdout]     |
[INFO] [stdout] 217 |         futs: ($($T::Future,)+),
[INFO] [stdout]     |                    ^^
[INFO] [stdout] ...
[INFO] [stdout] 264 | tuple_from_req!(TupleFromRequest10, (0, A), (1, B), (2, C), (3, D), (4, E), (5, F), (6, G), (7, H), (8, I), (9, J));
[INFO] [stdout]     | -------------------------------------------------------------------------------------------------------------------- in this macro invocation
[INFO] [stdout]     |
[INFO] [stdout]     = note: this error originates in the macro `tuple_from_req` (in Nightly builds, run with -Z macro-backtrace for more info)
[INFO] [stdout] 
[INFO] [stdout] 
[INFO] [stdout] error[E0599]: no method named `project` found for struct `std::pin::Pin<&mut TupleFromRequest1<A>>` in the current scope
[INFO] [stdout]    --> /opt/rustwide/cargo-home/registry/src/github.com-1ecc6299db9ec823/kayrx-0.7.5/src/web/extract.rs:225:29
[INFO] [stdout]     |
[INFO] [stdout] 225 |             let this = self.project();
[INFO] [stdout]     |                             ^^^^^^^ method not found in `std::pin::Pin<&mut TupleFromRequest1<A>>`
[INFO] [stdout] ...
[INFO] [stdout] 255 | tuple_from_req!(TupleFromRequest1, (0, A));
[INFO] [stdout]     | ------------------------------------------- in this macro invocation
[INFO] [stdout]     | 
[INFO] [stdout]    ::: /opt/rustwide/cargo-home/registry/src/github.com-1ecc6299db9ec823/kayrx-0.7.5/src/codec/framed.rs:42:22
[INFO] [stdout]     |
[INFO] [stdout] 42  |     fn project(self: Pin<&mut Self>) -> Fuse<Pin<&mut Self::Io>, &mut Self::Codec>;
[INFO] [stdout]     |                      -------------- the method might not be found because of this arbitrary self type
[INFO] [stdout]     |
[INFO] [stdout]     = note: this error originates in the macro `tuple_from_req` (in Nightly builds, run with -Z macro-backtrace for more info)
[INFO] [stdout] 
[INFO] [stdout] 
[INFO] [stdout] error[E0599]: no method named `project` found for struct `std::pin::Pin<&mut TupleFromRequest2<A, B>>` in the current scope
[INFO] [stdout]    --> /opt/rustwide/cargo-home/registry/src/github.com-1ecc6299db9ec823/kayrx-0.7.5/src/web/extract.rs:225:29
[INFO] [stdout]     |
[INFO] [stdout] 225 |             let this = self.project();
[INFO] [stdout]     |                             ^^^^^^^ method not found in `std::pin::Pin<&mut TupleFromRequest2<A, B>>`
[INFO] [stdout] ...
[INFO] [stdout] 256 | tuple_from_req!(TupleFromRequest2, (0, A), (1, B));
[INFO] [stdout]     | --------------------------------------------------- in this macro invocation
[INFO] [stdout]     | 
[INFO] [stdout]    ::: /opt/rustwide/cargo-home/registry/src/github.com-1ecc6299db9ec823/kayrx-0.7.5/src/codec/framed.rs:42:22
[INFO] [stdout]     |
[INFO] [stdout] 42  |     fn project(self: Pin<&mut Self>) -> Fuse<Pin<&mut Self::Io>, &mut Self::Codec>;
[INFO] [stdout]     |                      -------------- the method might not be found because of this arbitrary self type
[INFO] [stdout]     |
[INFO] [stdout]     = note: this error originates in the macro `tuple_from_req` (in Nightly builds, run with -Z macro-backtrace for more info)
[INFO] [stdout] 
[INFO] [stdout] 
[INFO] [stdout] error[E0599]: no method named `project` found for struct `std::pin::Pin<&mut TupleFromRequest3<A, B, C>>` in the current scope
[INFO] [stdout]    --> /opt/rustwide/cargo-home/registry/src/github.com-1ecc6299db9ec823/kayrx-0.7.5/src/web/extract.rs:225:29
[INFO] [stdout]     |
[INFO] [stdout] 225 |             let this = self.project();
[INFO] [stdout]     |                             ^^^^^^^ method not found in `std::pin::Pin<&mut TupleFromRequest3<A, B, C>>`
[INFO] [stdout] ...
[INFO] [stdout] 257 | tuple_from_req!(TupleFromRequest3, (0, A), (1, B), (2, C));
[INFO] [stdout]     | ----------------------------------------------------------- in this macro invocation
[INFO] [stdout]     | 
[INFO] [stdout]    ::: /opt/rustwide/cargo-home/registry/src/github.com-1ecc6299db9ec823/kayrx-0.7.5/src/codec/framed.rs:42:22
[INFO] [stdout]     |
[INFO] [stdout] 42  |     fn project(self: Pin<&mut Self>) -> Fuse<Pin<&mut Self::Io>, &mut Self::Codec>;
[INFO] [stdout]     |                      -------------- the method might not be found because of this arbitrary self type
[INFO] [stdout]     |
[INFO] [stdout]     = note: this error originates in the macro `tuple_from_req` (in Nightly builds, run with -Z macro-backtrace for more info)
[INFO] [stdout] 
[INFO] [stdout] 
[INFO] [stdout] error[E0599]: no method named `project` found for struct `std::pin::Pin<&mut TupleFromRequest4<A, B, C, D>>` in the current scope
[INFO] [stdout]    --> /opt/rustwide/cargo-home/registry/src/github.com-1ecc6299db9ec823/kayrx-0.7.5/src/web/extract.rs:225:29
[INFO] [stdout]     |
[INFO] [stdout] 225 |             let this = self.project();
[INFO] [stdout]     |                             ^^^^^^^ method not found in `std::pin::Pin<&mut TupleFromRequest4<A, B, C, D>>`
[INFO] [stdout] ...
[INFO] [stdout] 258 | tuple_from_req!(TupleFromRequest4, (0, A), (1, B), (2, C), (3, D));
[INFO] [stdout]     | ------------------------------------------------------------------- in this macro invocation
[INFO] [stdout]     | 
[INFO] [stdout]    ::: /opt/rustwide/cargo-home/registry/src/github.com-1ecc6299db9ec823/kayrx-0.7.5/src/codec/framed.rs:42:22
[INFO] [stdout]     |
[INFO] [stdout] 42  |     fn project(self: Pin<&mut Self>) -> Fuse<Pin<&mut Self::Io>, &mut Self::Codec>;
[INFO] [stdout]     |                      -------------- the method might not be found because of this arbitrary self type
[INFO] [stdout]     |
[INFO] [stdout]     = note: this error originates in the macro `tuple_from_req` (in Nightly builds, run with -Z macro-backtrace for more info)
[INFO] [stdout] 
[INFO] [stdout] 
[INFO] [stdout] error[E0599]: no method named `project` found for struct `std::pin::Pin<&mut TupleFromRequest5<A, B, C, D, E>>` in the current scope
[INFO] [stdout]    --> /opt/rustwide/cargo-home/registry/src/github.com-1ecc6299db9ec823/kayrx-0.7.5/src/web/extract.rs:225:29
[INFO] [stdout]     |
[INFO] [stdout] 225 |             let this = self.project();
[INFO] [stdout]     |                             ^^^^^^^ method not found in `std::pin::Pin<&mut TupleFromRequest5<A, B, C, D, E>>`
[INFO] [stdout] ...
[INFO] [stdout] 259 | tuple_from_req!(TupleFromRequest5, (0, A), (1, B), (2, C), (3, D), (4, E));
[INFO] [stdout]     | --------------------------------------------------------------------------- in this macro invocation
[INFO] [stdout]     | 
[INFO] [stdout]    ::: /opt/rustwide/cargo-home/registry/src/github.com-1ecc6299db9ec823/kayrx-0.7.5/src/codec/framed.rs:42:22
[INFO] [stdout]     |
[INFO] [stdout] 42  |     fn project(self: Pin<&mut Self>) -> Fuse<Pin<&mut Self::Io>, &mut Self::Codec>;
[INFO] [stdout]     |                      -------------- the method might not be found because of this arbitrary self type
[INFO] [stdout]     |
[INFO] [stdout]     = note: this error originates in the macro `tuple_from_req` (in Nightly builds, run with -Z macro-backtrace for more info)
[INFO] [stdout] 
[INFO] [stdout] 
[INFO] [stdout] error[E0599]: no method named `project` found for struct `std::pin::Pin<&mut TupleFromRequest6<A, B, C, D, E, F>>` in the current scope
[INFO] [stdout]    --> /opt/rustwide/cargo-home/registry/src/github.com-1ecc6299db9ec823/kayrx-0.7.5/src/web/extract.rs:225:29
[INFO] [stdout]     |
[INFO] [stdout] 225 |             let this = self.project();
[INFO] [stdout]     |                             ^^^^^^^ method not found in `std::pin::Pin<&mut TupleFromRequest6<A, B, C, D, E, F>>`
[INFO] [stdout] ...
[INFO] [stdout] 260 | tuple_from_req!(TupleFromRequest6, (0, A), (1, B), (2, C), (3, D), (4, E), (5, F));
[INFO] [stdout]     | ----------------------------------------------------------------------------------- in this macro invocation
[INFO] [stdout]     | 
[INFO] [stdout]    ::: /opt/rustwide/cargo-home/registry/src/github.com-1ecc6299db9ec823/kayrx-0.7.5/src/codec/framed.rs:42:22
[INFO] [stdout]     |
[INFO] [stdout] 42  |     fn project(self: Pin<&mut Self>) -> Fuse<Pin<&mut Self::Io>, &mut Self::Codec>;
[INFO] [stdout]     |                      -------------- the method might not be found because of this arbitrary self type
[INFO] [stdout]     |
[INFO] [stdout]     = note: this error originates in the macro `tuple_from_req` (in Nightly builds, run with -Z macro-backtrace for more info)
[INFO] [stdout] 
[INFO] [stdout] 
[INFO] [stdout] error[E0599]: no method named `project` found for struct `std::pin::Pin<&mut TupleFromRequest7<A, B, C, D, E, F, G>>` in the current scope
[INFO] [stdout]    --> /opt/rustwide/cargo-home/registry/src/github.com-1ecc6299db9ec823/kayrx-0.7.5/src/web/extract.rs:225:29
[INFO] [stdout]     |
[INFO] [stdout] 225 |             let this = self.project();
[INFO] [stdout]     |                             ^^^^^^^ method not found in `std::pin::Pin<&mut TupleFromRequest7<A, B, C, D, E, F, G>>`
[INFO] [stdout] ...
[INFO] [stdout] 261 | tuple_from_req!(TupleFromRequest7, (0, A), (1, B), (2, C), (3, D), (4, E), (5, F), (6, G));
[INFO] [stdout]     | ------------------------------------------------------------------------------------------- in this macro invocation
[INFO] [stdout]     | 
[INFO] [stdout]    ::: /opt/rustwide/cargo-home/registry/src/github.com-1ecc6299db9ec823/kayrx-0.7.5/src/codec/framed.rs:42:22
[INFO] [stdout]     |
[INFO] [stdout] 42  |     fn project(self: Pin<&mut Self>) -> Fuse<Pin<&mut Self::Io>, &mut Self::Codec>;
[INFO] [stdout]     |                      -------------- the method might not be found because of this arbitrary self type
[INFO] [stdout]     |
[INFO] [stdout]     = note: this error originates in the macro `tuple_from_req` (in Nightly builds, run with -Z macro-backtrace for more info)
[INFO] [stdout] 
[INFO] [stdout] 
[INFO] [stdout] error[E0599]: no method named `project` found for struct `std::pin::Pin<&mut TupleFromRequest8<A, B, C, D, E, F, G, H>>` in the current scope
[INFO] [stdout]    --> /opt/rustwide/cargo-home/registry/src/github.com-1ecc6299db9ec823/kayrx-0.7.5/src/web/extract.rs:225:29
[INFO] [stdout]     |
[INFO] [stdout] 225 |             let this = self.project();
[INFO] [stdout]     |                             ^^^^^^^ method not found in `std::pin::Pin<&mut TupleFromRequest8<A, B, C, D, E, F, G, H>>`
[INFO] [stdout] ...
[INFO] [stdout] 262 | tuple_from_req!(TupleFromRequest8, (0, A), (1, B), (2, C), (3, D), (4, E), (5, F), (6, G), (7, H));
[INFO] [stdout]     | --------------------------------------------------------------------------------------------------- in this macro invocation
[INFO] [stdout]     | 
[INFO] [stdout]    ::: /opt/rustwide/cargo-home/registry/src/github.com-1ecc6299db9ec823/kayrx-0.7.5/src/codec/framed.rs:42:22
[INFO] [stdout]     |
[INFO] [stdout] 42  |     fn project(self: Pin<&mut Self>) -> Fuse<Pin<&mut Self::Io>, &mut Self::Codec>;
[INFO] [stdout]     |                      -------------- the method might not be found because of this arbitrary self type
[INFO] [stdout]     |
[INFO] [stdout]     = note: this error originates in the macro `tuple_from_req` (in Nightly builds, run with -Z macro-backtrace for more info)
[INFO] [stdout] 
[INFO] [stdout] 
[INFO] [stdout] error[E0599]: no method named `project` found for struct `std::pin::Pin<&mut TupleFromRequest9<A, B, C, D, E, F, G, H, I>>` in the current scope
[INFO] [stdout]    --> /opt/rustwide/cargo-home/registry/src/github.com-1ecc6299db9ec823/kayrx-0.7.5/src/web/extract.rs:225:29
[INFO] [stdout]     |
[INFO] [stdout] 225 |             let this = self.project();
[INFO] [stdout]     |                             ^^^^^^^ method not found in `std::pin::Pin<&mut TupleFromRequest9<A, B, C, D, E, F, G, H, I>>`
[INFO] [stdout] ...
[INFO] [stdout] 263 | tuple_from_req!(TupleFromRequest9, (0, A), (1, B), (2, C), (3, D), (4, E), (5, F), (6, G), (7, H), (8, I));
[INFO] [stdout]     | ----------------------------------------------------------------------------------------------------------- in this macro invocation
[INFO] [stdout]     | 
[INFO] [stdout]    ::: /opt/rustwide/cargo-home/registry/src/github.com-1ecc6299db9ec823/kayrx-0.7.5/src/codec/framed.rs:42:22
[INFO] [stdout]     |
[INFO] [stdout] 42  |     fn project(self: Pin<&mut Self>) -> Fuse<Pin<&mut Self::Io>, &mut Self::Codec>;
[INFO] [stdout]     |                      -------------- the method might not be found because of this arbitrary self type
[INFO] [stdout]     |
[INFO] [stdout]     = note: this error originates in the macro `tuple_from_req` (in Nightly builds, run with -Z macro-backtrace for more info)
[INFO] [stdout] 
[INFO] [stdout] 
[INFO] [stdout] error[E0599]: no method named `project` found for struct `std::pin::Pin<&mut TupleFromRequest10<A, B, C, D, E, F, G, H, I, J>>` in the current scope
[INFO] [stdout]    --> /opt/rustwide/cargo-home/registry/src/github.com-1ecc6299db9ec823/kayrx-0.7.5/src/web/extract.rs:225:29
[INFO] [stdout]     |
[INFO] [stdout] 225 |             let this = self.project();
[INFO] [stdout]     |                             ^^^^^^^ method not found in `std::pin::Pin<&mut TupleFromRequest10<A, B, C, D, E, F, G, H, I, J>>`
[INFO] [stdout] ...
[INFO] [stdout] 264 | tuple_from_req!(TupleFromRequest10, (0, A), (1, B), (2, C), (3, D), (4, E), (5, F), (6, G), (7, H), (8, I), (9, J));
[INFO] [stdout]     | -------------------------------------------------------------------------------------------------------------------- in this macro invocation
[INFO] [stdout]     | 
[INFO] [stdout]    ::: /opt/rustwide/cargo-home/registry/src/github.com-1ecc6299db9ec823/kayrx-0.7.5/src/codec/framed.rs:42:22
[INFO] [stdout]     |
[INFO] [stdout] 42  |     fn project(self: Pin<&mut Self>) -> Fuse<Pin<&mut Self::Io>, &mut Self::Codec>;
[INFO] [stdout]     |                      -------------- the method might not be found because of this arbitrary self type
[INFO] [stdout]     |
[INFO] [stdout]     = note: this error originates in the macro `tuple_from_req` (in Nightly builds, run with -Z macro-backtrace for more info)
[INFO] [stdout] 
[INFO] [stdout] 
[INFO] [stdout] error: aborting due to 20 previous errors
[INFO] [stdout] 
[INFO] [stdout] 
[INFO] [stdout] For more information about this error, try `rustc --explain E0599`.
[INFO] [stdout] 
[INFO] [stderr] error: could not compile `kayrx`
[INFO] [stderr] 
[INFO] [stderr] To learn more, run the command again with --verbose.
[INFO] running `Command { std: "docker" "inspect" "faa6b94c518e8106cb85fb7b07c397f4390043b26e807a22a97c7e83dc6b5a95", kill_on_drop: false }`
[INFO] running `Command { std: "docker" "rm" "-f" "faa6b94c518e8106cb85fb7b07c397f4390043b26e807a22a97c7e83dc6b5a95", kill_on_drop: false }`
[INFO] [stdout] faa6b94c518e8106cb85fb7b07c397f4390043b26e807a22a97c7e83dc6b5a95
