[INFO] fetching crate hotdrink-wasm 0.1.3...
[INFO] documenting hotdrink-wasm-0.1.3 against beta-2021-08-01 for beta-1.55-rustdoc-1
[INFO] extracting crate hotdrink-wasm 0.1.3 into /workspace/builds/worker-63/source
[INFO] validating manifest of crates.io crate hotdrink-wasm 0.1.3 on toolchain beta-2021-08-01
[INFO] running `Command { std: "/workspace/cargo-home/bin/cargo" "+beta-2021-08-01" "metadata" "--manifest-path" "Cargo.toml" "--no-deps", kill_on_drop: false }`
[INFO] started tweaking crates.io crate hotdrink-wasm 0.1.3
[INFO] finished tweaking crates.io crate hotdrink-wasm 0.1.3
[INFO] tweaked toml for crates.io crate hotdrink-wasm 0.1.3 written to /workspace/builds/worker-63/source/Cargo.toml
[INFO] running `Command { std: "/workspace/cargo-home/bin/cargo" "+beta-2021-08-01" "generate-lockfile" "--manifest-path" "Cargo.toml" "-Zno-index-update", kill_on_drop: false }`
[INFO] [stderr]     Blocking waiting for file lock on package cache
[INFO] running `Command { std: "/workspace/cargo-home/bin/cargo" "+beta-2021-08-01" "fetch" "--manifest-path" "Cargo.toml", kill_on_drop: false }`
[INFO] [stderr]     Blocking waiting for file lock on package cache
[INFO] [stderr]     Blocking waiting for file lock on package cache
[INFO] [stderr]  Downloading crates ...
[INFO] [stderr]   Downloaded wasm-bindgen-test v0.3.25
[INFO] [stderr]   Downloaded wasm-bindgen-test-macro v0.3.25
[INFO] [stderr]   Downloaded hotdrink-rs v0.1.3
[INFO] running `Command { std: "docker" "create" "-v" "/var/lib/crater-agent-workspace/builds/worker-63/target:/opt/rustwide/target:rw,Z" "-v" "/var/lib/crater-agent-workspace/builds/worker-63/source:/opt/rustwide/workdir:ro,Z" "-v" "/var/lib/crater-agent-workspace/cargo-home:/opt/rustwide/cargo-home:ro,Z" "-v" "/var/lib/crater-agent-workspace/rustup-home:/opt/rustwide/rustup-home:ro,Z" "-e" "SOURCE_DIR=/opt/rustwide/workdir" "-e" "CARGO_TARGET_DIR=/opt/rustwide/target" "-e" "CARGO_HOME=/opt/rustwide/cargo-home" "-e" "RUSTUP_HOME=/opt/rustwide/rustup-home" "-w" "/opt/rustwide/workdir" "-m" "1610612736" "--user" "0:0" "--network" "none" "ghcr.io/rust-lang/crates-build-env/linux@sha256:34b6a614d2c27851fe6cbf88fbd1137609cefab8b10d0615aaeb6fd47975d74e" "/opt/rustwide/cargo-home/bin/cargo" "+beta-2021-08-01" "metadata" "--no-deps" "--format-version=1", kill_on_drop: false }`
[INFO] [stdout] 96aee0ce9bf4e93f027506302a50037b52c0a28138c3f96761c0a2e29d8d3c95
[INFO] running `Command { std: "docker" "start" "-a" "96aee0ce9bf4e93f027506302a50037b52c0a28138c3f96761c0a2e29d8d3c95", kill_on_drop: false }`
[INFO] running `Command { std: "docker" "inspect" "96aee0ce9bf4e93f027506302a50037b52c0a28138c3f96761c0a2e29d8d3c95", kill_on_drop: false }`
[INFO] running `Command { std: "docker" "rm" "-f" "96aee0ce9bf4e93f027506302a50037b52c0a28138c3f96761c0a2e29d8d3c95", kill_on_drop: false }`
[INFO] [stdout] 96aee0ce9bf4e93f027506302a50037b52c0a28138c3f96761c0a2e29d8d3c95
[INFO] running `Command { std: "docker" "create" "-v" "/var/lib/crater-agent-workspace/builds/worker-63/target:/opt/rustwide/target:rw,Z" "-v" "/var/lib/crater-agent-workspace/builds/worker-63/source:/opt/rustwide/workdir:ro,Z" "-v" "/var/lib/crater-agent-workspace/cargo-home:/opt/rustwide/cargo-home:ro,Z" "-v" "/var/lib/crater-agent-workspace/rustup-home:/opt/rustwide/rustup-home:ro,Z" "-e" "SOURCE_DIR=/opt/rustwide/workdir" "-e" "CARGO_TARGET_DIR=/opt/rustwide/target" "-e" "CARGO_INCREMENTAL=0" "-e" "RUST_BACKTRACE=full" "-e" "RUSTDOCFLAGS=--cap-lints=warn" "-e" "CARGO_HOME=/opt/rustwide/cargo-home" "-e" "RUSTUP_HOME=/opt/rustwide/rustup-home" "-w" "/opt/rustwide/workdir" "-m" "1610612736" "--user" "0:0" "--network" "none" "ghcr.io/rust-lang/crates-build-env/linux@sha256:34b6a614d2c27851fe6cbf88fbd1137609cefab8b10d0615aaeb6fd47975d74e" "/opt/rustwide/cargo-home/bin/cargo" "+beta-2021-08-01" "doc" "--frozen" "--no-deps" "--document-private-items" "--message-format=json", kill_on_drop: false }`
[INFO] [stdout] 16b3b16f91301fa8896ef5a7cd91b0dd277ff7308929b0169901899bc7b89830
[INFO] running `Command { std: "docker" "start" "-a" "16b3b16f91301fa8896ef5a7cd91b0dd277ff7308929b0169901899bc7b89830", kill_on_drop: false }`
[INFO] [stderr]    Compiling proc-macro2 v1.0.28
[INFO] [stderr]    Compiling syn v1.0.74
[INFO] [stderr]    Compiling wasm-bindgen-shared v0.2.75
[INFO] [stderr]    Compiling cfg-if v1.0.0
[INFO] [stderr]    Compiling bumpalo v3.7.0
[INFO] [stderr]    Compiling futures-core v0.3.16
[INFO] [stderr]    Compiling wasm-bindgen v0.2.75
[INFO] [stderr]    Compiling futures-task v0.3.16
[INFO] [stderr]    Compiling futures-channel v0.3.16
[INFO] [stderr]     Checking futures-sink v0.3.16
[INFO] [stderr]     Checking pin-project-lite v0.2.7
[INFO] [stderr]    Compiling libc v0.2.98
[INFO] [stderr]     Checking futures-io v0.3.16
[INFO] [stderr]    Compiling futures-macro v0.3.16
[INFO] [stderr]    Compiling futures-util v0.3.16
[INFO] [stderr]     Checking itertools v0.10.1
[INFO] [stderr]    Compiling log v0.4.14
[INFO] [stderr]     Checking getrandom v0.2.3
[INFO] [stderr]    Compiling quote v1.0.9
[INFO] [stderr]    Compiling wasm-bindgen-backend v0.2.75
[INFO] [stderr]    Compiling wasm-bindgen-macro-support v0.2.75
[INFO] [stderr]    Compiling derivative v2.2.0
[INFO] [stderr]    Compiling wasm-bindgen-macro v0.2.75
[INFO] [stderr]     Checking js-sys v0.3.52
[INFO] [stderr]     Checking console_error_panic_hook v0.1.6
[INFO] [stderr]     Checking futures-executor v0.3.16
[INFO] [stderr]     Checking futures v0.3.16
[INFO] [stderr]     Checking wasm-bindgen-futures v0.4.25
[INFO] [stderr]     Checking web-sys v0.3.52
[INFO] [stderr]     Checking hotdrink-rs v0.1.3
[INFO] [stdout] error[E0554]: `#![feature]` may not be used on the beta release channel
[INFO] [stdout]    --> /opt/rustwide/cargo-home/registry/src/github.com-1ecc6299db9ec823/hotdrink-rs-0.1.3/src/lib.rs:105:1
[INFO] [stdout]     |
[INFO] [stdout] 105 | #![feature(test)]
[INFO] [stdout]     | ^^^^^^^^^^^^^^^^^
[INFO] [stdout] 
[INFO] [stdout] 
[INFO] [stdout] error[E0554]: `#![feature]` may not be used on the beta release channel
[INFO] [stdout]    --> /opt/rustwide/cargo-home/registry/src/github.com-1ecc6299db9ec823/hotdrink-rs-0.1.3/src/lib.rs:106:1
[INFO] [stdout]     |
[INFO] [stdout] 106 | #![feature(result_flattening)]
[INFO] [stdout]     | ^^^^^^^^^^^^^^^^^^^^^^^^^^^^^^
[INFO] [stdout] 
[INFO] [stdout] 
[INFO] [stdout] error[E0554]: `#![feature]` may not be used on the beta release channel
[INFO] [stdout]    --> /opt/rustwide/cargo-home/registry/src/github.com-1ecc6299db9ec823/hotdrink-rs-0.1.3/src/lib.rs:107:1
[INFO] [stdout]     |
[INFO] [stdout] 107 | #![feature(stmt_expr_attributes)]
[INFO] [stdout]     | ^^^^^^^^^^^^^^^^^^^^^^^^^^^^^^^^^
[INFO] [stdout] 
[INFO] [stdout] 
[INFO] [stdout] error[E0554]: `#![feature]` may not be used on the beta release channel
[INFO] [stdout]    --> /opt/rustwide/cargo-home/registry/src/github.com-1ecc6299db9ec823/hotdrink-rs-0.1.3/src/lib.rs:108:1
[INFO] [stdout]     |
[INFO] [stdout] 108 | #![feature(drain_filter)]
[INFO] [stdout]     | ^^^^^^^^^^^^^^^^^^^^^^^^^
[INFO] [stdout] 
[INFO] [stdout] 
[INFO] [stdout] error[E0554]: `#![feature]` may not be used on the beta release channel
[INFO] [stdout]    --> /opt/rustwide/cargo-home/registry/src/github.com-1ecc6299db9ec823/hotdrink-rs-0.1.3/src/lib.rs:109:1
[INFO] [stdout]     |
[INFO] [stdout] 109 | #![feature(concat_idents)]
[INFO] [stdout]     | ^^^^^^^^^^^^^^^^^^^^^^^^^^
[INFO] [stdout] 
[INFO] [stdout] 
[INFO] [stdout] error[E0554]: `#![feature]` may not be used on the beta release channel
[INFO] [stdout]    --> /opt/rustwide/cargo-home/registry/src/github.com-1ecc6299db9ec823/hotdrink-rs-0.1.3/src/lib.rs:110:1
[INFO] [stdout]     |
[INFO] [stdout] 110 | #![feature(vec_into_raw_parts)]
[INFO] [stdout]     | ^^^^^^^^^^^^^^^^^^^^^^^^^^^^^^^
[INFO] [stdout] 
[INFO] [stdout] 
[INFO] [stdout] error: aborting due to 6 previous errors
[INFO] [stdout] 
[INFO] [stdout] 
[INFO] [stdout] For more information about this error, try `rustc --explain E0554`.
[INFO] [stdout] 
[INFO] [stderr] error: could not compile `hotdrink-rs` due to 7 previous errors
[INFO] [stderr] warning: build failed, waiting for other jobs to finish...
[INFO] [stderr] error: build failed
[INFO] running `Command { std: "docker" "inspect" "16b3b16f91301fa8896ef5a7cd91b0dd277ff7308929b0169901899bc7b89830", kill_on_drop: false }`
[INFO] running `Command { std: "docker" "rm" "-f" "16b3b16f91301fa8896ef5a7cd91b0dd277ff7308929b0169901899bc7b89830", kill_on_drop: false }`
[INFO] [stdout] 16b3b16f91301fa8896ef5a7cd91b0dd277ff7308929b0169901899bc7b89830
