[INFO] fetching crate hgl 0.0.1...
[INFO] documenting hgl-0.0.1 against beta-2021-08-01 for beta-1.55-rustdoc-1
[INFO] extracting crate hgl 0.0.1 into /workspace/builds/worker-9/source
[INFO] validating manifest of crates.io crate hgl 0.0.1 on toolchain beta-2021-08-01
[INFO] running `Command { std: "/workspace/cargo-home/bin/cargo" "+beta-2021-08-01" "metadata" "--manifest-path" "Cargo.toml" "--no-deps", kill_on_drop: false }`
[INFO] started tweaking crates.io crate hgl 0.0.1
[INFO] finished tweaking crates.io crate hgl 0.0.1
[INFO] tweaked toml for crates.io crate hgl 0.0.1 written to /workspace/builds/worker-9/source/Cargo.toml
[INFO] crate crates.io crate hgl 0.0.1 already has a lockfile, it will not be regenerated
[INFO] running `Command { std: "/workspace/cargo-home/bin/cargo" "+beta-2021-08-01" "fetch" "--manifest-path" "Cargo.toml", kill_on_drop: false }`
[INFO] [stderr]  Downloading crates ...
[INFO] [stderr]   Downloaded semver v0.2.3
[INFO] [stderr]   Downloaded gl v0.13.0
[INFO] [stderr]   Downloaded log v0.4.7
[INFO] [stderr]   Downloaded glfw v0.29.0
[INFO] [stderr]   Downloaded cmake v0.1.40
[INFO] [stderr]   Downloaded gl_generator v0.13.0
[INFO] [stderr]   Downloaded glfw-sys v3.3.0
[INFO] running `Command { std: "docker" "create" "-v" "/var/lib/crater-agent-workspace/builds/worker-9/target:/opt/rustwide/target:rw,Z" "-v" "/var/lib/crater-agent-workspace/builds/worker-9/source:/opt/rustwide/workdir:ro,Z" "-v" "/var/lib/crater-agent-workspace/cargo-home:/opt/rustwide/cargo-home:ro,Z" "-v" "/var/lib/crater-agent-workspace/rustup-home:/opt/rustwide/rustup-home:ro,Z" "-e" "SOURCE_DIR=/opt/rustwide/workdir" "-e" "CARGO_TARGET_DIR=/opt/rustwide/target" "-e" "CARGO_HOME=/opt/rustwide/cargo-home" "-e" "RUSTUP_HOME=/opt/rustwide/rustup-home" "-w" "/opt/rustwide/workdir" "-m" "1610612736" "--user" "0:0" "--network" "none" "ghcr.io/rust-lang/crates-build-env/linux@sha256:34b6a614d2c27851fe6cbf88fbd1137609cefab8b10d0615aaeb6fd47975d74e" "/opt/rustwide/cargo-home/bin/cargo" "+beta-2021-08-01" "metadata" "--no-deps" "--format-version=1", kill_on_drop: false }`
[INFO] [stdout] cc5575c91bfc105f0642e11b4efcb329b072aab197ceae8feb7d0ee8bb88d47b
[INFO] running `Command { std: "docker" "start" "-a" "cc5575c91bfc105f0642e11b4efcb329b072aab197ceae8feb7d0ee8bb88d47b", kill_on_drop: false }`
[INFO] running `Command { std: "docker" "inspect" "cc5575c91bfc105f0642e11b4efcb329b072aab197ceae8feb7d0ee8bb88d47b", kill_on_drop: false }`
[INFO] running `Command { std: "docker" "rm" "-f" "cc5575c91bfc105f0642e11b4efcb329b072aab197ceae8feb7d0ee8bb88d47b", kill_on_drop: false }`
[INFO] [stdout] cc5575c91bfc105f0642e11b4efcb329b072aab197ceae8feb7d0ee8bb88d47b
[INFO] running `Command { std: "docker" "create" "-v" "/var/lib/crater-agent-workspace/builds/worker-9/target:/opt/rustwide/target:rw,Z" "-v" "/var/lib/crater-agent-workspace/builds/worker-9/source:/opt/rustwide/workdir:ro,Z" "-v" "/var/lib/crater-agent-workspace/cargo-home:/opt/rustwide/cargo-home:ro,Z" "-v" "/var/lib/crater-agent-workspace/rustup-home:/opt/rustwide/rustup-home:ro,Z" "-e" "SOURCE_DIR=/opt/rustwide/workdir" "-e" "CARGO_TARGET_DIR=/opt/rustwide/target" "-e" "CARGO_INCREMENTAL=0" "-e" "RUST_BACKTRACE=full" "-e" "RUSTDOCFLAGS=--cap-lints=warn" "-e" "CARGO_HOME=/opt/rustwide/cargo-home" "-e" "RUSTUP_HOME=/opt/rustwide/rustup-home" "-w" "/opt/rustwide/workdir" "-m" "1610612736" "--user" "0:0" "--network" "none" "ghcr.io/rust-lang/crates-build-env/linux@sha256:34b6a614d2c27851fe6cbf88fbd1137609cefab8b10d0615aaeb6fd47975d74e" "/opt/rustwide/cargo-home/bin/cargo" "+beta-2021-08-01" "doc" "--frozen" "--no-deps" "--document-private-items" "--message-format=json", kill_on_drop: false }`
[INFO] [stdout] 5632865c7cd9f631ac401e2ce0a8d6dd4cd67abd7383909643f1d8b0cda7ffbd
[INFO] running `Command { std: "docker" "start" "-a" "5632865c7cd9f631ac401e2ce0a8d6dd4cd67abd7383909643f1d8b0cda7ffbd", kill_on_drop: false }`
[INFO] [stderr]     Blocking waiting for file lock on package cache
[INFO] [stderr]    Compiling log v0.4.7
[INFO] [stderr]    Compiling khronos_api v3.1.0
[INFO] [stderr]    Compiling cc v1.0.37
[INFO] [stderr]    Compiling cfg-if v0.1.9
[INFO] [stderr]    Compiling xml-rs v0.8.0
[INFO] [stderr]    Compiling libc v0.2.60
[INFO] [stderr]    Compiling bitflags v1.1.0
[INFO] [stderr]     Checking nom v1.2.4
[INFO] [stderr]     Checking semver v0.2.3
[INFO] [stderr]    Compiling cmake v0.1.40
[INFO] [stderr]    Compiling gl_generator v0.13.0
[INFO] [stderr]    Compiling glfw-sys v3.3.0
[INFO] [stderr]    Compiling gl v0.13.0
[INFO] [stderr]     Checking glfw v0.29.0
[INFO] [stderr]  Documenting hgl v0.0.1 (/opt/rustwide/workdir)
[INFO] [stdout] warning: unknown lint: `unused_attribute`
[INFO] [stdout]  --> src/lib.rs:6:10
[INFO] [stdout]   |
[INFO] [stdout] 6 | #![allow(unused_attribute)]
[INFO] [stdout]   |          ^^^^^^^^^^^^^^^^ help: did you mean: `unused_attributes`
[INFO] [stdout]   |
[INFO] [stdout] note: the lint level is defined here
[INFO] [stdout]  --> src/lib.rs:5:9
[INFO] [stdout]   |
[INFO] [stdout] 5 | #![deny(warnings)]
[INFO] [stdout]   |         ^^^^^^^^
[INFO] [stdout]   = note: `#[warn(unknown_lints)]` implied by `#[warn(warnings)]`
[INFO] [stdout] 
[INFO] [stdout] 
[INFO] [stdout] error[E0432]: unresolved imports `program::VertexShader`, `program::FragmentShader`
[INFO] [stdout]   --> src/lib.rs:26:19
[INFO] [stdout]    |
[INFO] [stdout] 26 | pub use program::{VertexShader, FragmentShader, Shader, Program};
[INFO] [stdout]    |                   ^^^^^^^^^^^^  ^^^^^^^^^^^^^^ no `FragmentShader` in `program`
[INFO] [stdout]    |                   |
[INFO] [stdout]    |                   no `VertexShader` in `program`
[INFO] [stdout] 
[INFO] [stdout] 
[INFO] [stdout] error[E0432]: unresolved import `buffer::StaticDraw`
[INFO] [stdout]   --> src/lib.rs:27:28
[INFO] [stdout]    |
[INFO] [stdout] 27 | pub use buffer::{Vbo, Ebo, StaticDraw};
[INFO] [stdout]    |                            ^^^^^^^^^^ no `StaticDraw` in `buffer`
[INFO] [stdout] 
[INFO] [stdout] 
[INFO] [stdout] error[E0432]: unresolved imports `std::io::File`, `std::io::IoResult`
[INFO] [stdout]  --> src/program.rs:4:15
[INFO] [stdout]   |
[INFO] [stdout] 4 | use std::io::{File, IoResult};
[INFO] [stdout]   |               ^^^^  ^^^^^^^^
[INFO] [stdout]   |               |     |
[INFO] [stdout]   |               |     no `IoResult` in `io`
[INFO] [stdout]   |               |     help: a similar name exists in the module: `Result`
[INFO] [stdout]   |               no `File` in `io`
[INFO] [stdout] 
[INFO] [stdout] 
[INFO] [stdout] error: cannot find attribute `license` in this scope
[INFO] [stdout]  --> src/lib.rs:8:4
[INFO] [stdout]   |
[INFO] [stdout] 8 | #![license = "ASL2/MIT"]
[INFO] [stdout]   |    ^^^^^^^
[INFO] [stdout] 
[INFO] [stdout] 
[INFO] [stdout] error: cannot find attribute `comment` in this scope
[INFO] [stdout]  --> src/lib.rs:9:4
[INFO] [stdout]   |
[INFO] [stdout] 9 | #![comment = "Helper utilities for working with OpenGL"]
[INFO] [stdout]   |    ^^^^^^^
[INFO] [stdout] 
[INFO] [stdout] 
[INFO] [stdout] error: cannot find macro `fail` in this scope
[INFO] [stdout]   --> src/program.rs:62:17
[INFO] [stdout]    |
[INFO] [stdout] 62 |                 fail!("name is not a shader!");
[INFO] [stdout]    |                 ^^^^
[INFO] [stdout] 
[INFO] [stdout] 
[INFO] [stdout] error[E0412]: cannot find type `uint` in this scope
[INFO] [stdout]   --> src/vao.rs:37:62
[INFO] [stdout]    |
[INFO] [stdout] 37 |                          elts: GLint, stride: GLint, offset: uint) {
[INFO] [stdout]    |                                                              ^^^^ not found in this scope
[INFO] [stdout] 
[INFO] [stdout] 
[INFO] [stdout] error[E0412]: cannot find type `uint` in this scope
[INFO] [stdout]   --> src/vao.rs:51:62
[INFO] [stdout]    |
[INFO] [stdout] 51 |                          elts: GLint, stride: GLint, offset: uint) {
[INFO] [stdout]    |                                                              ^^^^ not found in this scope
[INFO] [stdout] 
[INFO] [stdout] 
[INFO] [stdout] error[E0412]: cannot find type `uint` in this scope
[INFO] [stdout]   --> src/vao.rs:65:62
[INFO] [stdout]    |
[INFO] [stdout] 65 |                          elts: GLint, stride: GLint, offset: uint) {
[INFO] [stdout]    |                                                              ^^^^ not found in this scope
[INFO] [stdout] 
[INFO] [stdout] 
[INFO] [stdout] error: Compilation failed, aborting rustdoc
[INFO] [stdout] 
[INFO] [stdout] 
[INFO] [stdout] error: aborting due to 10 previous errors; 1 warning emitted
[INFO] [stdout] 
[INFO] [stdout] 
[INFO] [stdout] Some errors have detailed explanations: E0412, E0432.
[INFO] [stdout] 
[INFO] [stdout] For more information about an error, try `rustc --explain E0412`.
[INFO] [stdout] 
[INFO] [stderr] error: could not document `hgl`
[INFO] [stderr] 
[INFO] [stderr] Caused by:
[INFO] [stderr]   process didn't exit successfully: `rustdoc --crate-type lib --crate-name hgl src/lib.rs -o /opt/rustwide/target/doc --error-format=json --json=diagnostic-rendered-ansi --document-private-items -L dependency=/opt/rustwide/target/debug/deps --extern gl=/opt/rustwide/target/debug/deps/libgl-467a6ca4f8f9ec77.rmeta --extern glfw=/opt/rustwide/target/debug/deps/libglfw-4728e700364ebe16.rmeta --cap-lints=warn --crate-version 0.0.1` (exit status: 1)
[INFO] running `Command { std: "docker" "inspect" "5632865c7cd9f631ac401e2ce0a8d6dd4cd67abd7383909643f1d8b0cda7ffbd", kill_on_drop: false }`
[INFO] running `Command { std: "docker" "rm" "-f" "5632865c7cd9f631ac401e2ce0a8d6dd4cd67abd7383909643f1d8b0cda7ffbd", kill_on_drop: false }`
[INFO] [stdout] 5632865c7cd9f631ac401e2ce0a8d6dd4cd67abd7383909643f1d8b0cda7ffbd
