[INFO] fetching crate graphite 0.2.3...
[INFO] documenting graphite-0.2.3 against beta-2021-08-01 for beta-1.55-rustdoc-1
[INFO] extracting crate graphite 0.2.3 into /workspace/builds/worker-14/source
[INFO] validating manifest of crates.io crate graphite 0.2.3 on toolchain beta-2021-08-01
[INFO] running `Command { std: "/workspace/cargo-home/bin/cargo" "+beta-2021-08-01" "metadata" "--manifest-path" "Cargo.toml" "--no-deps", kill_on_drop: false }`
[INFO] started tweaking crates.io crate graphite 0.2.3
[INFO] finished tweaking crates.io crate graphite 0.2.3
[INFO] tweaked toml for crates.io crate graphite 0.2.3 written to /workspace/builds/worker-14/source/Cargo.toml
[INFO] running `Command { std: "/workspace/cargo-home/bin/cargo" "+beta-2021-08-01" "generate-lockfile" "--manifest-path" "Cargo.toml" "-Zno-index-update", kill_on_drop: false }`
[INFO] running `Command { std: "/workspace/cargo-home/bin/cargo" "+beta-2021-08-01" "fetch" "--manifest-path" "Cargo.toml", kill_on_drop: false }`
[INFO] [stderr] warning: An explicit [[bin]] section is specified in Cargo.toml which currently
[INFO] [stderr] disables Cargo from automatically inferring other binary targets.
[INFO] [stderr] This inference behavior will change in the Rust 2018 edition and the following
[INFO] [stderr] files will be included as a binary target:
[INFO] [stderr] 
[INFO] [stderr] * /workspace/builds/worker-14/source/src/bin/graphite.rs
[INFO] [stderr] * /workspace/builds/worker-14/source/src/bin/whisper.rs
[INFO] [stderr] 
[INFO] [stderr] This is likely to break cargo build or cargo test as these files may not be
[INFO] [stderr] ready to be compiled as a binary target today. You can future-proof yourself
[INFO] [stderr] and disable this warning by adding `autobins = false` to your [package]
[INFO] [stderr] section. You may also move the files to a location where Cargo would not
[INFO] [stderr] automatically infer them to be a target, such as in subfolders.
[INFO] [stderr] 
[INFO] [stderr] For more information on this warning you can consult
[INFO] [stderr] https://github.com/rust-lang/cargo/issues/5330
[INFO] [stderr] warning: profile `doc` is deprecated and has no effect
[INFO] [stderr]  Downloading crates ...
[INFO] [stderr]   Downloaded whisper v0.1.11
[INFO] running `Command { std: "docker" "create" "-v" "/var/lib/crater-agent-workspace/builds/worker-14/target:/opt/rustwide/target:rw,Z" "-v" "/var/lib/crater-agent-workspace/builds/worker-14/source:/opt/rustwide/workdir:ro,Z" "-v" "/var/lib/crater-agent-workspace/cargo-home:/opt/rustwide/cargo-home:ro,Z" "-v" "/var/lib/crater-agent-workspace/rustup-home:/opt/rustwide/rustup-home:ro,Z" "-e" "SOURCE_DIR=/opt/rustwide/workdir" "-e" "CARGO_TARGET_DIR=/opt/rustwide/target" "-e" "CARGO_HOME=/opt/rustwide/cargo-home" "-e" "RUSTUP_HOME=/opt/rustwide/rustup-home" "-w" "/opt/rustwide/workdir" "-m" "1610612736" "--user" "0:0" "--network" "none" "ghcr.io/rust-lang/crates-build-env/linux@sha256:34b6a614d2c27851fe6cbf88fbd1137609cefab8b10d0615aaeb6fd47975d74e" "/opt/rustwide/cargo-home/bin/cargo" "+beta-2021-08-01" "metadata" "--no-deps" "--format-version=1", kill_on_drop: false }`
[INFO] [stdout] 728203c4e529937fec4df598f137653cfcdff81c1bb61830ca326b8ec028b7cd
[INFO] [stderr] WARNING: Your kernel does not support swap limit capabilities or the cgroup is not mounted. Memory limited without swap.
[INFO] running `Command { std: "docker" "start" "-a" "728203c4e529937fec4df598f137653cfcdff81c1bb61830ca326b8ec028b7cd", kill_on_drop: false }`
[INFO] running `Command { std: "docker" "inspect" "728203c4e529937fec4df598f137653cfcdff81c1bb61830ca326b8ec028b7cd", kill_on_drop: false }`
[INFO] running `Command { std: "docker" "rm" "-f" "728203c4e529937fec4df598f137653cfcdff81c1bb61830ca326b8ec028b7cd", kill_on_drop: false }`
[INFO] [stdout] 728203c4e529937fec4df598f137653cfcdff81c1bb61830ca326b8ec028b7cd
[INFO] running `Command { std: "docker" "create" "-v" "/var/lib/crater-agent-workspace/builds/worker-14/target:/opt/rustwide/target:rw,Z" "-v" "/var/lib/crater-agent-workspace/builds/worker-14/source:/opt/rustwide/workdir:ro,Z" "-v" "/var/lib/crater-agent-workspace/cargo-home:/opt/rustwide/cargo-home:ro,Z" "-v" "/var/lib/crater-agent-workspace/rustup-home:/opt/rustwide/rustup-home:ro,Z" "-e" "SOURCE_DIR=/opt/rustwide/workdir" "-e" "CARGO_TARGET_DIR=/opt/rustwide/target" "-e" "CARGO_INCREMENTAL=0" "-e" "RUST_BACKTRACE=full" "-e" "RUSTDOCFLAGS=--cap-lints=warn" "-e" "CARGO_HOME=/opt/rustwide/cargo-home" "-e" "RUSTUP_HOME=/opt/rustwide/rustup-home" "-w" "/opt/rustwide/workdir" "-m" "1610612736" "--user" "0:0" "--network" "none" "ghcr.io/rust-lang/crates-build-env/linux@sha256:34b6a614d2c27851fe6cbf88fbd1137609cefab8b10d0615aaeb6fd47975d74e" "/opt/rustwide/cargo-home/bin/cargo" "+beta-2021-08-01" "doc" "--frozen" "--no-deps" "--document-private-items" "--message-format=json", kill_on_drop: false }`
[INFO] [stdout] ddccc861a9d4d25eb254eb5169c4284a7faed5dc878331973fdce9525f053d45
[INFO] [stderr] WARNING: Your kernel does not support swap limit capabilities or the cgroup is not mounted. Memory limited without swap.
[INFO] running `Command { std: "docker" "start" "-a" "ddccc861a9d4d25eb254eb5169c4284a7faed5dc878331973fdce9525f053d45", kill_on_drop: false }`
[INFO] [stderr] warning: An explicit [[bin]] section is specified in Cargo.toml which currently
[INFO] [stderr] disables Cargo from automatically inferring other binary targets.
[INFO] [stderr] This inference behavior will change in the Rust 2018 edition and the following
[INFO] [stderr] files will be included as a binary target:
[INFO] [stderr] 
[INFO] [stderr] * /opt/rustwide/workdir/src/bin/graphite.rs
[INFO] [stderr] * /opt/rustwide/workdir/src/bin/whisper.rs
[INFO] [stderr] 
[INFO] [stderr] This is likely to break cargo build or cargo test as these files may not be
[INFO] [stderr] ready to be compiled as a binary target today. You can future-proof yourself
[INFO] [stderr] and disable this warning by adding `autobins = false` to your [package]
[INFO] [stderr] section. You may also move the files to a location where Cargo would not
[INFO] [stderr] automatically infer them to be a target, such as in subfolders.
[INFO] [stderr] 
[INFO] [stderr] For more information on this warning you can consult
[INFO] [stderr] https://github.com/rust-lang/cargo/issues/5330
[INFO] [stderr] warning: profile `doc` is deprecated and has no effect
[INFO] [stderr]     Checking winapi v0.2.8
[INFO] [stderr]     Checking regex-syntax v0.3.9
[INFO] [stderr]     Checking utf8-ranges v0.1.3
[INFO] [stderr]     Checking strsim v0.5.2
[INFO] [stderr]     Checking time v0.3.1
[INFO] [stderr]     Checking gcc v0.3.55
[INFO] [stderr]     Checking memchr v0.1.11
[INFO] [stderr]     Checking memmap v0.7.0
[INFO] [stderr]     Checking env_logger v0.9.0
[INFO] [stderr]     Checking kernel32-sys v0.2.2
[INFO] [stderr]     Checking aho-corasick v0.5.3
[INFO] [stderr]     Checking thread-id v2.0.0
[INFO] [stderr]     Checking thread_local v0.2.7
[INFO] [stderr]     Checking regex v0.1.80
[INFO] [stderr]     Checking docopt v0.6.86
[INFO] [stderr]     Checking whisper v0.1.11
[INFO] [stdout] error[E0432]: unresolved import `memmap::Protection`
[INFO] [stdout]  --> /opt/rustwide/cargo-home/registry/src/github.com-1ecc6299db9ec823/whisper-0.1.11/src/whisper/file/mod.rs:1:21
[INFO] [stdout]   |
[INFO] [stdout] 1 | use memmap::{ Mmap, Protection };
[INFO] [stdout]   |                     ^^^^^^^^^^ no `Protection` in the root
[INFO] [stdout] 
[INFO] [stdout] 
[INFO] [stdout] error[E0432]: unresolved import `memmap::MmapViewSync`
[INFO] [stdout]  --> /opt/rustwide/cargo-home/registry/src/github.com-1ecc6299db9ec823/whisper-0.1.11/src/whisper/file/header.rs:3:5
[INFO] [stdout]   |
[INFO] [stdout] 3 | use memmap::MmapViewSync;
[INFO] [stdout]   |     ^^^^^^^^^^^^^^^^^^^^ no `MmapViewSync` in the root
[INFO] [stdout] 
[INFO] [stdout] 
[INFO] [stdout] error[E0433]: failed to resolve: could not find `funcs` in `libc`
[INFO] [stdout]   --> /opt/rustwide/cargo-home/registry/src/github.com-1ecc6299db9ec823/whisper-0.1.11/src/whisper/file/mod.rs:19:17
[INFO] [stdout]    |
[INFO] [stdout] 19 | use self::libc::funcs::posix01::unistd::ftruncate;
[INFO] [stdout]    |                 ^^^^^ could not find `funcs` in `libc`
[INFO] [stdout] 
[INFO] [stdout] 
[INFO] [stdout] error[E0432]: unresolved import `memmap::MmapViewSync`
[INFO] [stdout]  --> /opt/rustwide/cargo-home/registry/src/github.com-1ecc6299db9ec823/whisper-0.1.11/src/whisper/file/archive.rs:4:5
[INFO] [stdout]   |
[INFO] [stdout] 4 | use memmap::MmapViewSync;
[INFO] [stdout]   |     ^^^^^^^^^^^^^^^^^^^^ no `MmapViewSync` in the root
[INFO] [stdout] 
[INFO] [stdout] 
[INFO] [stdout] error[E0432]: unresolved import `std::fs::PathExt`
[INFO] [stdout]  --> /opt/rustwide/cargo-home/registry/src/github.com-1ecc6299db9ec823/whisper-0.1.11/src/whisper/cache/mod.rs:6:16
[INFO] [stdout]   |
[INFO] [stdout] 6 | use std::fs::{ PathExt, DirBuilder };
[INFO] [stdout]   |                ^^^^^^^ no `PathExt` in `fs`
[INFO] [stdout] 
[INFO] [stdout] 
[INFO] [stdout] error[E0425]: cannot find function `ftruncate` in this scope
[INFO] [stdout]   --> /opt/rustwide/cargo-home/registry/src/github.com-1ecc6299db9ec823/whisper-0.1.11/src/whisper/file/mod.rs:86:5
[INFO] [stdout]    |
[INFO] [stdout] 86 |                 ftruncate(raw_fd, size_needed as i64)
[INFO] [stdout]    |                 ^^^^^^^^^ not found in this scope
[INFO] [stdout]    |
[INFO] [stdout] help: consider importing this function
[INFO] [stdout]    |
[INFO] [stdout] 1  | use libc::ftruncate;
[INFO] [stdout]    |
[INFO] [stdout] 
[INFO] [stdout] 
[INFO] [stdout] error[E0554]: `#![feature]` may not be used on the beta release channel
[INFO] [stdout]  --> /opt/rustwide/cargo-home/registry/src/github.com-1ecc6299db9ec823/whisper-0.1.11/src/lib.rs:1:1
[INFO] [stdout]   |
[INFO] [stdout] 1 | #![feature(test, path_ext, dir_builder)]
[INFO] [stdout]   | ^^^^^^^^^^^^^^^^^^^^^^^^^^^^^^^^^^^^^^^^
[INFO] [stdout] 
[INFO] [stdout] 
[INFO] [stdout] error[E0599]: no function or associated item named `open` found for struct `Mmap` in the current scope
[INFO] [stdout]    --> /opt/rustwide/cargo-home/registry/src/github.com-1ecc6299db9ec823/whisper-0.1.11/src/whisper/file/mod.rs:111:20
[INFO] [stdout]     |
[INFO] [stdout] 111 |         let mmap = Mmap::open(&opened_file, Protection::ReadWrite ).unwrap();
[INFO] [stdout]     |                          ^^^^ function or associated item not found in `Mmap`
[INFO] [stdout] 
[INFO] [stdout] 
[INFO] [stdout] error[E0599]: no function or associated item named `open_path` found for struct `Mmap` in the current scope
[INFO] [stdout]    --> /opt/rustwide/cargo-home/registry/src/github.com-1ecc6299db9ec823/whisper-0.1.11/src/whisper/file/mod.rs:119:20
[INFO] [stdout]     |
[INFO] [stdout] 119 |         let mmap = Mmap::open_path(path, Protection::ReadWrite).unwrap();
[INFO] [stdout]     |                          ^^^^^^^^^ function or associated item not found in `Mmap`
[INFO] [stdout] 
[INFO] [stdout] 
[INFO] [stdout] error[E0599]: no method named `into_view_sync` found for struct `Mmap` in the current scope
[INFO] [stdout]    --> /opt/rustwide/cargo-home/registry/src/github.com-1ecc6299db9ec823/whisper-0.1.11/src/whisper/file/mod.rs:125:24
[INFO] [stdout]     |
[INFO] [stdout] 125 |         let mmap_view = mmap.into_view_sync();
[INFO] [stdout]     |                              ^^^^^^^^^^^^^^ method not found in `Mmap`
[INFO] [stdout] 
[INFO] [stdout] 
[INFO] [stdout] error[E0599]: no method named `at` found for struct `regex::Captures` in the current scope
[INFO] [stdout]   --> /opt/rustwide/cargo-home/registry/src/github.com-1ecc6299db9ec823/whisper-0.1.11/src/whisper/schema/retention_policy.rs:63:37
[INFO] [stdout]    |
[INFO] [stdout] 63 |     let precision_opt = regex_match.at(1);
[INFO] [stdout]    |                                     ^^ method not found in `regex::Captures<'_>`
[INFO] [stdout] 
[INFO] [stdout] 
[INFO] [stdout] error[E0599]: no method named `at` found for struct `regex::Captures` in the current scope
[INFO] [stdout]   --> /opt/rustwide/cargo-home/registry/src/github.com-1ecc6299db9ec823/whisper-0.1.11/src/whisper/schema/retention_policy.rs:64:38
[INFO] [stdout]    |
[INFO] [stdout] 64 |     let precision_mult = regex_match.at(2).unwrap_or("s");
[INFO] [stdout]    |                                      ^^ method not found in `regex::Captures<'_>`
[INFO] [stdout] 
[INFO] [stdout] 
[INFO] [stdout] error[E0599]: no method named `at` found for struct `regex::Captures` in the current scope
[INFO] [stdout]   --> /opt/rustwide/cargo-home/registry/src/github.com-1ecc6299db9ec823/whisper-0.1.11/src/whisper/schema/retention_policy.rs:65:37
[INFO] [stdout]    |
[INFO] [stdout] 65 |     let retention_opt = regex_match.at(3);
[INFO] [stdout]    |                                     ^^ method not found in `regex::Captures<'_>`
[INFO] [stdout] 
[INFO] [stdout] 
[INFO] [stdout] error[E0599]: no method named `at` found for struct `regex::Captures` in the current scope
[INFO] [stdout]   --> /opt/rustwide/cargo-home/registry/src/github.com-1ecc6299db9ec823/whisper-0.1.11/src/whisper/schema/retention_policy.rs:66:38
[INFO] [stdout]    |
[INFO] [stdout] 66 |     let retention_mult = regex_match.at(4);
[INFO] [stdout]    |                                      ^^ method not found in `regex::Captures<'_>`
[INFO] [stdout] 
[INFO] [stdout] 
[INFO] [stdout] error: aborting due to 14 previous errors
[INFO] [stdout] 
[INFO] [stdout] 
[INFO] [stdout] Some errors have detailed explanations: E0425, E0432, E0433, E0554, E0599.
[INFO] [stdout] 
[INFO] [stdout] For more information about an error, try `rustc --explain E0425`.
[INFO] [stdout] 
[INFO] [stderr] error: could not compile `whisper` due to 15 previous errors
[INFO] running `Command { std: "docker" "inspect" "ddccc861a9d4d25eb254eb5169c4284a7faed5dc878331973fdce9525f053d45", kill_on_drop: false }`
[INFO] running `Command { std: "docker" "rm" "-f" "ddccc861a9d4d25eb254eb5169c4284a7faed5dc878331973fdce9525f053d45", kill_on_drop: false }`
[INFO] [stdout] ddccc861a9d4d25eb254eb5169c4284a7faed5dc878331973fdce9525f053d45
