[INFO] fetching crate gled 1.2.0...
[INFO] documenting gled-1.2.0 against 1.54.0 for beta-1.55-rustdoc-1
[INFO] extracting crate gled 1.2.0 into /workspace/builds/worker-115/source
[INFO] validating manifest of crates.io crate gled 1.2.0 on toolchain 1.54.0
[INFO] running `Command { std: "/workspace/cargo-home/bin/cargo" "+1.54.0" "metadata" "--manifest-path" "Cargo.toml" "--no-deps", kill_on_drop: false }`
[INFO] started tweaking crates.io crate gled 1.2.0
[INFO] finished tweaking crates.io crate gled 1.2.0
[INFO] tweaked toml for crates.io crate gled 1.2.0 written to /workspace/builds/worker-115/source/Cargo.toml
[INFO] crate crates.io crate gled 1.2.0 already has a lockfile, it will not be regenerated
[INFO] running `Command { std: "/workspace/cargo-home/bin/cargo" "+1.54.0" "fetch" "--manifest-path" "Cargo.toml", kill_on_drop: false }`
[INFO] [stderr]     Blocking waiting for file lock on package cache
[INFO] [stderr]     Blocking waiting for file lock on package cache
[INFO] running `Command { std: "docker" "create" "-v" "/var/lib/crater-agent-workspace/builds/worker-115/target:/opt/rustwide/target:rw,Z" "-v" "/var/lib/crater-agent-workspace/builds/worker-115/source:/opt/rustwide/workdir:ro,Z" "-v" "/var/lib/crater-agent-workspace/cargo-home:/opt/rustwide/cargo-home:ro,Z" "-v" "/var/lib/crater-agent-workspace/rustup-home:/opt/rustwide/rustup-home:ro,Z" "-e" "SOURCE_DIR=/opt/rustwide/workdir" "-e" "CARGO_TARGET_DIR=/opt/rustwide/target" "-e" "CARGO_HOME=/opt/rustwide/cargo-home" "-e" "RUSTUP_HOME=/opt/rustwide/rustup-home" "-w" "/opt/rustwide/workdir" "-m" "1610612736" "--user" "0:0" "--network" "none" "ghcr.io/rust-lang/crates-build-env/linux@sha256:34b6a614d2c27851fe6cbf88fbd1137609cefab8b10d0615aaeb6fd47975d74e" "/opt/rustwide/cargo-home/bin/cargo" "+1.54.0" "metadata" "--no-deps" "--format-version=1", kill_on_drop: false }`
[INFO] [stdout] d122142c1d788525946e7de23983739f226650a16b470b36b19df4ef4fa2f386
[INFO] running `Command { std: "docker" "start" "-a" "d122142c1d788525946e7de23983739f226650a16b470b36b19df4ef4fa2f386", kill_on_drop: false }`
[INFO] running `Command { std: "docker" "inspect" "d122142c1d788525946e7de23983739f226650a16b470b36b19df4ef4fa2f386", kill_on_drop: false }`
[INFO] running `Command { std: "docker" "rm" "-f" "d122142c1d788525946e7de23983739f226650a16b470b36b19df4ef4fa2f386", kill_on_drop: false }`
[INFO] [stdout] d122142c1d788525946e7de23983739f226650a16b470b36b19df4ef4fa2f386
[INFO] running `Command { std: "docker" "create" "-v" "/var/lib/crater-agent-workspace/builds/worker-115/target:/opt/rustwide/target:rw,Z" "-v" "/var/lib/crater-agent-workspace/builds/worker-115/source:/opt/rustwide/workdir:ro,Z" "-v" "/var/lib/crater-agent-workspace/cargo-home:/opt/rustwide/cargo-home:ro,Z" "-v" "/var/lib/crater-agent-workspace/rustup-home:/opt/rustwide/rustup-home:ro,Z" "-e" "SOURCE_DIR=/opt/rustwide/workdir" "-e" "CARGO_TARGET_DIR=/opt/rustwide/target" "-e" "CARGO_INCREMENTAL=0" "-e" "RUST_BACKTRACE=full" "-e" "RUSTDOCFLAGS=--cap-lints=warn" "-e" "CARGO_HOME=/opt/rustwide/cargo-home" "-e" "RUSTUP_HOME=/opt/rustwide/rustup-home" "-w" "/opt/rustwide/workdir" "-m" "1610612736" "--user" "0:0" "--network" "none" "ghcr.io/rust-lang/crates-build-env/linux@sha256:34b6a614d2c27851fe6cbf88fbd1137609cefab8b10d0615aaeb6fd47975d74e" "/opt/rustwide/cargo-home/bin/cargo" "+1.54.0" "doc" "--frozen" "--no-deps" "--document-private-items" "--message-format=json", kill_on_drop: false }`
[INFO] [stdout] f3cf4e426f8a47b7124c96c76e55fb635cbef6c35270d12484c82359ea3a00d0
[INFO] running `Command { std: "docker" "start" "-a" "f3cf4e426f8a47b7124c96c76e55fb635cbef6c35270d12484c82359ea3a00d0", kill_on_drop: false }`
[INFO] [stderr]     Blocking waiting for file lock on package cache
[INFO] [stderr]    Compiling syn v1.0.33
[INFO] [stderr]    Compiling serde v1.0.114
[INFO] [stderr]    Compiling unicode-segmentation v1.6.0
[INFO] [stderr]    Compiling strum v0.18.0
[INFO] [stderr]    Compiling version-compare v0.0.10
[INFO] [stderr]    Compiling version_check v0.9.1
[INFO] [stderr]    Compiling pin-project-internal v0.4.22
[INFO] [stderr]    Compiling proc-macro-nested v0.1.3
[INFO] [stderr]    Compiling memchr v2.3.3
[INFO] [stderr]     Checking once_cell v1.4.0
[INFO] [stderr]     Checking futures-sink v0.3.5
[INFO] [stderr]    Compiling anyhow v1.0.31
[INFO] [stderr]     Checking futures-io v0.3.5
[INFO] [stderr]    Compiling either v1.5.3
[INFO] [stderr]    Compiling byteorder v1.3.2
[INFO] [stderr]    Compiling log v0.4.8
[INFO] [stderr]     Checking adler32 v1.0.4
[INFO] [stderr]    Compiling crc32fast v1.2.0
[INFO] [stderr]     Checking ppv-lite86 v0.2.6
[INFO] [stderr]     Checking float-cmp v0.5.3
[INFO] [stderr]     Checking siphasher v0.2.3
[INFO] [stderr]    Compiling cairo-rs v0.9.1
[INFO] [stderr]    Compiling gio v0.9.0
[INFO] [stderr]    Compiling ryu v1.0.2
[INFO] [stderr]    Compiling gdk-pixbuf v0.9.0
[INFO] [stderr]     Checking arrayvec v0.5.1
[INFO] [stderr]    Compiling pango v0.9.0
[INFO] [stderr]     Checking ttf-parser v0.6.2
[INFO] [stderr]     Checking xmlwriter v0.1.0
[INFO] [stderr]     Checking xmlparser v0.13.2
[INFO] [stderr]     Checking rctree v0.3.3
[INFO] [stderr]    Compiling atk v0.9.0
[INFO] [stderr]     Checking unicode-vo v0.1.0
[INFO] [stderr]    Compiling serde_json v1.0.56
[INFO] [stderr]     Checking base64 v0.12.3
[INFO] [stderr]     Checking xmlparser v0.9.0
[INFO] [stderr]     Checking pico-args v0.3.3
[INFO] [stderr]    Compiling gdk v0.13.0
[INFO] [stderr]    Compiling serde_derive v1.0.114
[INFO] [stderr]     Checking unicode-script v0.5.0
[INFO] [stderr]     Checking rgb v0.8.16
[INFO] [stderr]     Checking itoa v0.4.4
[INFO] [stderr]     Checking vec_map v0.8.1
[INFO] [stderr]     Checking lab v0.7.2
[INFO] [stderr]     Checking floating-duration v0.1.2
[INFO] [stderr]     Checking elapsed v0.1.2
[INFO] [stderr]    Compiling crossbeam-utils v0.7.0
[INFO] [stderr]    Compiling num-traits v0.2.11
[INFO] [stderr]    Compiling num-integer v0.1.42
[INFO] [stderr]     Checking data-url v0.1.0
[INFO] [stderr]    Compiling gtk v0.9.0
[INFO] [stderr]    Compiling quote v1.0.2
[INFO] [stderr]     Checking memmap2 v0.1.0
[INFO] [stderr]     Checking dirs-sys v0.3.5
[INFO] [stderr]    Compiling cc v1.0.50
[INFO] [stderr]     Checking colored v1.9.2
[INFO] [stderr]     Checking futures-channel v0.3.5
[INFO] [stderr]     Checking miniz_oxide v0.3.5
[INFO] [stderr]    Compiling heck v0.3.1
[INFO] [stderr]     Checking roxmltree v0.6.1
[INFO] [stderr]     Checking delta_e v0.2.1
[INFO] [stderr]    Compiling itertools v0.9.0
[INFO] [stderr]     Checking futures-task v0.3.5
[INFO] [stderr]     Checking clap v2.33.0
[INFO] [stderr]     Checking svgfilters v0.2.0
[INFO] [stderr]     Checking svgtypes v0.5.0
[INFO] [stderr]     Checking dirs v3.0.1
[INFO] [stderr]     Checking roxmltree v0.13.0
[INFO] [stderr]     Checking kurbo v0.6.2
[INFO] [stderr]     Checking c2-chacha v0.2.3
[INFO] [stderr]     Checking simplecss v0.2.0
[INFO] [stderr]     Checking fern v0.6.0
[INFO] [stderr]    Compiling proc-macro-error-attr v1.0.2
[INFO] [stderr]    Compiling proc-macro-error v1.0.2
[INFO] [stderr]     Checking deflate v0.8.5
[INFO] [stderr]     Checking jpeg-decoder v0.1.18
[INFO] [stderr]     Checking artnet_protocol v0.2.0
[INFO] [stderr]     Checking rand_chacha v0.2.1
[INFO] [stderr]     Checking flate2 v1.0.13
[INFO] [stderr]     Checking svgdom v0.18.0
[INFO] [stderr]     Checking rand v0.7.3
[INFO] [stderr]     Checking png v0.16.6
[INFO] [stderr]     Checking crossbeam-channel v0.4.2
[INFO] [stderr]    Compiling rustybuzz v0.1.1
[INFO] [stderr]    Compiling tiny-skia v0.1.0
[INFO] [stderr]     Checking uuid v0.8.1
[INFO] [stderr]     Checking chrono v0.4.13
[INFO] [stderr]     Checking fontdb v0.1.0
[INFO] [stderr] error: could not compile `syn`
[INFO] [stderr] 
[INFO] [stderr] Caused by:
[INFO] [stderr]   process didn't exit successfully: `rustc --crate-name syn --edition=2018 /opt/rustwide/cargo-home/registry/src/github.com-1ecc6299db9ec823/syn-1.0.33/src/lib.rs --error-format=json --json=diagnostic-rendered-ansi,artifacts --crate-type lib --emit=dep-info,metadata,link -C embed-bitcode=no -C debuginfo=2 --cfg 'feature="clone-impls"' --cfg 'feature="default"' --cfg 'feature="derive"' --cfg 'feature="extra-traits"' --cfg 'feature="full"' --cfg 'feature="parsing"' --cfg 'feature="printing"' --cfg 'feature="proc-macro"' --cfg 'feature="quote"' --cfg 'feature="visit"' --cfg 'feature="visit-mut"' -C metadata=23585151a119a42a -C extra-filename=-23585151a119a42a --out-dir /opt/rustwide/target/debug/deps -L dependency=/opt/rustwide/target/debug/deps --extern proc_macro2=/opt/rustwide/target/debug/deps/libproc_macro2-c61e99f7da88f9ee.rmeta --extern quote=/opt/rustwide/target/debug/deps/libquote-4b7d92b049d6a264.rmeta --extern unicode_xid=/opt/rustwide/target/debug/deps/libunicode_xid-0ab589a11845f108.rmeta --cap-lints allow --cfg syn_disable_nightly_tests` (signal: 9, SIGKILL: kill)
[INFO] [stderr] warning: build failed, waiting for other jobs to finish...
[INFO] [stderr] The following warnings were emitted during compilation:
[INFO] [stderr] 
[INFO] [stderr] warning: c++: fatal error: Killed signal terminated program cc1plus
[INFO] [stderr] warning: compilation terminated.
[INFO] [stderr] warning: c++: fatal error: Killed signal terminated program cc1plus
[INFO] [stderr] warning: compilation terminated.
[INFO] [stderr] warning: c++: fatal error: Killed signal terminated program cc1plus
[INFO] [stderr] warning: c++: fatal error: Killed signal terminated program cc1plus
[INFO] [stderr] warning: compilation terminated.
[INFO] [stderr] warning: c++: fatal error: Killed signal terminated program cc1plus
[INFO] [stderr] warning: compilation terminated.
[INFO] [stderr] warning: compilation terminated.
[INFO] [stderr] warning: c++: fatal error: Killed signal terminated program cc1plus
[INFO] [stderr] warning: compilation terminated.
[INFO] [stderr] warning: c++: fatal error: Killed signal terminated program cc1plus
[INFO] [stderr] warning: compilation terminated.
[INFO] [stderr] warning: c++: fatal error: Killed signal terminated program cc1plus
[INFO] [stderr] warning: compilation terminated.
[INFO] [stderr] warning: c++: fatal error: Killed signal terminated program cc1plus
[INFO] [stderr] warning: compilation terminated.
[INFO] [stderr] warning: c++: fatal error: Killed signal terminated program cc1plus
[INFO] [stderr] warning: compilation terminated.
[INFO] [stderr] 
[INFO] [stderr] error: build failed
[INFO] running `Command { std: "docker" "inspect" "f3cf4e426f8a47b7124c96c76e55fb635cbef6c35270d12484c82359ea3a00d0", kill_on_drop: false }`
[INFO] running `Command { std: "docker" "rm" "-f" "f3cf4e426f8a47b7124c96c76e55fb635cbef6c35270d12484c82359ea3a00d0", kill_on_drop: false }`
[INFO] [stdout] f3cf4e426f8a47b7124c96c76e55fb635cbef6c35270d12484c82359ea3a00d0
